{"id":51200,"date":"2023-12-12T12:37:56","date_gmt":"2023-12-12T11:37:56","guid":{"rendered":"https:\/\/pet-shopping.de\/shop\/produkt\/trixie-flash-leuchtring-usb-gruen-l-xl\/"},"modified":"2023-12-12T12:37:57","modified_gmt":"2023-12-12T11:37:57","slug":"trixie-flash-leuchtring-usb-gruen-l-xl","status":"publish","type":"product","link":"https:\/\/all-pets.de\/shop\/produkt\/trixie-flash-leuchtring-usb-gruen-l-xl\/","title":{"rendered":"Trixie Flash Leuchtring USB Gr\u00fcn &#8211; L-XL"},"content":{"rendered":"<p>Der spritzwassergesch\u00fctzte Flash Leuchtring aus TPU\/Nylon macht Ihren Hund bis auf eine Entfernung von ca. 500 m f\u00fcr alle sichtbar.<\/p>\n<p>Die Besonderheit an diesem Leuchtring ist, dass er keine Batterien ben\u00f6tigt, die st\u00e4ndig ausgewechselt werden m\u00fcssen und zudem meist nicht sehr preisg\u00fcnstig sind. Der Flash Leuchtring USB besitzt einen Akku, der ganz einfach \u00fcber das mitgelieferte USB-Kabel aufgeladen werden kann (z.B. am Computer). Der Leuchtschlauch ist spritzwassergesch\u00fctzt und kann auf Blink- oder Dauerlicht eingestellt werden. Eine Akkuladung reicht f\u00fcr ca. 5 Stunden Dauerlicht oder 8 Stunden Blinklicht.<\/p>\n<p>Eine individuelle Gr\u00f6\u00dfenanpassung ist durch einfaches Zuschneiden m\u00f6glich.<\/p>\n<p>Inklusive Ladekabel und Schraubenzieher.<\/p>\n<p>Gr\u00f6\u00dfe: L-XL<br \/> L\u00e4nge: ca. 65 cm<br \/> Durchmesser: ca. 7 mm<br \/> Farbe: Gr\u00fcn<\/p>\n","protected":false},"excerpt":{"rendered":"<p>Der spritzwassergesch\u00fctzte Flash Leuchtring aus TPU\/Nylon macht Ihren Hund bis auf eine Entfernung von ca. 500 m f\u00fcr alle sichtbar. Die Besonderheit an diesem Leuchtring ist, dass er keine Batterien ben\u00f6tigt, die st\u00e4ndig ausgewechselt werden m\u00fcssen und zudem meist nicht sehr preisg\u00fcnstig sind. Der Flash Leuchtring USB besitzt einen Akku, der ganz einfach \u00fcber das [&hellip;]<\/p>\n","protected":false},"featured_media":17288,"comment_status":"closed","ping_status":"open","template":"","meta":[],"product_cat":[15492],"product_tag":[],"class_list":{"0":"post-51200","1":"product","2":"type-product","3":"status-publish","4":"has-post-thumbnail","6":"product_cat-weitere-halsbaender-halsbaender-halsbaender-leinen-halsbaender-leinenhundewelt-reflektierendhundewelt-halsbaender-leinen-sicherheithundewelt","8":"first","9":"instock","10":"taxable","11":"shipping-taxable","12":"purchasable","13":"product-type-simple"},"_links":{"self":[{"href":"https:\/\/all-pets.de\/shop\/wp-json\/wp\/v2\/product\/51200","targetHints":{"allow":["GET"]}}],"collection":[{"href":"https:\/\/all-pets.de\/shop\/wp-json\/wp\/v2\/product"}],"about":[{"href":"https:\/\/all-pets.de\/shop\/wp-json\/wp\/v2\/types\/product"}],"replies":[{"embeddable":true,"href":"https:\/\/all-pets.de\/shop\/wp-json\/wp\/v2\/comments?post=51200"}],"wp:featuredmedia":[{"embeddable":true,"href":"https:\/\/all-pets.de\/shop\/wp-json\/wp\/v2\/media\/17288"}],"wp:attachment":[{"href":"https:\/\/all-pets.de\/shop\/wp-json\/wp\/v2\/media?parent=51200"}],"wp:term":[{"taxonomy":"product_cat","embeddable":true,"href":"https:\/\/all-pets.de\/shop\/wp-json\/wp\/v2\/product_cat?post=51200"},{"taxonomy":"product_tag","embeddable":true,"href":"https:\/\/all-pets.de\/shop\/wp-json\/wp\/v2\/product_tag?post=51200"}],"curies":[{"name":"wp","href":"https:\/\/api.w.org\/{rel}","templated":true}]}}