{"id":51211,"date":"2023-12-12T12:37:59","date_gmt":"2023-12-12T11:37:59","guid":{"rendered":"https:\/\/pet-shopping.de\/shop\/produkt\/bomber-bomb-mit-led-by-zeus-orange\/"},"modified":"2023-12-12T12:37:59","modified_gmt":"2023-12-12T11:37:59","slug":"bomber-bomb-mit-led-by-zeus-orange","status":"publish","type":"product","link":"https:\/\/all-pets.de\/shop\/produkt\/bomber-bomb-mit-led-by-zeus-orange\/","title":{"rendered":"Bomber Bomb mit LED by Zeus &#8211; Orange"},"content":{"rendered":"<p>Die neuen Bomber Bombs by Zeus bestehen nicht nur aus \u00e4u\u00dferst halbarem transparentem TPR-Material und einem stabilen Seil f\u00fcr tolle Zug- und Zerrspiele, sie haben im Inneren zus\u00e4tzlich eine LED-Lampe, die bei Bewegung aktiviert wird und Spielspa\u00df bis in die D\u00e4mmerung erlaubt.<\/p>\n<p>Durchmesser: ca. 17 cm<br \/> Farbe: Orange<\/p>\n","protected":false},"excerpt":{"rendered":"<p>Die neuen Bomber Bombs by Zeus bestehen nicht nur aus \u00e4u\u00dferst halbarem transparentem TPR-Material und einem stabilen Seil f\u00fcr tolle Zug- und Zerrspiele, sie haben im Inneren zus\u00e4tzlich eine LED-Lampe, die bei Bewegung aktiviert wird und Spielspa\u00df bis in die D\u00e4mmerung erlaubt. Durchmesser: ca. 17 cm Farbe: Orange<\/p>\n","protected":false},"featured_media":17320,"comment_status":"closed","ping_status":"open","template":"","meta":[],"product_cat":[15495],"product_tag":[],"class_list":{"0":"post-51211","1":"product","2":"type-product","3":"status-publish","4":"has-post-thumbnail","6":"product_cat-hundewurfspielzeug-hundespielzeug-sport-leuchtspielzeughundewelt-hundespielzeug-sport-hundebaellehundewelt","8":"first","9":"instock","10":"taxable","11":"shipping-taxable","12":"purchasable","13":"product-type-simple"},"_links":{"self":[{"href":"https:\/\/all-pets.de\/shop\/wp-json\/wp\/v2\/product\/51211","targetHints":{"allow":["GET"]}}],"collection":[{"href":"https:\/\/all-pets.de\/shop\/wp-json\/wp\/v2\/product"}],"about":[{"href":"https:\/\/all-pets.de\/shop\/wp-json\/wp\/v2\/types\/product"}],"replies":[{"embeddable":true,"href":"https:\/\/all-pets.de\/shop\/wp-json\/wp\/v2\/comments?post=51211"}],"wp:featuredmedia":[{"embeddable":true,"href":"https:\/\/all-pets.de\/shop\/wp-json\/wp\/v2\/media\/17320"}],"wp:attachment":[{"href":"https:\/\/all-pets.de\/shop\/wp-json\/wp\/v2\/media?parent=51211"}],"wp:term":[{"taxonomy":"product_cat","embeddable":true,"href":"https:\/\/all-pets.de\/shop\/wp-json\/wp\/v2\/product_cat?post=51211"},{"taxonomy":"product_tag","embeddable":true,"href":"https:\/\/all-pets.de\/shop\/wp-json\/wp\/v2\/product_tag?post=51211"}],"curies":[{"name":"wp","href":"https:\/\/api.w.org\/{rel}","templated":true}]}}