{"id":51235,"date":"2023-12-12T12:38:05","date_gmt":"2023-12-12T11:38:05","guid":{"rendered":"https:\/\/pet-shopping.de\/shop\/produkt\/versele-laga-nature-ratte-700-g\/"},"modified":"2023-12-12T12:38:05","modified_gmt":"2023-12-12T11:38:05","slug":"versele-laga-nature-ratte-700-g","status":"publish","type":"product","link":"https:\/\/all-pets.de\/shop\/produkt\/versele-laga-nature-ratte-700-g\/","title":{"rendered":"Versele-Laga Nature Ratte &#8211; 700 g"},"content":{"rendered":"<p><strong><span>Abwechslungsreiche, getreidereiche Mischung f\u00fcr Ratten<br \/> <\/span><\/strong><\/p>\n<ul>\n<li>Mit Mehlw\u00fcrmern als tierische Proteine f\u00fcr eine ausgewogene Ern\u00e4hrung<\/li>\n<li>Mit einer zus\u00e4tzlichen Dosis Vit. E zur St\u00e4rkung der Abwehrkr\u00e4fte<\/li>\n<li>Proteinreiche Zusammensetzung f\u00fcr ein aktives Tier voller Energie<\/li>\n<\/ul>\n<div>\n<div><strong>Anwendung<\/strong><br \/> T\u00e4glich das Futter und Trinkwasser erneuern. Je nach Gr\u00f6\u00dfe und Rasse ist f\u00fcr eine Ratte eine durchschnittliche t\u00e4gliche Futterration von 15 bis 20 g angemessen. Kombinieren Sie mit Nature Snacks zur Abwechslung f\u00fcr das Tier. <\/p>\n<div id=\"corporatebody_1_CompositionTitleDiv\" class=\"tabTitle\"><strong>Zusammensetzung <\/strong><\/div>\n<p>Getreide (Gerste 8%), pflanzliche Nebenerzeugnisse, Gem\u00fcse (Erbsen 8%, Tomaten 2%), Saaten, pflanzliche Eiwei\u00dfextrakte, Fr\u00fcchte (Papaya 2%, Rosinen 1,5%), Insekten (Mehlw\u00fcrmer 4%), N\u00fcsse, Mineralstoffe, Hefen, \u00d6le und Fette, Kr\u00e4uter, FOS, MOS, Calendula, Traubenkern, Algen, Yucca <\/p>\n<div id=\"corporatebody_1_ComponentAnalysisTitleDiv\" class=\"tabTitle\"> <strong>Analytische Bestandteile<\/strong><\/div>\n<p>Protein 17,5%, Fettgehalt 8,5%, Rohfaser 8,0%, Rohashe 5,0%, Calcium 0,7%, Phosphor 0,4% <\/p>\n<div id=\"corporatebody_1_ToevoegingsMiddelenTitleDiv\" class=\"tabTitle\"> <strong>Zusatzstoffe\/kg:<\/strong><\/p>\n<\/div>\n<div id=\"corporatebody_1_NutritionalInformationTitleDiv\" class=\"tabSubtitle\"><strong>Ern\u00e4hrungsphysiologische Zusatzstoffe<\/strong><\/div>\n<p>Vitamin A 11750 IE, Vitamin D3 1450 IE, Vitamin E 90 mg, 3b103 (Eisen) 112 mg, 3b202 (Jod) 2 mg, E4 (Kupfer) 11 mg, 3b502 (Mangan) 86 mg, 3b603 (Zink) 80 mg, E8 (Selen) 0,23 mg, 3b815 (Selen) 0,08 mg<\/p>\n<div id=\"corporatebody_1_TechnologicalTitleDiv\" class=\"tabSubtitle\"><strong>Technologische Zusatzstoffe<\/strong><\/div>\n<p>Antioxidantien<\/p><\/div>\n<\/div>\n","protected":false},"excerpt":{"rendered":"<p>Abwechslungsreiche, getreidereiche Mischung f\u00fcr Ratten Mit Mehlw\u00fcrmern als tierische Proteine f\u00fcr eine ausgewogene Ern\u00e4hrung Mit einer zus\u00e4tzlichen Dosis Vit. E zur St\u00e4rkung der Abwehrkr\u00e4fte Proteinreiche Zusammensetzung f\u00fcr ein aktives Tier voller Energie Anwendung T\u00e4glich das Futter und Trinkwasser erneuern. Je nach Gr\u00f6\u00dfe und Rasse ist f\u00fcr eine Ratte eine durchschnittliche t\u00e4gliche Futterration von 15 bis [&hellip;]<\/p>\n","protected":false},"featured_media":17541,"comment_status":"closed","ping_status":"open","template":"","meta":[],"product_cat":[15500],"product_tag":[],"class_list":{"0":"post-51235","1":"product","2":"type-product","3":"status-publish","4":"has-post-thumbnail","6":"product_cat-versele-laga-kleintierfutter-snacks-rattekleintierwelt-kleintierfutter-snacks","8":"first","9":"instock","10":"taxable","11":"shipping-taxable","12":"purchasable","13":"product-type-simple"},"_links":{"self":[{"href":"https:\/\/all-pets.de\/shop\/wp-json\/wp\/v2\/product\/51235","targetHints":{"allow":["GET"]}}],"collection":[{"href":"https:\/\/all-pets.de\/shop\/wp-json\/wp\/v2\/product"}],"about":[{"href":"https:\/\/all-pets.de\/shop\/wp-json\/wp\/v2\/types\/product"}],"replies":[{"embeddable":true,"href":"https:\/\/all-pets.de\/shop\/wp-json\/wp\/v2\/comments?post=51235"}],"wp:featuredmedia":[{"embeddable":true,"href":"https:\/\/all-pets.de\/shop\/wp-json\/wp\/v2\/media\/17541"}],"wp:attachment":[{"href":"https:\/\/all-pets.de\/shop\/wp-json\/wp\/v2\/media?parent=51235"}],"wp:term":[{"taxonomy":"product_cat","embeddable":true,"href":"https:\/\/all-pets.de\/shop\/wp-json\/wp\/v2\/product_cat?post=51235"},{"taxonomy":"product_tag","embeddable":true,"href":"https:\/\/all-pets.de\/shop\/wp-json\/wp\/v2\/product_tag?post=51235"}],"curies":[{"name":"wp","href":"https:\/\/api.w.org\/{rel}","templated":true}]}}