{"id":51259,"date":"2023-12-12T12:38:08","date_gmt":"2023-12-12T11:38:08","guid":{"rendered":"https:\/\/pet-shopping.de\/shop\/produkt\/karlie-good4fun-tpr-vanille-knochen-14-cm\/"},"modified":"2023-12-12T12:38:10","modified_gmt":"2023-12-12T11:38:10","slug":"karlie-good4fun-tpr-vanille-knochen-14-cm","status":"publish","type":"product","link":"https:\/\/all-pets.de\/shop\/produkt\/karlie-good4fun-tpr-vanille-knochen-14-cm\/","title":{"rendered":"Karlie good4fun TPR Vanille-Knochen &#8211; 14 cm"},"content":{"rendered":"<p>Das ideale Spielzeug f\u00fcr alle Hunde! Knochen aus zahnfreundlichem Thermo Plastic Rubber Material. Mit leckerem Vanillearoma.<\/p>\n<p>Gr\u00f6\u00dfe: ca. 14 cm<\/p>\n<p>good4fun sind Spielzeuge aus Thermo Plastic Rubber, einem Material, das witterungsbest\u00e4ndig und extrem lange haltbar ist. Dieses weiche Material ist besonders zahnfreundlich und nat\u00fcrlich Non Toxic. Auch f\u00fcr Spiele im und am Wasser super geeignet, da die Spielzeuge schwimmf\u00e4hig sind. Geeignet f\u00fcr alle Altersgruppen, vom Puppy bis zum Senior.<\/p>\n","protected":false},"excerpt":{"rendered":"<p>Das ideale Spielzeug f\u00fcr alle Hunde! Knochen aus zahnfreundlichem Thermo Plastic Rubber Material. Mit leckerem Vanillearoma. Gr\u00f6\u00dfe: ca. 14 cm good4fun sind Spielzeuge aus Thermo Plastic Rubber, einem Material, das witterungsbest\u00e4ndig und extrem lange haltbar ist. Dieses weiche Material ist besonders zahnfreundlich und nat\u00fcrlich Non Toxic. Auch f\u00fcr Spiele im und am Wasser super geeignet, [&hellip;]<\/p>\n","protected":false},"featured_media":17794,"comment_status":"closed","ping_status":"open","template":"","meta":[],"product_cat":[15503],"product_tag":[],"class_list":{"0":"post-51259","1":"product","2":"type-product","3":"status-publish","4":"has-post-thumbnail","6":"product_cat-aqua-spielzeug-hundespielzeug-sport-weitere-spielzeugehundewelt-hundespielzeug-sport-aroma-spielzeughundewelt-hundespielzeug-sport","8":"first","9":"instock","10":"taxable","11":"shipping-taxable","12":"purchasable","13":"product-type-simple"},"_links":{"self":[{"href":"https:\/\/all-pets.de\/shop\/wp-json\/wp\/v2\/product\/51259","targetHints":{"allow":["GET"]}}],"collection":[{"href":"https:\/\/all-pets.de\/shop\/wp-json\/wp\/v2\/product"}],"about":[{"href":"https:\/\/all-pets.de\/shop\/wp-json\/wp\/v2\/types\/product"}],"replies":[{"embeddable":true,"href":"https:\/\/all-pets.de\/shop\/wp-json\/wp\/v2\/comments?post=51259"}],"wp:featuredmedia":[{"embeddable":true,"href":"https:\/\/all-pets.de\/shop\/wp-json\/wp\/v2\/media\/17794"}],"wp:attachment":[{"href":"https:\/\/all-pets.de\/shop\/wp-json\/wp\/v2\/media?parent=51259"}],"wp:term":[{"taxonomy":"product_cat","embeddable":true,"href":"https:\/\/all-pets.de\/shop\/wp-json\/wp\/v2\/product_cat?post=51259"},{"taxonomy":"product_tag","embeddable":true,"href":"https:\/\/all-pets.de\/shop\/wp-json\/wp\/v2\/product_tag?post=51259"}],"curies":[{"name":"wp","href":"https:\/\/api.w.org\/{rel}","templated":true}]}}