{"id":51313,"date":"2023-12-12T12:38:23","date_gmt":"2023-12-12T11:38:23","guid":{"rendered":"https:\/\/pet-shopping.de\/shop\/produkt\/karlie-kalzium-sitzstange-l\/"},"modified":"2023-12-12T12:38:23","modified_gmt":"2023-12-12T11:38:23","slug":"karlie-kalzium-sitzstange-l","status":"publish","type":"product","link":"https:\/\/all-pets.de\/shop\/produkt\/karlie-kalzium-sitzstange-l\/","title":{"rendered":"Karlie Kalzium Sitzstange &#8211; L"},"content":{"rendered":"<p>Diese Sitzstange auf Kalkbasis unterst\u00fctzt Ihren Vogel beim nat\u00fcrlichen Schleifen des Schnabels und der Krallen.<\/p>\n<p>L\u00e4nge: ca. 25,8 cm<br \/> Durchmesser: ca. 4 cm<\/p>\n","protected":false},"excerpt":{"rendered":"<p>Diese Sitzstange auf Kalkbasis unterst\u00fctzt Ihren Vogel beim nat\u00fcrlichen Schleifen des Schnabels und der Krallen. L\u00e4nge: ca. 25,8 cm Durchmesser: ca. 4 cm<\/p>\n","protected":false},"featured_media":18070,"comment_status":"closed","ping_status":"open","template":"","meta":[],"product_cat":[13935],"product_tag":[],"class_list":{"0":"post-51313","1":"product","2":"type-product","3":"status-publish","4":"has-post-thumbnail","6":"product_cat-sitzstangen-ausstattung-zubehoer-vogelwelt","8":"first","9":"instock","10":"taxable","11":"shipping-taxable","12":"purchasable","13":"product-type-simple"},"_links":{"self":[{"href":"https:\/\/all-pets.de\/shop\/wp-json\/wp\/v2\/product\/51313","targetHints":{"allow":["GET"]}}],"collection":[{"href":"https:\/\/all-pets.de\/shop\/wp-json\/wp\/v2\/product"}],"about":[{"href":"https:\/\/all-pets.de\/shop\/wp-json\/wp\/v2\/types\/product"}],"replies":[{"embeddable":true,"href":"https:\/\/all-pets.de\/shop\/wp-json\/wp\/v2\/comments?post=51313"}],"wp:featuredmedia":[{"embeddable":true,"href":"https:\/\/all-pets.de\/shop\/wp-json\/wp\/v2\/media\/18070"}],"wp:attachment":[{"href":"https:\/\/all-pets.de\/shop\/wp-json\/wp\/v2\/media?parent=51313"}],"wp:term":[{"taxonomy":"product_cat","embeddable":true,"href":"https:\/\/all-pets.de\/shop\/wp-json\/wp\/v2\/product_cat?post=51313"},{"taxonomy":"product_tag","embeddable":true,"href":"https:\/\/all-pets.de\/shop\/wp-json\/wp\/v2\/product_tag?post=51313"}],"curies":[{"name":"wp","href":"https:\/\/api.w.org\/{rel}","templated":true}]}}