{"id":51316,"date":"2023-12-12T12:38:23","date_gmt":"2023-12-12T11:38:23","guid":{"rendered":"https:\/\/pet-shopping.de\/shop\/produkt\/trixie-pure-nature-weidentunnel-mit-heu-20-x-38-cm\/"},"modified":"2023-12-12T12:38:23","modified_gmt":"2023-12-12T11:38:23","slug":"trixie-pure-nature-weidentunnel-mit-heu-20-x-38-cm","status":"publish","type":"product","link":"https:\/\/all-pets.de\/shop\/produkt\/trixie-pure-nature-weidentunnel-mit-heu-20-x-38-cm\/","title":{"rendered":"Trixie Pure Nature Weidentunnel mit Heu &#8211; 20 x 38 cm"},"content":{"rendered":"<p>Der Pure Nature Weidentunnel, der in Deutschland hergestellt wird, ist mit leckerem Heu mit Karottenst\u00fcckchen bef\u00fcllt und bietet Ihrem Tier somit gesunden Snack und Versteckm\u00f6glichkeit in einem. Ohne Zuckerzusatz.<\/p>\n<p>Diese Gr\u00f6\u00dfe eigent sich z.B. f\u00fcr Kaninchen.<\/p>\n<p>Ma\u00dfe: ca. 20 x 38 cm (Durchmesser x L\u00e4nge)<br \/> Inhalt\/Gewicht: ca. 220g<\/p>\n","protected":false},"excerpt":{"rendered":"<p>Der Pure Nature Weidentunnel, der in Deutschland hergestellt wird, ist mit leckerem Heu mit Karottenst\u00fcckchen bef\u00fcllt und bietet Ihrem Tier somit gesunden Snack und Versteckm\u00f6glichkeit in einem. Ohne Zuckerzusatz. Diese Gr\u00f6\u00dfe eigent sich z.B. f\u00fcr Kaninchen. Ma\u00dfe: ca. 20 x 38 cm (Durchmesser x L\u00e4nge) Inhalt\/Gewicht: ca. 220g<\/p>\n","protected":false},"featured_media":18092,"comment_status":"closed","ping_status":"open","template":"","meta":[],"product_cat":[14284],"product_tag":[],"class_list":{"0":"post-51316","1":"product","2":"type-product","3":"status-publish","4":"has-post-thumbnail","6":"product_cat-tunnel-hoehlen-bruecken-ausstattung-zubehoer-kleintierwelt","8":"first","9":"instock","10":"taxable","11":"shipping-taxable","12":"purchasable","13":"product-type-simple"},"_links":{"self":[{"href":"https:\/\/all-pets.de\/shop\/wp-json\/wp\/v2\/product\/51316","targetHints":{"allow":["GET"]}}],"collection":[{"href":"https:\/\/all-pets.de\/shop\/wp-json\/wp\/v2\/product"}],"about":[{"href":"https:\/\/all-pets.de\/shop\/wp-json\/wp\/v2\/types\/product"}],"replies":[{"embeddable":true,"href":"https:\/\/all-pets.de\/shop\/wp-json\/wp\/v2\/comments?post=51316"}],"wp:featuredmedia":[{"embeddable":true,"href":"https:\/\/all-pets.de\/shop\/wp-json\/wp\/v2\/media\/18092"}],"wp:attachment":[{"href":"https:\/\/all-pets.de\/shop\/wp-json\/wp\/v2\/media?parent=51316"}],"wp:term":[{"taxonomy":"product_cat","embeddable":true,"href":"https:\/\/all-pets.de\/shop\/wp-json\/wp\/v2\/product_cat?post=51316"},{"taxonomy":"product_tag","embeddable":true,"href":"https:\/\/all-pets.de\/shop\/wp-json\/wp\/v2\/product_tag?post=51316"}],"curies":[{"name":"wp","href":"https:\/\/api.w.org\/{rel}","templated":true}]}}