{"id":51355,"date":"2023-12-12T12:38:33","date_gmt":"2023-12-12T11:38:33","guid":{"rendered":"https:\/\/pet-shopping.de\/shop\/produkt\/karlie-fuehrleine-elegance-kalbleder-rund-cognac\/"},"modified":"2023-12-12T12:38:33","modified_gmt":"2023-12-12T11:38:33","slug":"karlie-fuehrleine-elegance-kalbleder-rund-cognac","status":"publish","type":"product","link":"https:\/\/all-pets.de\/shop\/produkt\/karlie-fuehrleine-elegance-kalbleder-rund-cognac\/","title":{"rendered":"Karlie F\u00fchrleine Elegance Kalbleder &#8211; Rund &#8211; Cognac"},"content":{"rendered":"<p><p><span>KARLIE F\u00fchrleine ELEGANCE Kalbsleder 200cm 6mm <\/span><\/p>\n<p><span>Die geschmeidige F\u00fchrleine l\u00e4sst sich blitzschnell auf die gerade ben\u00f6tigte L\u00e4nge einstellen, so dass Sie mit nur einer Leine f\u00fcr alle Anforderungen des Alltags mit Ihrem Hund gewappnet sind. Damit die Leine jeder Aufgabe standh\u00e4lt, ist es ein besonders weiches Kalbsleder, das Ihnen angenehm in der Hand liegt und trotzdem sehr stabil ist. Die Leine setzt nicht nur funktionale Ma\u00dfst\u00e4be, sondern verspricht auch durch die Kombination aus besonders hochwertigem Leder, stabilen Karabinerhaken und der exakten Verarbeitung ein echter &#8222;Favorit&#8220; unter ihren Leinen zu werden. <\/span><\/p>\n<p><span>&#8211; super softes Kalbsleder <\/span><\/p>\n<p><span>&#8211; Rundgen\u00e4ht <\/span><\/p>\n<p><span>&#8211; stabile verchromte Beschl\u00e4ge <\/span><\/p>\n<p><span>&#8211; L\u00e4nge 2 m <\/span><\/p>\n<p><span>&#8211; Breite 6 mm <\/span><\/p>\n<p><span>&#8211; Farbe: cognac<br \/><\/span><\/p>\n","protected":false},"excerpt":{"rendered":"<p>KARLIE F\u00fchrleine ELEGANCE Kalbsleder 200cm 6mm Die geschmeidige F\u00fchrleine l\u00e4sst sich blitzschnell auf die gerade ben\u00f6tigte L\u00e4nge einstellen, so dass Sie mit nur einer Leine f\u00fcr alle Anforderungen des Alltags mit Ihrem Hund gewappnet sind. Damit die Leine jeder Aufgabe standh\u00e4lt, ist es ein besonders weiches Kalbsleder, das Ihnen angenehm in der Hand liegt und [&hellip;]<\/p>\n","protected":false},"featured_media":51356,"comment_status":"closed","ping_status":"open","template":"","meta":[],"product_cat":[13749],"product_tag":[],"class_list":{"0":"post-51355","1":"product","2":"type-product","3":"status-publish","4":"has-post-thumbnail","6":"product_cat-lederleinen","8":"first","9":"instock","10":"taxable","11":"shipping-taxable","12":"purchasable","13":"product-type-simple"},"_links":{"self":[{"href":"https:\/\/all-pets.de\/shop\/wp-json\/wp\/v2\/product\/51355","targetHints":{"allow":["GET"]}}],"collection":[{"href":"https:\/\/all-pets.de\/shop\/wp-json\/wp\/v2\/product"}],"about":[{"href":"https:\/\/all-pets.de\/shop\/wp-json\/wp\/v2\/types\/product"}],"replies":[{"embeddable":true,"href":"https:\/\/all-pets.de\/shop\/wp-json\/wp\/v2\/comments?post=51355"}],"wp:featuredmedia":[{"embeddable":true,"href":"https:\/\/all-pets.de\/shop\/wp-json\/wp\/v2\/media\/51356"}],"wp:attachment":[{"href":"https:\/\/all-pets.de\/shop\/wp-json\/wp\/v2\/media?parent=51355"}],"wp:term":[{"taxonomy":"product_cat","embeddable":true,"href":"https:\/\/all-pets.de\/shop\/wp-json\/wp\/v2\/product_cat?post=51355"},{"taxonomy":"product_tag","embeddable":true,"href":"https:\/\/all-pets.de\/shop\/wp-json\/wp\/v2\/product_tag?post=51355"}],"curies":[{"name":"wp","href":"https:\/\/api.w.org\/{rel}","templated":true}]}}