{"id":51419,"date":"2023-12-12T12:38:45","date_gmt":"2023-12-12T11:38:45","guid":{"rendered":"https:\/\/pet-shopping.de\/shop\/produkt\/trixie-unterstand-und-liegeplatz-17-x-17-cm\/"},"modified":"2023-12-12T12:38:46","modified_gmt":"2023-12-12T11:38:46","slug":"trixie-unterstand-und-liegeplatz-17-x-17-cm","status":"publish","type":"product","link":"https:\/\/all-pets.de\/shop\/produkt\/trixie-unterstand-und-liegeplatz-17-x-17-cm\/","title":{"rendered":"Trixie Unterstand und Liegeplatz &#8211; 17 x 17 cm"},"content":{"rendered":"<p>Die Ebene aus Naturholz stellt eine optimale R\u00fcckzugsm\u00f6glichkeit dar, entweder als Versteck unter der Ebene oder als erh\u00f6hter Liegeplatz. <\/p>\n<p>Sie wird mit Hilfe der Schraubbefestigungen im K\u00e4figgitter angeschraubt und hilft so bei der Gestaltung einer tiergerechten Umwelt.<\/p>\n<p>Gr\u00f6\u00dfe: ca. 17 x 17 cm<br \/> Geeignet f\u00fcr M\u00e4use, Hamster etc.<\/p>\n","protected":false},"excerpt":{"rendered":"<p>Die Ebene aus Naturholz stellt eine optimale R\u00fcckzugsm\u00f6glichkeit dar, entweder als Versteck unter der Ebene oder als erh\u00f6hter Liegeplatz. Sie wird mit Hilfe der Schraubbefestigungen im K\u00e4figgitter angeschraubt und hilft so bei der Gestaltung einer tiergerechten Umwelt. Gr\u00f6\u00dfe: ca. 17 x 17 cm Geeignet f\u00fcr M\u00e4use, Hamster etc.<\/p>\n","protected":false},"featured_media":18624,"comment_status":"closed","ping_status":"open","template":"","meta":[],"product_cat":[13723],"product_tag":[],"class_list":{"0":"post-51419","1":"product","2":"type-product","3":"status-publish","4":"has-post-thumbnail","6":"product_cat-sitzbretter-leitern","8":"first","9":"instock","10":"taxable","11":"shipping-taxable","12":"purchasable","13":"product-type-simple"},"_links":{"self":[{"href":"https:\/\/all-pets.de\/shop\/wp-json\/wp\/v2\/product\/51419","targetHints":{"allow":["GET"]}}],"collection":[{"href":"https:\/\/all-pets.de\/shop\/wp-json\/wp\/v2\/product"}],"about":[{"href":"https:\/\/all-pets.de\/shop\/wp-json\/wp\/v2\/types\/product"}],"replies":[{"embeddable":true,"href":"https:\/\/all-pets.de\/shop\/wp-json\/wp\/v2\/comments?post=51419"}],"wp:featuredmedia":[{"embeddable":true,"href":"https:\/\/all-pets.de\/shop\/wp-json\/wp\/v2\/media\/18624"}],"wp:attachment":[{"href":"https:\/\/all-pets.de\/shop\/wp-json\/wp\/v2\/media?parent=51419"}],"wp:term":[{"taxonomy":"product_cat","embeddable":true,"href":"https:\/\/all-pets.de\/shop\/wp-json\/wp\/v2\/product_cat?post=51419"},{"taxonomy":"product_tag","embeddable":true,"href":"https:\/\/all-pets.de\/shop\/wp-json\/wp\/v2\/product_tag?post=51419"}],"curies":[{"name":"wp","href":"https:\/\/api.w.org\/{rel}","templated":true}]}}