{"id":51424,"date":"2023-12-12T12:38:45","date_gmt":"2023-12-12T11:38:45","guid":{"rendered":"https:\/\/pet-shopping.de\/shop\/produkt\/trixie-laufrad-aus-naturholz-23-cm\/"},"modified":"2023-12-12T12:38:46","modified_gmt":"2023-12-12T11:38:46","slug":"trixie-laufrad-aus-naturholz-23-cm","status":"publish","type":"product","link":"https:\/\/all-pets.de\/shop\/produkt\/trixie-laufrad-aus-naturholz-23-cm\/","title":{"rendered":"Trixie Laufrad aus Naturholz &#8211; 23 cm"},"content":{"rendered":"<ul>\n<li>leichtg\u00e4ngig und leise durch Kugellager<\/li>\n<li>geschlossene Lauffl\u00e4che<\/li>\n<li>Rindenholz<\/li>\n<\/ul>\n<div class=\"infotextWrap\">\n<p class=\"fliestextblocksatz\">Wirlegen viel Wert auf die Gesundheit Ihres Tieres. Aus diesem Grundbestehen unsere Artikel aus Nadelh\u00f6lzern ohne Harzkan\u00e4le, da Harz f\u00fcreinige Tiere giftig sein kann. Die von uns genutzten H\u00f6lzer harzen nicht und werden zudem vor der Verarbeitung ausgibig getrocknet. Der von unsverwendete Leim ist ebenfalls ungiftig f\u00fcr Tiere und besteht aus einemKautschuk- bzw. Zellulose-Gemisch.<\/p>\n<\/div>\n<p>Das Laufrad eignet sich z.B. f\u00fcr M\u00e4use und Zwerghamster.\u00a0 <\/p>\n<p>Durchmesser: ca. 23 cm<\/p>\n","protected":false},"excerpt":{"rendered":"<p>leichtg\u00e4ngig und leise durch Kugellager geschlossene Lauffl\u00e4che Rindenholz Wirlegen viel Wert auf die Gesundheit Ihres Tieres. Aus diesem Grundbestehen unsere Artikel aus Nadelh\u00f6lzern ohne Harzkan\u00e4le, da Harz f\u00fcreinige Tiere giftig sein kann. Die von uns genutzten H\u00f6lzer harzen nicht und werden zudem vor der Verarbeitung ausgibig getrocknet. Der von unsverwendete Leim ist ebenfalls ungiftig f\u00fcr [&hellip;]<\/p>\n","protected":false},"featured_media":18662,"comment_status":"closed","ping_status":"open","template":"","meta":[],"product_cat":[15082],"product_tag":[],"class_list":{"0":"post-51424","1":"product","2":"type-product","3":"status-publish","4":"has-post-thumbnail","6":"product_cat-laufraeder-ausstattung-zubehoer-kleintierwelt","8":"first","9":"instock","10":"taxable","11":"shipping-taxable","12":"purchasable","13":"product-type-simple"},"_links":{"self":[{"href":"https:\/\/all-pets.de\/shop\/wp-json\/wp\/v2\/product\/51424","targetHints":{"allow":["GET"]}}],"collection":[{"href":"https:\/\/all-pets.de\/shop\/wp-json\/wp\/v2\/product"}],"about":[{"href":"https:\/\/all-pets.de\/shop\/wp-json\/wp\/v2\/types\/product"}],"replies":[{"embeddable":true,"href":"https:\/\/all-pets.de\/shop\/wp-json\/wp\/v2\/comments?post=51424"}],"wp:featuredmedia":[{"embeddable":true,"href":"https:\/\/all-pets.de\/shop\/wp-json\/wp\/v2\/media\/18662"}],"wp:attachment":[{"href":"https:\/\/all-pets.de\/shop\/wp-json\/wp\/v2\/media?parent=51424"}],"wp:term":[{"taxonomy":"product_cat","embeddable":true,"href":"https:\/\/all-pets.de\/shop\/wp-json\/wp\/v2\/product_cat?post=51424"},{"taxonomy":"product_tag","embeddable":true,"href":"https:\/\/all-pets.de\/shop\/wp-json\/wp\/v2\/product_tag?post=51424"}],"curies":[{"name":"wp","href":"https:\/\/api.w.org\/{rel}","templated":true}]}}