{"id":51458,"date":"2023-12-12T12:38:53","date_gmt":"2023-12-12T11:38:53","guid":{"rendered":"https:\/\/pet-shopping.de\/shop\/produkt\/trixie-schutzkragen-aufblasbar-s-m\/"},"modified":"2023-12-12T12:38:54","modified_gmt":"2023-12-12T11:38:54","slug":"trixie-schutzkragen-aufblasbar-s-m","status":"publish","type":"product","link":"https:\/\/all-pets.de\/shop\/produkt\/trixie-schutzkragen-aufblasbar-s-m\/","title":{"rendered":"Trixie Schutzkragen, aufblasbar &#8211; S-M"},"content":{"rendered":"<ul>\n<li>Aufblasbarer Schutzkragen aus Polyurethan\/Polyethylen<\/li>\n<li>Leck- und Knabberschutz bei Wunden und Ekzemen<\/li>\n<li>sch\u00fctzt den Kopf, Brust- und R\u00fcckenbereich<\/li>\n<li>kein H\u00e4ngenbleiben oder Sto\u00dfen an Gegenst\u00e4nden, W\u00e4nden und Treppen<\/li>\n<li>beeintr\u00e4chtigt weder die Sicht noch das Geh\u00f6r des Tieres<\/li>\n<li>besonders f\u00fcr \u00e4ngstliche Hunde geeignet<\/li>\n<li>widerstandsf\u00e4hig<\/li>\n<li>weiches und flexibles Material sorgt f\u00fcr angenehmen Tragekomfort<\/li>\n<li>Fressen, Trinken, Schn\u00fcffeln und Spielen ohne wesentliche Einschr\u00e4nkungen m\u00f6glich<\/li>\n<li>mit Klettverschluss zum schnellen und passgenauen Anlegen<\/li>\n<li>Laschen zum Durchf\u00fchren eines Halsbandes verhindern ein Abstreifen<\/li>\n<li>einfach mit warmen Wasser reinigen, kann desinfiziert werden<\/li>\n<li>Farbe: blau<\/li>\n<li>Gr\u00f6\u00dfe S-M: Halsumfang ca. 32 &#8211; 40 cm, Breite ca. 11 cm<\/li>\n<\/ul>\n","protected":false},"excerpt":{"rendered":"<p>Aufblasbarer Schutzkragen aus Polyurethan\/Polyethylen Leck- und Knabberschutz bei Wunden und Ekzemen sch\u00fctzt den Kopf, Brust- und R\u00fcckenbereich kein H\u00e4ngenbleiben oder Sto\u00dfen an Gegenst\u00e4nden, W\u00e4nden und Treppen beeintr\u00e4chtigt weder die Sicht noch das Geh\u00f6r des Tieres besonders f\u00fcr \u00e4ngstliche Hunde geeignet widerstandsf\u00e4hig weiches und flexibles Material sorgt f\u00fcr angenehmen Tragekomfort Fressen, Trinken, Schn\u00fcffeln und Spielen ohne [&hellip;]<\/p>\n","protected":false},"featured_media":18857,"comment_status":"closed","ping_status":"open","template":"","meta":[],"product_cat":[15346],"product_tag":[],"class_list":{"0":"post-51458","1":"product","2":"type-product","3":"status-publish","4":"has-post-thumbnail","6":"product_cat-hunde-apotheke-pflege-gesundheit-hundewelt","8":"first","9":"instock","10":"taxable","11":"shipping-taxable","12":"purchasable","13":"product-type-simple"},"_links":{"self":[{"href":"https:\/\/all-pets.de\/shop\/wp-json\/wp\/v2\/product\/51458","targetHints":{"allow":["GET"]}}],"collection":[{"href":"https:\/\/all-pets.de\/shop\/wp-json\/wp\/v2\/product"}],"about":[{"href":"https:\/\/all-pets.de\/shop\/wp-json\/wp\/v2\/types\/product"}],"replies":[{"embeddable":true,"href":"https:\/\/all-pets.de\/shop\/wp-json\/wp\/v2\/comments?post=51458"}],"wp:featuredmedia":[{"embeddable":true,"href":"https:\/\/all-pets.de\/shop\/wp-json\/wp\/v2\/media\/18857"}],"wp:attachment":[{"href":"https:\/\/all-pets.de\/shop\/wp-json\/wp\/v2\/media?parent=51458"}],"wp:term":[{"taxonomy":"product_cat","embeddable":true,"href":"https:\/\/all-pets.de\/shop\/wp-json\/wp\/v2\/product_cat?post=51458"},{"taxonomy":"product_tag","embeddable":true,"href":"https:\/\/all-pets.de\/shop\/wp-json\/wp\/v2\/product_tag?post=51458"}],"curies":[{"name":"wp","href":"https:\/\/api.w.org\/{rel}","templated":true}]}}