{"id":51500,"date":"2023-12-12T12:39:04","date_gmt":"2023-12-12T11:39:04","guid":{"rendered":"https:\/\/pet-shopping.de\/shop\/produkt\/karlie-rundhaus-ruby-gross\/"},"modified":"2023-12-12T12:39:04","modified_gmt":"2023-12-12T11:39:05","slug":"karlie-rundhaus-ruby-gross","status":"publish","type":"product","link":"https:\/\/all-pets.de\/shop\/produkt\/karlie-rundhaus-ruby-gross\/","title":{"rendered":"Karlie Rundhaus Ruby &#8211; Gro\u00df"},"content":{"rendered":"<p>Das fertig montierte Rundhaus Ruby ist aus reinem Naturmaterial, das f\u00fcr den nat\u00fcrlichen Nagertrieb der Tiere (welcher f\u00fcr das Abwetzen der Z\u00e4hne ganz wichtig ist) einfach ideal ist. <\/p>\n<p>Diese Variante eignet sich speziell f\u00fcr Kaninchen und \u00e4hnlich gro\u00dfe Tiere.<\/p>\n<p>Gesamtma\u00dfe: ca. 38 x 23 x 23 cm (BxTxH)<br \/> T\u00fcre: ca. 11 x 15 cm (BxH)<\/p>\n","protected":false},"excerpt":{"rendered":"<p>Das fertig montierte Rundhaus Ruby ist aus reinem Naturmaterial, das f\u00fcr den nat\u00fcrlichen Nagertrieb der Tiere (welcher f\u00fcr das Abwetzen der Z\u00e4hne ganz wichtig ist) einfach ideal ist. Diese Variante eignet sich speziell f\u00fcr Kaninchen und \u00e4hnlich gro\u00dfe Tiere. Gesamtma\u00dfe: ca. 38 x 23 x 23 cm (BxTxH) T\u00fcre: ca. 11 x 15 cm (BxH)<\/p>\n","protected":false},"featured_media":19052,"comment_status":"closed","ping_status":"open","template":"","meta":[],"product_cat":[13693],"product_tag":[],"class_list":{"0":"post-51500","1":"product","2":"type-product","3":"status-publish","4":"has-post-thumbnail","6":"product_cat-holzhaeuser","8":"first","9":"instock","10":"taxable","11":"shipping-taxable","12":"purchasable","13":"product-type-simple"},"_links":{"self":[{"href":"https:\/\/all-pets.de\/shop\/wp-json\/wp\/v2\/product\/51500","targetHints":{"allow":["GET"]}}],"collection":[{"href":"https:\/\/all-pets.de\/shop\/wp-json\/wp\/v2\/product"}],"about":[{"href":"https:\/\/all-pets.de\/shop\/wp-json\/wp\/v2\/types\/product"}],"replies":[{"embeddable":true,"href":"https:\/\/all-pets.de\/shop\/wp-json\/wp\/v2\/comments?post=51500"}],"wp:featuredmedia":[{"embeddable":true,"href":"https:\/\/all-pets.de\/shop\/wp-json\/wp\/v2\/media\/19052"}],"wp:attachment":[{"href":"https:\/\/all-pets.de\/shop\/wp-json\/wp\/v2\/media?parent=51500"}],"wp:term":[{"taxonomy":"product_cat","embeddable":true,"href":"https:\/\/all-pets.de\/shop\/wp-json\/wp\/v2\/product_cat?post=51500"},{"taxonomy":"product_tag","embeddable":true,"href":"https:\/\/all-pets.de\/shop\/wp-json\/wp\/v2\/product_tag?post=51500"}],"curies":[{"name":"wp","href":"https:\/\/api.w.org\/{rel}","templated":true}]}}