{"id":51502,"date":"2023-12-12T12:39:04","date_gmt":"2023-12-12T11:39:04","guid":{"rendered":"https:\/\/pet-shopping.de\/shop\/produkt\/karlie-rundhaus-sam-gross\/"},"modified":"2023-12-12T12:39:05","modified_gmt":"2023-12-12T11:39:05","slug":"karlie-rundhaus-sam-gross","status":"publish","type":"product","link":"https:\/\/all-pets.de\/shop\/produkt\/karlie-rundhaus-sam-gross\/","title":{"rendered":"Karlie Rundhaus Sam &#8211; Gro\u00df"},"content":{"rendered":"<p>Das fertig montierte Rundhaus Sam ist aus reinem Naturmaterial, das f\u00fcr den nat\u00fcrlichen Nagertrieb der Tiere (welcher f\u00fcr das Abwetzen der Z\u00e4hne ganz wichtig ist) einfach ideal ist. <\/p>\n<p>Diese Variante eignet sich speziell f\u00fcr Kaninchen und \u00e4hnlich gro\u00dfe Nager.<\/p>\n<p>Gesamtma\u00dfe: ca. 35 x 20 x 23 cm<\/p>\n","protected":false},"excerpt":{"rendered":"<p>Das fertig montierte Rundhaus Sam ist aus reinem Naturmaterial, das f\u00fcr den nat\u00fcrlichen Nagertrieb der Tiere (welcher f\u00fcr das Abwetzen der Z\u00e4hne ganz wichtig ist) einfach ideal ist. Diese Variante eignet sich speziell f\u00fcr Kaninchen und \u00e4hnlich gro\u00dfe Nager. Gesamtma\u00dfe: ca. 35 x 20 x 23 cm<\/p>\n","protected":false},"featured_media":19057,"comment_status":"closed","ping_status":"open","template":"","meta":[],"product_cat":[13693],"product_tag":[],"class_list":{"0":"post-51502","1":"product","2":"type-product","3":"status-publish","4":"has-post-thumbnail","6":"product_cat-holzhaeuser","8":"first","9":"instock","10":"taxable","11":"shipping-taxable","12":"purchasable","13":"product-type-simple"},"_links":{"self":[{"href":"https:\/\/all-pets.de\/shop\/wp-json\/wp\/v2\/product\/51502","targetHints":{"allow":["GET"]}}],"collection":[{"href":"https:\/\/all-pets.de\/shop\/wp-json\/wp\/v2\/product"}],"about":[{"href":"https:\/\/all-pets.de\/shop\/wp-json\/wp\/v2\/types\/product"}],"replies":[{"embeddable":true,"href":"https:\/\/all-pets.de\/shop\/wp-json\/wp\/v2\/comments?post=51502"}],"wp:featuredmedia":[{"embeddable":true,"href":"https:\/\/all-pets.de\/shop\/wp-json\/wp\/v2\/media\/19057"}],"wp:attachment":[{"href":"https:\/\/all-pets.de\/shop\/wp-json\/wp\/v2\/media?parent=51502"}],"wp:term":[{"taxonomy":"product_cat","embeddable":true,"href":"https:\/\/all-pets.de\/shop\/wp-json\/wp\/v2\/product_cat?post=51502"},{"taxonomy":"product_tag","embeddable":true,"href":"https:\/\/all-pets.de\/shop\/wp-json\/wp\/v2\/product_tag?post=51502"}],"curies":[{"name":"wp","href":"https:\/\/api.w.org\/{rel}","templated":true}]}}