{"id":51513,"date":"2023-12-12T12:39:06","date_gmt":"2023-12-12T11:39:06","guid":{"rendered":"https:\/\/pet-shopping.de\/shop\/produkt\/trixie-fahrrad-anhaenger-rot-schwarz-m\/"},"modified":"2023-12-12T12:39:06","modified_gmt":"2023-12-12T11:39:06","slug":"trixie-fahrrad-anhaenger-rot-schwarz-m","status":"publish","type":"product","link":"https:\/\/all-pets.de\/shop\/produkt\/trixie-fahrrad-anhaenger-rot-schwarz-m\/","title":{"rendered":"Trixie Fahrrad-Anh\u00e4nger &#8211; rot\/schwarz &#8211; M"},"content":{"rendered":"<p>Mit diesem praktischen Fahrrad-Anh\u00e4nger hat jeder Hund freuda an einer Fahrrad-Tour.<\/p>\n<p>Der Anh\u00e4nger, mit Front- und Heckt\u00fcr, besteht aus strapazierf\u00e4higem, pflegeleichtem Polyester und hat einen stabilen Metallrahmen, was ihn besonders belastbar macht.<\/p>\n<p>F\u00fcr eine gute Luftzirkulastion ist der Anh\u00e4nger mit mehreren Netz-Eins\u00e4tzen versehen. Der vordere und der obere Netz-Einsatz sind mit einem extra Regen-\/Windschutz ausgestattet.<\/p>\n<p>F\u00fcr besondere Sicherheit sind reflektierende Streifen und Reflektoren an den Speichen angebracht. Die integrierte Kurzleine verhindert das Herausspringen.<\/p>\n<p>F\u00fcr besonderen Komfort sorgt die herausnehmbare, gepolsterte Bodeneinlage.<\/p>\n<p>Zusammenklappbar und platzsparend zu verstauen. <\/p>\n<p>Mit Signalwimpel und Anh\u00e4ngerkupplung.<\/p>\n<p>Farbe: Rot\/Schwarz <\/p>\n<p>Belastbarkeit bis ca. 22 kg<\/p>\n<p>Innenma\u00dfe: ca. 46 \u00d7 50 \u00d7 74 cm<\/p>\n<p>Au\u00dfenma\u00dfe: ca. 64 \u00d7 106 \u00d7 77 (115) cm<\/p>\n<p>Gewicht: ca. 11 kg<\/p>\n","protected":false},"excerpt":{"rendered":"<p>Mit diesem praktischen Fahrrad-Anh\u00e4nger hat jeder Hund freuda an einer Fahrrad-Tour. Der Anh\u00e4nger, mit Front- und Heckt\u00fcr, besteht aus strapazierf\u00e4higem, pflegeleichtem Polyester und hat einen stabilen Metallrahmen, was ihn besonders belastbar macht. F\u00fcr eine gute Luftzirkulastion ist der Anh\u00e4nger mit mehreren Netz-Eins\u00e4tzen versehen. Der vordere und der obere Netz-Einsatz sind mit einem extra Regen-\/Windschutz ausgestattet. [&hellip;]<\/p>\n","protected":false},"featured_media":19176,"comment_status":"closed","ping_status":"open","template":"","meta":[],"product_cat":[15527],"product_tag":[],"class_list":{"0":"post-51513","1":"product","2":"type-product","3":"status-publish","4":"has-post-thumbnail","6":"product_cat-reise-transport-rad-und-joggingzubehoerhundewelt-reise-transport","8":"first","9":"instock","10":"taxable","11":"shipping-taxable","12":"purchasable","13":"product-type-simple"},"_links":{"self":[{"href":"https:\/\/all-pets.de\/shop\/wp-json\/wp\/v2\/product\/51513","targetHints":{"allow":["GET"]}}],"collection":[{"href":"https:\/\/all-pets.de\/shop\/wp-json\/wp\/v2\/product"}],"about":[{"href":"https:\/\/all-pets.de\/shop\/wp-json\/wp\/v2\/types\/product"}],"replies":[{"embeddable":true,"href":"https:\/\/all-pets.de\/shop\/wp-json\/wp\/v2\/comments?post=51513"}],"wp:featuredmedia":[{"embeddable":true,"href":"https:\/\/all-pets.de\/shop\/wp-json\/wp\/v2\/media\/19176"}],"wp:attachment":[{"href":"https:\/\/all-pets.de\/shop\/wp-json\/wp\/v2\/media?parent=51513"}],"wp:term":[{"taxonomy":"product_cat","embeddable":true,"href":"https:\/\/all-pets.de\/shop\/wp-json\/wp\/v2\/product_cat?post=51513"},{"taxonomy":"product_tag","embeddable":true,"href":"https:\/\/all-pets.de\/shop\/wp-json\/wp\/v2\/product_tag?post=51513"}],"curies":[{"name":"wp","href":"https:\/\/api.w.org\/{rel}","templated":true}]}}