{"id":51541,"date":"2023-12-12T12:39:14","date_gmt":"2023-12-12T11:39:14","guid":{"rendered":"https:\/\/pet-shopping.de\/shop\/produkt\/karlie-buffalo-ultra-2-0-halsband-hellbraun-65cm-40mm\/"},"modified":"2023-12-12T12:39:15","modified_gmt":"2023-12-12T11:39:15","slug":"karlie-buffalo-ultra-2-0-halsband-hellbraun-65cm-40mm","status":"publish","type":"product","link":"https:\/\/all-pets.de\/shop\/produkt\/karlie-buffalo-ultra-2-0-halsband-hellbraun-65cm-40mm\/","title":{"rendered":"Karlie Buffalo Ultra 2.0 Halsband &#8211; Hellbraun &#8211; 65cm \/ 40mm"},"content":{"rendered":"<p>Die Buffalo Ultra 2.0 Halsb\u00e4nder bestehen aus wasserabweisendem B\u00fcffelleder. Zum Verstellen der Weite sind sie mit einer Schnalle und L\u00f6chern mit Metalleins\u00e4tzen versehen, zum einfachen An- und Ablegen nutzen Sie die praktische Quick-Release-Schnalle.<\/p>\n<p>Das frische Design l\u00e4sst das Halsband sowohl edel als auch sportlich wirken.<\/p>\n<p>Farbe: Hellbraun \/ Bisquit unterlegt<\/p>\n<p>Gesamtl\u00e4nge: ca. 65 cm<br \/> Breite: ca.\u00a040 mm<\/p>\n","protected":false},"excerpt":{"rendered":"<p>Die Buffalo Ultra 2.0 Halsb\u00e4nder bestehen aus wasserabweisendem B\u00fcffelleder. Zum Verstellen der Weite sind sie mit einer Schnalle und L\u00f6chern mit Metalleins\u00e4tzen versehen, zum einfachen An- und Ablegen nutzen Sie die praktische Quick-Release-Schnalle. Das frische Design l\u00e4sst das Halsband sowohl edel als auch sportlich wirken. Farbe: Hellbraun \/ Bisquit unterlegt Gesamtl\u00e4nge: ca. 65 cm Breite: [&hellip;]<\/p>\n","protected":false},"featured_media":19505,"comment_status":"closed","ping_status":"open","template":"","meta":[],"product_cat":[13790],"product_tag":[],"class_list":{"0":"post-51541","1":"product","2":"type-product","3":"status-publish","4":"has-post-thumbnail","6":"product_cat-lederhalsbaender","8":"first","9":"instock","10":"taxable","11":"shipping-taxable","12":"purchasable","13":"product-type-simple"},"_links":{"self":[{"href":"https:\/\/all-pets.de\/shop\/wp-json\/wp\/v2\/product\/51541","targetHints":{"allow":["GET"]}}],"collection":[{"href":"https:\/\/all-pets.de\/shop\/wp-json\/wp\/v2\/product"}],"about":[{"href":"https:\/\/all-pets.de\/shop\/wp-json\/wp\/v2\/types\/product"}],"replies":[{"embeddable":true,"href":"https:\/\/all-pets.de\/shop\/wp-json\/wp\/v2\/comments?post=51541"}],"wp:featuredmedia":[{"embeddable":true,"href":"https:\/\/all-pets.de\/shop\/wp-json\/wp\/v2\/media\/19505"}],"wp:attachment":[{"href":"https:\/\/all-pets.de\/shop\/wp-json\/wp\/v2\/media?parent=51541"}],"wp:term":[{"taxonomy":"product_cat","embeddable":true,"href":"https:\/\/all-pets.de\/shop\/wp-json\/wp\/v2\/product_cat?post=51541"},{"taxonomy":"product_tag","embeddable":true,"href":"https:\/\/all-pets.de\/shop\/wp-json\/wp\/v2\/product_tag?post=51541"}],"curies":[{"name":"wp","href":"https:\/\/api.w.org\/{rel}","templated":true}]}}