{"id":51570,"date":"2023-12-12T12:39:21","date_gmt":"2023-12-12T11:39:21","guid":{"rendered":"https:\/\/pet-shopping.de\/shop\/produkt\/flexi-rollleine-giant-gurt-8m-50kg\/"},"modified":"2023-12-12T12:39:22","modified_gmt":"2023-12-12T11:39:22","slug":"flexi-rollleine-giant-gurt-8m-50kg","status":"publish","type":"product","link":"https:\/\/all-pets.de\/shop\/produkt\/flexi-rollleine-giant-gurt-8m-50kg\/","title":{"rendered":"Flexi Rollleine GIANT Gurt &#8211; 8m \/ 50kg"},"content":{"rendered":"<ul>\n<li>extrem robust mit ergonomisch geformtem Softgriff<\/li>\n<li>Gr\u00f6\u00dfe L<\/li>\n<li>L\u00e4nge: 8m<\/li>\n<li>geeignet f\u00fcr ein K\u00f6rpergewicht bis 50kg<\/li>\n<\/ul>\n","protected":false},"excerpt":{"rendered":"<p>extrem robust mit ergonomisch geformtem Softgriff Gr\u00f6\u00dfe L L\u00e4nge: 8m geeignet f\u00fcr ein K\u00f6rpergewicht bis 50kg<\/p>\n","protected":false},"featured_media":19654,"comment_status":"closed","ping_status":"open","template":"","meta":[],"product_cat":[15321],"product_tag":[],"class_list":{"0":"post-51570","1":"product","2":"type-product","3":"status-publish","4":"has-post-thumbnail","6":"product_cat-roll-leinen","8":"first","9":"instock","10":"taxable","11":"shipping-taxable","12":"purchasable","13":"product-type-simple"},"_links":{"self":[{"href":"https:\/\/all-pets.de\/shop\/wp-json\/wp\/v2\/product\/51570","targetHints":{"allow":["GET"]}}],"collection":[{"href":"https:\/\/all-pets.de\/shop\/wp-json\/wp\/v2\/product"}],"about":[{"href":"https:\/\/all-pets.de\/shop\/wp-json\/wp\/v2\/types\/product"}],"replies":[{"embeddable":true,"href":"https:\/\/all-pets.de\/shop\/wp-json\/wp\/v2\/comments?post=51570"}],"wp:featuredmedia":[{"embeddable":true,"href":"https:\/\/all-pets.de\/shop\/wp-json\/wp\/v2\/media\/19654"}],"wp:attachment":[{"href":"https:\/\/all-pets.de\/shop\/wp-json\/wp\/v2\/media?parent=51570"}],"wp:term":[{"taxonomy":"product_cat","embeddable":true,"href":"https:\/\/all-pets.de\/shop\/wp-json\/wp\/v2\/product_cat?post=51570"},{"taxonomy":"product_tag","embeddable":true,"href":"https:\/\/all-pets.de\/shop\/wp-json\/wp\/v2\/product_tag?post=51570"}],"curies":[{"name":"wp","href":"https:\/\/api.w.org\/{rel}","templated":true}]}}