{"id":51750,"date":"2023-12-12T12:40:21","date_gmt":"2023-12-12T11:40:21","guid":{"rendered":"https:\/\/pet-shopping.de\/shop\/produkt\/plueschbett-sarnia-dunkelgrau-100-x-100-x-25-cm\/"},"modified":"2023-12-12T12:40:21","modified_gmt":"2023-12-12T11:40:21","slug":"plueschbett-sarnia-dunkelgrau-100-x-100-x-25-cm","status":"publish","type":"product","link":"https:\/\/all-pets.de\/shop\/produkt\/plueschbett-sarnia-dunkelgrau-100-x-100-x-25-cm\/","title":{"rendered":"Pl\u00fcschbett Sarnia &#8211; dunkelgrau &#8211; 100 x 100 x 25 cm"},"content":{"rendered":"<div style=\"text-indent: 0.0px\">Mit dem Pl\u00fcschbett Sarnia, bieten Sie Ihrem Liebling einen ganz besonderen Liegeplatz in moderner Form. <\/div>\n<div style=\"text-indent: 0.0px\">\u00a0<\/div>\n<div style=\"text-indent: 0.0px\">Hunde finden hier ein gem\u00fctliches und gut gepolstertes Bett &#8211; der neueLieblingsplatz in Ihrem Zuhause. Dank seiner runden Form ist dieseshochwertige Haustierbett ideal f\u00fcr Vierbeiner die es lieben, sichzusammenzurollen und einzukuscheln. Der erh\u00f6hte Rand schafft dabei einGef\u00fchl der Sicherheit. Der Boden mit Anti-Rutsch-Noppen sorgt f\u00fcr festen Bodenhalt und optimale Sicherheit. Das Kuschelkissen ist leicht undtragbar auch f\u00fcr unterwegs. Das Bett kann problemlos per Handw\u00e4schegereinigt werden.<\/div>\n<div style=\"text-indent: 0.0px\">\u00a0<\/div>\n<ul>\n<li>Donut-Form &#8211; stylisch &#038; modern<\/li>\n<li>Boden mit Anti-Rutsch-Funktion<\/li>\n<li>F\u00fcr jede Hunderasse und Gr\u00f6\u00dfe geeignet<\/li>\n<li>Kuscheliges und weiches Material<\/li>\n<li>Qualitativ vern\u00e4ht, gro\u00dfz\u00fcgig gepolstert<\/li>\n<li>Farbe: Dunkelgrau<\/li>\n<\/ul>\n","protected":false},"excerpt":{"rendered":"<p>Mit dem Pl\u00fcschbett Sarnia, bieten Sie Ihrem Liebling einen ganz besonderen Liegeplatz in moderner Form. \u00a0 Hunde finden hier ein gem\u00fctliches und gut gepolstertes Bett &#8211; der neueLieblingsplatz in Ihrem Zuhause. Dank seiner runden Form ist dieseshochwertige Haustierbett ideal f\u00fcr Vierbeiner die es lieben, sichzusammenzurollen und einzukuscheln. Der erh\u00f6hte Rand schafft dabei einGef\u00fchl der Sicherheit. [&hellip;]<\/p>\n","protected":false},"featured_media":51747,"comment_status":"closed","ping_status":"open","template":"","meta":[],"product_cat":[11231],"product_tag":[],"class_list":{"0":"post-51750","1":"product","2":"type-product","3":"status-publish","4":"has-post-thumbnail","6":"product_cat-katzenbetten-katzenkoerbe-hundebetten-hundekissenkatzenwelt","8":"first","9":"instock","10":"taxable","11":"shipping-taxable","12":"purchasable","13":"product-type-simple"},"_links":{"self":[{"href":"https:\/\/all-pets.de\/shop\/wp-json\/wp\/v2\/product\/51750","targetHints":{"allow":["GET"]}}],"collection":[{"href":"https:\/\/all-pets.de\/shop\/wp-json\/wp\/v2\/product"}],"about":[{"href":"https:\/\/all-pets.de\/shop\/wp-json\/wp\/v2\/types\/product"}],"replies":[{"embeddable":true,"href":"https:\/\/all-pets.de\/shop\/wp-json\/wp\/v2\/comments?post=51750"}],"wp:featuredmedia":[{"embeddable":true,"href":"https:\/\/all-pets.de\/shop\/wp-json\/wp\/v2\/media\/51747"}],"wp:attachment":[{"href":"https:\/\/all-pets.de\/shop\/wp-json\/wp\/v2\/media?parent=51750"}],"wp:term":[{"taxonomy":"product_cat","embeddable":true,"href":"https:\/\/all-pets.de\/shop\/wp-json\/wp\/v2\/product_cat?post=51750"},{"taxonomy":"product_tag","embeddable":true,"href":"https:\/\/all-pets.de\/shop\/wp-json\/wp\/v2\/product_tag?post=51750"}],"curies":[{"name":"wp","href":"https:\/\/api.w.org\/{rel}","templated":true}]}}