{"id":51793,"date":"2023-12-12T12:40:29","date_gmt":"2023-12-12T11:40:29","guid":{"rendered":"https:\/\/pet-shopping.de\/shop\/produkt\/trixie-bett-harvey-rund-weiss-pink-50-cm\/"},"modified":"2023-12-12T12:40:30","modified_gmt":"2023-12-12T11:40:30","slug":"trixie-bett-harvey-rund-weiss-pink-50-cm","status":"publish","type":"product","link":"https:\/\/all-pets.de\/shop\/produkt\/trixie-bett-harvey-rund-weiss-pink-50-cm\/","title":{"rendered":"Trixie Bett Harvey &#8211; rund &#8211; wei\u00df-pink \/ 50 cm"},"content":{"rendered":"<ul>\n<li>Langhaar-Pl\u00fcsch<\/li>\n<li>Polyester-Bezug<\/li>\n<li>Polyestervlies-F\u00fcllung<\/li>\n<li>mit fest integriertem Kissen<\/li>\n<li>rutschfester Boden<\/li>\n<li>Inlett: Handw\u00e4sche<\/li>\n<li>Bezug bei 30\u00b0C waschbar<\/li>\n<li>Farbe: wei\u00df-pink<\/li>\n<li>Durchmesser: ca. 50 cm <\/li>\n<\/ul>\n","protected":false},"excerpt":{"rendered":"<p>Langhaar-Pl\u00fcsch Polyester-Bezug Polyestervlies-F\u00fcllung mit fest integriertem Kissen rutschfester Boden Inlett: Handw\u00e4sche Bezug bei 30\u00b0C waschbar Farbe: wei\u00df-pink Durchmesser: ca. 50 cm<\/p>\n","protected":false},"featured_media":21090,"comment_status":"closed","ping_status":"open","template":"","meta":[],"product_cat":[15566],"product_tag":[],"class_list":{"0":"post-51793","1":"product","2":"type-product","3":"status-publish","4":"has-post-thumbnail","6":"product_cat-betten-sofas-katzenbetten-katzenkoerbe-katzenkissenkatzenwelt-katzenbetten-katzenkoerbe-hundebetten-hundekissenkatzenwelt","8":"first","9":"instock","10":"taxable","11":"shipping-taxable","12":"purchasable","13":"product-type-simple"},"_links":{"self":[{"href":"https:\/\/all-pets.de\/shop\/wp-json\/wp\/v2\/product\/51793","targetHints":{"allow":["GET"]}}],"collection":[{"href":"https:\/\/all-pets.de\/shop\/wp-json\/wp\/v2\/product"}],"about":[{"href":"https:\/\/all-pets.de\/shop\/wp-json\/wp\/v2\/types\/product"}],"replies":[{"embeddable":true,"href":"https:\/\/all-pets.de\/shop\/wp-json\/wp\/v2\/comments?post=51793"}],"wp:featuredmedia":[{"embeddable":true,"href":"https:\/\/all-pets.de\/shop\/wp-json\/wp\/v2\/media\/21090"}],"wp:attachment":[{"href":"https:\/\/all-pets.de\/shop\/wp-json\/wp\/v2\/media?parent=51793"}],"wp:term":[{"taxonomy":"product_cat","embeddable":true,"href":"https:\/\/all-pets.de\/shop\/wp-json\/wp\/v2\/product_cat?post=51793"},{"taxonomy":"product_tag","embeddable":true,"href":"https:\/\/all-pets.de\/shop\/wp-json\/wp\/v2\/product_tag?post=51793"}],"curies":[{"name":"wp","href":"https:\/\/api.w.org\/{rel}","templated":true}]}}