{"id":51836,"date":"2023-12-12T12:40:40","date_gmt":"2023-12-12T11:40:40","guid":{"rendered":"https:\/\/pet-shopping.de\/shop\/produkt\/karlie-katzengarnitur-blau\/"},"modified":"2023-12-12T12:40:40","modified_gmt":"2023-12-12T11:40:40","slug":"karlie-katzengarnitur-blau","status":"publish","type":"product","link":"https:\/\/all-pets.de\/shop\/produkt\/karlie-katzengarnitur-blau\/","title":{"rendered":"Karlie Katzengarnitur &#8211; Blau"},"content":{"rendered":"<p>Katzengarnitur bestehend aus Katzengeschirr und passender Leine. <br \/> Das Geschirr ist stufenlos verstellbar und mit Klickverschl\u00fcssen ausgestattet. <br \/> Die Leine ist mit einer Handschlaufe versehen.<br \/> Aus leicht gl\u00e4nzendem Softmaterial.<br \/> Made in Germany!<\/p>\n<p>L\u00e4nge der Leine: 110 cm<br \/> Breite: 10 mm<\/p>\n","protected":false},"excerpt":{"rendered":"<p>Katzengarnitur bestehend aus Katzengeschirr und passender Leine. Das Geschirr ist stufenlos verstellbar und mit Klickverschl\u00fcssen ausgestattet. Die Leine ist mit einer Handschlaufe versehen. Aus leicht gl\u00e4nzendem Softmaterial. Made in Germany! L\u00e4nge der Leine: 110 cm Breite: 10 mm<\/p>\n","protected":false},"featured_media":21406,"comment_status":"closed","ping_status":"open","template":"","meta":[],"product_cat":[14234],"product_tag":[],"class_list":{"0":"post-51836","1":"product","2":"type-product","3":"status-publish","4":"has-post-thumbnail","6":"product_cat-geschirre","8":"first","9":"instock","10":"taxable","11":"shipping-taxable","12":"purchasable","13":"product-type-simple"},"_links":{"self":[{"href":"https:\/\/all-pets.de\/shop\/wp-json\/wp\/v2\/product\/51836","targetHints":{"allow":["GET"]}}],"collection":[{"href":"https:\/\/all-pets.de\/shop\/wp-json\/wp\/v2\/product"}],"about":[{"href":"https:\/\/all-pets.de\/shop\/wp-json\/wp\/v2\/types\/product"}],"replies":[{"embeddable":true,"href":"https:\/\/all-pets.de\/shop\/wp-json\/wp\/v2\/comments?post=51836"}],"wp:featuredmedia":[{"embeddable":true,"href":"https:\/\/all-pets.de\/shop\/wp-json\/wp\/v2\/media\/21406"}],"wp:attachment":[{"href":"https:\/\/all-pets.de\/shop\/wp-json\/wp\/v2\/media?parent=51836"}],"wp:term":[{"taxonomy":"product_cat","embeddable":true,"href":"https:\/\/all-pets.de\/shop\/wp-json\/wp\/v2\/product_cat?post=51836"},{"taxonomy":"product_tag","embeddable":true,"href":"https:\/\/all-pets.de\/shop\/wp-json\/wp\/v2\/product_tag?post=51836"}],"curies":[{"name":"wp","href":"https:\/\/api.w.org\/{rel}","templated":true}]}}