{"id":51874,"date":"2023-12-12T12:40:49","date_gmt":"2023-12-12T11:40:49","guid":{"rendered":"https:\/\/pet-shopping.de\/shop\/produkt\/floss-boss-dental-rope-baumwollseil-mit-2-knoten-85-cm\/"},"modified":"2023-12-12T12:40:49","modified_gmt":"2023-12-12T11:40:49","slug":"floss-boss-dental-rope-baumwollseil-mit-2-knoten-85-cm","status":"publish","type":"product","link":"https:\/\/all-pets.de\/shop\/produkt\/floss-boss-dental-rope-baumwollseil-mit-2-knoten-85-cm\/","title":{"rendered":"Floss Boss Dental Rope Baumwollseil mit 2 Knoten &#8211; 85 cm"},"content":{"rendered":"<p><span style=\"font-size: 10pt \">Diese tolle Zahnseil ist aus 100% Baumwolle hergestellt. Es ist sicher, nat\u00fcrlich und langlebig und eignet sich perfekt f\u00fcr Apportier- und Zugspiele. W\u00e4hrend des Spiels hilft das Zahnseil, die Z\u00e4hne des Hundes zu reinigen. Au\u00dferdem ist dieses Floss Boss Zahnseil dichter geflochten und viel st\u00e4rker als normale Zahnseide. Das liegt daran, dass nur ganze F\u00e4den verwendet wurden.\u00a0\u00a0<\/span><\/p>\n<ul>\n<li><span style=\"font-size: 10pt \">100% Baumwolle<\/span><\/li>\n<li><span style=\"font-size: 10pt \">Sicher, recycelt und langlebig<\/span><\/li>\n<li><span style=\"font-size: 10pt \">Hilft, die Z\u00e4hne des Hundes zu reinigen<\/span><\/li>\n<li><span style=\"font-size: 10pt \">extra schwer<br \/><\/span><\/li>\n<\/ul>\n<p><span style=\"font-size: 10pt \"><br \/><\/span><\/p>\n<p><strong><span style=\"font-size: 10pt \">Artikelnr.\u00a0 \u00a0 \u00a0L\u00e4nge\u00a0 \u00a0 \u00a0 Gewicht\u00a0 \u00a0 \u00a0Diameter\u00a0 \u00a0 Anzahl Knoten<\/span><\/strong><br \/><span style=\"font-size: 10pt \">FLOS0017\u00a0 \u00a0 \u00a0 \u00a085 cm\u00a0 \u00a0 \u00a0 \u00a0 \u00a0 \u00a01,5 kg\u00a0 \u00a0 \u00a0 \u00a0 \u00a0\u00f8 5,5 cm\u00a0 \u00a0 \u00a0 \u00a0 \u00a0 \u00a02 <\/span><\/p>\n","protected":false},"excerpt":{"rendered":"<p>Diese tolle Zahnseil ist aus 100% Baumwolle hergestellt. Es ist sicher, nat\u00fcrlich und langlebig und eignet sich perfekt f\u00fcr Apportier- und Zugspiele. W\u00e4hrend des Spiels hilft das Zahnseil, die Z\u00e4hne des Hundes zu reinigen. Au\u00dferdem ist dieses Floss Boss Zahnseil dichter geflochten und viel st\u00e4rker als normale Zahnseide. Das liegt daran, dass nur ganze F\u00e4den [&hellip;]<\/p>\n","protected":false},"featured_media":51875,"comment_status":"closed","ping_status":"open","template":"","meta":[],"product_cat":[13694],"product_tag":[],"class_list":{"0":"post-51874","1":"product","2":"type-product","3":"status-publish","4":"has-post-thumbnail","6":"product_cat-zahnpflegespielzeug","8":"first","9":"instock","10":"taxable","11":"shipping-taxable","12":"purchasable","13":"product-type-simple"},"_links":{"self":[{"href":"https:\/\/all-pets.de\/shop\/wp-json\/wp\/v2\/product\/51874","targetHints":{"allow":["GET"]}}],"collection":[{"href":"https:\/\/all-pets.de\/shop\/wp-json\/wp\/v2\/product"}],"about":[{"href":"https:\/\/all-pets.de\/shop\/wp-json\/wp\/v2\/types\/product"}],"replies":[{"embeddable":true,"href":"https:\/\/all-pets.de\/shop\/wp-json\/wp\/v2\/comments?post=51874"}],"wp:featuredmedia":[{"embeddable":true,"href":"https:\/\/all-pets.de\/shop\/wp-json\/wp\/v2\/media\/51875"}],"wp:attachment":[{"href":"https:\/\/all-pets.de\/shop\/wp-json\/wp\/v2\/media?parent=51874"}],"wp:term":[{"taxonomy":"product_cat","embeddable":true,"href":"https:\/\/all-pets.de\/shop\/wp-json\/wp\/v2\/product_cat?post=51874"},{"taxonomy":"product_tag","embeddable":true,"href":"https:\/\/all-pets.de\/shop\/wp-json\/wp\/v2\/product_tag?post=51874"}],"curies":[{"name":"wp","href":"https:\/\/api.w.org\/{rel}","templated":true}]}}