{"id":51893,"date":"2023-12-12T12:40:51","date_gmt":"2023-12-12T11:40:51","guid":{"rendered":"https:\/\/pet-shopping.de\/shop\/produkt\/trixie-kuschelbett-sunny-fuer-kleintiere-38-x-7-x-25-cm\/"},"modified":"2023-12-12T12:40:52","modified_gmt":"2023-12-12T11:40:52","slug":"trixie-kuschelbett-sunny-fuer-kleintiere-38-x-7-x-25-cm","status":"publish","type":"product","link":"https:\/\/all-pets.de\/shop\/produkt\/trixie-kuschelbett-sunny-fuer-kleintiere-38-x-7-x-25-cm\/","title":{"rendered":"Trixie Kuschelbett Sunny f\u00fcr Kleintiere &#8211; 38 \u00d7 7 \u00d7 25 cm"},"content":{"rendered":"<div class=\"mb-3 row\">\n<div class=\"col\">\n<div class=\"description\">\n<ul>\n<li>Kurzhaar-Pl\u00fcsch\/Pl\u00fcsch<\/li>\n<li>Polyester-Bezug<\/li>\n<li>Rand mit Polyestervlies-F\u00fcllung<\/li>\n<li>Liegefl\u00e4che: Schaumstoff-F\u00fcllung<\/li>\n<li>rutschfester Boden<\/li>\n<li>z.B. f\u00fcr Kaninchen<\/li>\n<li>waschbar bei 40\u00b0C<\/li>\n<li>bunt\/grau<\/li>\n<li>Ma\u00dfe: ca. 38 \u00d7 7 \u00d7 25 cm<\/li>\n<\/ul>\n<\/div>\n<\/div>\n<\/div>\n","protected":false},"excerpt":{"rendered":"<p>Kurzhaar-Pl\u00fcsch\/Pl\u00fcsch Polyester-Bezug Rand mit Polyestervlies-F\u00fcllung Liegefl\u00e4che: Schaumstoff-F\u00fcllung rutschfester Boden z.B. f\u00fcr Kaninchen waschbar bei 40\u00b0C bunt\/grau Ma\u00dfe: ca. 38 \u00d7 7 \u00d7 25 cm<\/p>\n","protected":false},"featured_media":51894,"comment_status":"closed","ping_status":"open","template":"","meta":[],"product_cat":[13841],"product_tag":[],"class_list":{"0":"post-51893","1":"product","2":"type-product","3":"status-publish","4":"has-post-thumbnail","6":"product_cat-betten-haengematten","8":"first","9":"instock","10":"taxable","11":"shipping-taxable","12":"purchasable","13":"product-type-simple"},"_links":{"self":[{"href":"https:\/\/all-pets.de\/shop\/wp-json\/wp\/v2\/product\/51893","targetHints":{"allow":["GET"]}}],"collection":[{"href":"https:\/\/all-pets.de\/shop\/wp-json\/wp\/v2\/product"}],"about":[{"href":"https:\/\/all-pets.de\/shop\/wp-json\/wp\/v2\/types\/product"}],"replies":[{"embeddable":true,"href":"https:\/\/all-pets.de\/shop\/wp-json\/wp\/v2\/comments?post=51893"}],"wp:featuredmedia":[{"embeddable":true,"href":"https:\/\/all-pets.de\/shop\/wp-json\/wp\/v2\/media\/51894"}],"wp:attachment":[{"href":"https:\/\/all-pets.de\/shop\/wp-json\/wp\/v2\/media?parent=51893"}],"wp:term":[{"taxonomy":"product_cat","embeddable":true,"href":"https:\/\/all-pets.de\/shop\/wp-json\/wp\/v2\/product_cat?post=51893"},{"taxonomy":"product_tag","embeddable":true,"href":"https:\/\/all-pets.de\/shop\/wp-json\/wp\/v2\/product_tag?post=51893"}],"curies":[{"name":"wp","href":"https:\/\/api.w.org\/{rel}","templated":true}]}}