{"id":51959,"date":"2023-12-12T12:41:04","date_gmt":"2023-12-12T11:41:04","guid":{"rendered":"https:\/\/pet-shopping.de\/shop\/produkt\/can-toy-medium-aus-naturkautschuk-made-in-usa-gruen\/"},"modified":"2023-12-12T12:41:06","modified_gmt":"2023-12-12T11:41:06","slug":"can-toy-medium-aus-naturkautschuk-made-in-usa-gruen","status":"publish","type":"product","link":"https:\/\/all-pets.de\/shop\/produkt\/can-toy-medium-aus-naturkautschuk-made-in-usa-gruen\/","title":{"rendered":"Can Toy Medium aus Naturkautschuk &#8211; made in USA &#8211; Gr\u00fcn"},"content":{"rendered":"<p>Der Verkaufhit von 2015 in Amerika!<\/p>\n<p>Sehr dauerhafte Kau- und Spielitems f\u00fcr Ihren Hund in der Form von Coladosen!<\/p>\n<p>Verf\u00fcgt \u00fcber ein Loch an der Oberseite und ein gro\u00dfes Loch an der Unterseite um Belohnungen rein zu stecken.<\/p>\n<p>Gefertigt aus erstklassigem dauerhaftem nat\u00fcrlichem Kautschuk das sicher f\u00fcr Hunde ist.<\/p>\n<p>Made in USA!<\/p>\n<p>Ma\u00dfe: ca. 9 x 5,5 cm<br \/> Geeignet f\u00fcr Hunde bis ca. 15kg<br \/> Farbe: Gr\u00fcn<\/p>\n","protected":false},"excerpt":{"rendered":"<p>Der Verkaufhit von 2015 in Amerika! Sehr dauerhafte Kau- und Spielitems f\u00fcr Ihren Hund in der Form von Coladosen! Verf\u00fcgt \u00fcber ein Loch an der Oberseite und ein gro\u00dfes Loch an der Unterseite um Belohnungen rein zu stecken. Gefertigt aus erstklassigem dauerhaftem nat\u00fcrlichem Kautschuk das sicher f\u00fcr Hunde ist. Made in USA! Ma\u00dfe: ca. 9 [&hellip;]<\/p>\n","protected":false},"featured_media":21951,"comment_status":"closed","ping_status":"open","template":"","meta":[],"product_cat":[15050],"product_tag":[],"class_list":{"0":"post-51959","1":"product","2":"type-product","3":"status-publish","4":"has-post-thumbnail","6":"product_cat-weitere-spielzeuge-hundespielzeug-sport-intelligenzhundewelt-hundespielzeug-sport","8":"first","9":"instock","10":"taxable","11":"shipping-taxable","12":"purchasable","13":"product-type-simple"},"_links":{"self":[{"href":"https:\/\/all-pets.de\/shop\/wp-json\/wp\/v2\/product\/51959","targetHints":{"allow":["GET"]}}],"collection":[{"href":"https:\/\/all-pets.de\/shop\/wp-json\/wp\/v2\/product"}],"about":[{"href":"https:\/\/all-pets.de\/shop\/wp-json\/wp\/v2\/types\/product"}],"replies":[{"embeddable":true,"href":"https:\/\/all-pets.de\/shop\/wp-json\/wp\/v2\/comments?post=51959"}],"wp:featuredmedia":[{"embeddable":true,"href":"https:\/\/all-pets.de\/shop\/wp-json\/wp\/v2\/media\/21951"}],"wp:attachment":[{"href":"https:\/\/all-pets.de\/shop\/wp-json\/wp\/v2\/media?parent=51959"}],"wp:term":[{"taxonomy":"product_cat","embeddable":true,"href":"https:\/\/all-pets.de\/shop\/wp-json\/wp\/v2\/product_cat?post=51959"},{"taxonomy":"product_tag","embeddable":true,"href":"https:\/\/all-pets.de\/shop\/wp-json\/wp\/v2\/product_tag?post=51959"}],"curies":[{"name":"wp","href":"https:\/\/api.w.org\/{rel}","templated":true}]}}