{"id":52043,"date":"2023-12-12T12:41:21","date_gmt":"2023-12-12T11:41:21","guid":{"rendered":"https:\/\/pet-shopping.de\/shop\/produkt\/trixie-puppy-loo-welpentoilette-485-x-405-cm\/"},"modified":"2023-12-12T12:41:22","modified_gmt":"2023-12-12T11:41:22","slug":"trixie-puppy-loo-welpentoilette-485-x-405-cm","status":"publish","type":"product","link":"https:\/\/all-pets.de\/shop\/produkt\/trixie-puppy-loo-welpentoilette-485-x-405-cm\/","title":{"rendered":"Trixie Puppy Loo Welpentoilette &#8211; 48,5 \u00d7 40,5 cm"},"content":{"rendered":"<p>Die Welpentoilette Puppy Loo hilft Ihnen bei einer schnellen und effektiven Erziehung Ihres Welpens.<\/p>\n<p>Die Toilette besteht aus einem praktischen Klapprahmen zum Einspannen z.B. einer Trixie Welpen-Unterlage Nappy-Stubenrein (23411-TRXI). Die Welpentoilette bietet auch bei starker Durchn\u00e4ssung eine erh\u00f6hte Hygiene durch den sicheren Halt der eingespannten Unterlage. Durch Gummif\u00fc\u00dfe ist die Toilette rutschfest.<\/p>\n<p>Farbe: Beige\/Creme <br \/> Gesamtma\u00dfe: ca. 48,5 x 40,5 cm<\/p>\n","protected":false},"excerpt":{"rendered":"<p>Die Welpentoilette Puppy Loo hilft Ihnen bei einer schnellen und effektiven Erziehung Ihres Welpens. Die Toilette besteht aus einem praktischen Klapprahmen zum Einspannen z.B. einer Trixie Welpen-Unterlage Nappy-Stubenrein (23411-TRXI). Die Welpentoilette bietet auch bei starker Durchn\u00e4ssung eine erh\u00f6hte Hygiene durch den sicheren Halt der eingespannten Unterlage. Durch Gummif\u00fc\u00dfe ist die Toilette rutschfest. Farbe: Beige\/Creme Gesamtma\u00dfe: [&hellip;]<\/p>\n","protected":false},"featured_media":22308,"comment_status":"closed","ping_status":"open","template":"","meta":[],"product_cat":[15590],"product_tag":[],"class_list":{"0":"post-52043","1":"product","2":"type-product","3":"status-publish","4":"has-post-thumbnail","6":"product_cat-welpen-aufzucht-pflege-gesundheit-welpen-erziehunghundewelt-erziehung-hundetoiletten-hygiene-hundewelt","8":"first","9":"instock","10":"taxable","11":"shipping-taxable","12":"purchasable","13":"product-type-simple"},"_links":{"self":[{"href":"https:\/\/all-pets.de\/shop\/wp-json\/wp\/v2\/product\/52043","targetHints":{"allow":["GET"]}}],"collection":[{"href":"https:\/\/all-pets.de\/shop\/wp-json\/wp\/v2\/product"}],"about":[{"href":"https:\/\/all-pets.de\/shop\/wp-json\/wp\/v2\/types\/product"}],"replies":[{"embeddable":true,"href":"https:\/\/all-pets.de\/shop\/wp-json\/wp\/v2\/comments?post=52043"}],"wp:featuredmedia":[{"embeddable":true,"href":"https:\/\/all-pets.de\/shop\/wp-json\/wp\/v2\/media\/22308"}],"wp:attachment":[{"href":"https:\/\/all-pets.de\/shop\/wp-json\/wp\/v2\/media?parent=52043"}],"wp:term":[{"taxonomy":"product_cat","embeddable":true,"href":"https:\/\/all-pets.de\/shop\/wp-json\/wp\/v2\/product_cat?post=52043"},{"taxonomy":"product_tag","embeddable":true,"href":"https:\/\/all-pets.de\/shop\/wp-json\/wp\/v2\/product_tag?post=52043"}],"curies":[{"name":"wp","href":"https:\/\/api.w.org\/{rel}","templated":true}]}}