{"id":52083,"date":"2023-12-12T12:41:27","date_gmt":"2023-12-12T11:41:27","guid":{"rendered":"https:\/\/pet-shopping.de\/shop\/produkt\/trixie-flasche-mit-trinknapf-500-ml\/"},"modified":"2023-12-12T12:41:29","modified_gmt":"2023-12-12T11:41:29","slug":"trixie-flasche-mit-trinknapf-500-ml","status":"publish","type":"product","link":"https:\/\/all-pets.de\/shop\/produkt\/trixie-flasche-mit-trinknapf-500-ml\/","title":{"rendered":"Trixie Flasche mit Trinknapf &#8211; 500 ml"},"content":{"rendered":"<p>Beim Training, Wandern, w\u00e4hrend einer langen Autofahrt oder bei einem langen Spaziergang sollte dein Hund immer Zugang zu frischem Wasser haben. Da die Wasserversorgung auf Ausfl\u00fcgen nicht immer gesichert ist, denke schon im Vorwege daran, gen\u00fcgend Wasser f\u00fcr dein Tier mitzunehmen.<br \/>Der praktische Trinknapf mit Wasserflasche kann dabei helfen: <br \/>Durch die 2in1-Funktion sparst du Platz und erm\u00f6glichst deinem Vierbeiner in gewohnter Art zu trinken. Die Flasche wird mit Wasser gef\u00fcllt, in den dazugeh\u00f6rigen Napf geklappt und verstaut. Legst du eine Pause ein, kannst du deinem Hund \u00fcber den Wasserspender etwas zu Trinken geben. Dazu stellst du die Flasche wieder aufrecht, ziehst diese ein St\u00fcckchen hoch und l\u00e4sst die Fl\u00fcssigkeit in den Wassernapf flie\u00dfen. Frisches und sauberes Wasser ist durch diesen praktischen Ausflugsbegleiter jederzeit und \u00fcberall verf\u00fcgbar.<\/p>\n<p>Diverse Farben. Eine Farbwahl ist leider nicht m\u00f6glich, da die Farbe je nach Lagerbestand gew\u00e4hlt wird.<\/p>\n<p>Fassungsverm\u00f6gen: ca. 500 ml<\/p>\n","protected":false},"excerpt":{"rendered":"<p>Beim Training, Wandern, w\u00e4hrend einer langen Autofahrt oder bei einem langen Spaziergang sollte dein Hund immer Zugang zu frischem Wasser haben. Da die Wasserversorgung auf Ausfl\u00fcgen nicht immer gesichert ist, denke schon im Vorwege daran, gen\u00fcgend Wasser f\u00fcr dein Tier mitzunehmen.Der praktische Trinknapf mit Wasserflasche kann dabei helfen: Durch die 2in1-Funktion sparst du Platz und [&hellip;]<\/p>\n","protected":false},"featured_media":52080,"comment_status":"closed","ping_status":"open","template":"","meta":[],"product_cat":[15591],"product_tag":[],"class_list":{"0":"post-52083","1":"product","2":"type-product","3":"status-publish","4":"has-post-thumbnail","6":"product_cat-futterspender-traenken-hundenaepfe-traenken-reisenaepfe-fuer-hundehundewelt-reise-transport-reisenaepfehundewelt-unterwegs-reisenaepfe-hundewelt","8":"first","9":"instock","10":"taxable","11":"shipping-taxable","12":"purchasable","13":"product-type-simple"},"_links":{"self":[{"href":"https:\/\/all-pets.de\/shop\/wp-json\/wp\/v2\/product\/52083","targetHints":{"allow":["GET"]}}],"collection":[{"href":"https:\/\/all-pets.de\/shop\/wp-json\/wp\/v2\/product"}],"about":[{"href":"https:\/\/all-pets.de\/shop\/wp-json\/wp\/v2\/types\/product"}],"replies":[{"embeddable":true,"href":"https:\/\/all-pets.de\/shop\/wp-json\/wp\/v2\/comments?post=52083"}],"wp:featuredmedia":[{"embeddable":true,"href":"https:\/\/all-pets.de\/shop\/wp-json\/wp\/v2\/media\/52080"}],"wp:attachment":[{"href":"https:\/\/all-pets.de\/shop\/wp-json\/wp\/v2\/media?parent=52083"}],"wp:term":[{"taxonomy":"product_cat","embeddable":true,"href":"https:\/\/all-pets.de\/shop\/wp-json\/wp\/v2\/product_cat?post=52083"},{"taxonomy":"product_tag","embeddable":true,"href":"https:\/\/all-pets.de\/shop\/wp-json\/wp\/v2\/product_tag?post=52083"}],"curies":[{"name":"wp","href":"https:\/\/api.w.org\/{rel}","templated":true}]}}