{"id":52210,"date":"2023-12-12T12:42:01","date_gmt":"2023-12-12T11:42:01","guid":{"rendered":"https:\/\/pet-shopping.de\/shop\/produkt\/karlie-flamingo-flexible-sitzstange-aus-seil-57-cm-14-cm\/"},"modified":"2023-12-12T12:42:02","modified_gmt":"2023-12-12T11:42:02","slug":"karlie-flamingo-flexible-sitzstange-aus-seil-57-cm-14-cm","status":"publish","type":"product","link":"https:\/\/all-pets.de\/shop\/produkt\/karlie-flamingo-flexible-sitzstange-aus-seil-57-cm-14-cm\/","title":{"rendered":"Karlie Flamingo flexible Sitzstange aus Seil &#8211; 57 cm \/ 1,4 cm"},"content":{"rendered":"<p>Die flexible Sitzstange aus Seil l\u00e4sst sich genau in die Form bringen, die am besten in Ihren K\u00e4fig passt.\u00a0Die Sitzstange wird\u00a0einfach am K\u00e4figgitter festgeschraubt.<\/p>\n<p>L\u00e4nge: ca. 57 cm<br \/> Durchmesser: ca. 1,4 cm<\/p>\n<p>Geeignet f\u00fcr kleine Vogelarten, wie Wellensittiche, Kanarien etc.<\/p>\n","protected":false},"excerpt":{"rendered":"<p>Die flexible Sitzstange aus Seil l\u00e4sst sich genau in die Form bringen, die am besten in Ihren K\u00e4fig passt.\u00a0Die Sitzstange wird\u00a0einfach am K\u00e4figgitter festgeschraubt. L\u00e4nge: ca. 57 cm Durchmesser: ca. 1,4 cm Geeignet f\u00fcr kleine Vogelarten, wie Wellensittiche, Kanarien etc.<\/p>\n","protected":false},"featured_media":23341,"comment_status":"closed","ping_status":"open","template":"","meta":[],"product_cat":[13935],"product_tag":[],"class_list":{"0":"post-52210","1":"product","2":"type-product","3":"status-publish","4":"has-post-thumbnail","6":"product_cat-sitzstangen-ausstattung-zubehoer-vogelwelt","8":"first","9":"instock","10":"taxable","11":"shipping-taxable","12":"purchasable","13":"product-type-simple"},"_links":{"self":[{"href":"https:\/\/all-pets.de\/shop\/wp-json\/wp\/v2\/product\/52210","targetHints":{"allow":["GET"]}}],"collection":[{"href":"https:\/\/all-pets.de\/shop\/wp-json\/wp\/v2\/product"}],"about":[{"href":"https:\/\/all-pets.de\/shop\/wp-json\/wp\/v2\/types\/product"}],"replies":[{"embeddable":true,"href":"https:\/\/all-pets.de\/shop\/wp-json\/wp\/v2\/comments?post=52210"}],"wp:featuredmedia":[{"embeddable":true,"href":"https:\/\/all-pets.de\/shop\/wp-json\/wp\/v2\/media\/23341"}],"wp:attachment":[{"href":"https:\/\/all-pets.de\/shop\/wp-json\/wp\/v2\/media?parent=52210"}],"wp:term":[{"taxonomy":"product_cat","embeddable":true,"href":"https:\/\/all-pets.de\/shop\/wp-json\/wp\/v2\/product_cat?post=52210"},{"taxonomy":"product_tag","embeddable":true,"href":"https:\/\/all-pets.de\/shop\/wp-json\/wp\/v2\/product_tag?post=52210"}],"curies":[{"name":"wp","href":"https:\/\/api.w.org\/{rel}","templated":true}]}}