{"id":52237,"date":"2023-12-12T12:42:07","date_gmt":"2023-12-12T11:42:07","guid":{"rendered":"https:\/\/pet-shopping.de\/shop\/produkt\/all-for-paws-little-buddy-nappy-bed-gruen\/"},"modified":"2023-12-12T12:42:08","modified_gmt":"2023-12-12T11:42:08","slug":"all-for-paws-little-buddy-nappy-bed-gruen","status":"publish","type":"product","link":"https:\/\/all-pets.de\/shop\/produkt\/all-for-paws-little-buddy-nappy-bed-gruen\/","title":{"rendered":"All for Paws Little Buddy &#8211; Nappy Bed &#8211; Gr\u00fcn"},"content":{"rendered":"<p>Das Little Buddy Nappy Bed bietet Ihrem Welpen, Ihrem kleinen Hund oder Ihrem K\u00e4tzchen immer und \u00fcberall einen kuscheligen und vertrauten R\u00fcckzugsort, egal ob zu Hause oder auf Reisen. Es ist einfach zu transportieren und l\u00e4dt mit seiner super soften Liegefl\u00e4che und kuschelweichem Material zum Schlummern und Tr\u00e4umen ein. <\/p>\n<p>Ma\u00dfe: ca. 55 x 47 x 10 cm<br \/> Farbe: Gr\u00fcn<\/p>\n","protected":false},"excerpt":{"rendered":"<p>Das Little Buddy Nappy Bed bietet Ihrem Welpen, Ihrem kleinen Hund oder Ihrem K\u00e4tzchen immer und \u00fcberall einen kuscheligen und vertrauten R\u00fcckzugsort, egal ob zu Hause oder auf Reisen. Es ist einfach zu transportieren und l\u00e4dt mit seiner super soften Liegefl\u00e4che und kuschelweichem Material zum Schlummern und Tr\u00e4umen ein. Ma\u00dfe: ca. 55 x 47 x [&hellip;]<\/p>\n","protected":false},"featured_media":23520,"comment_status":"closed","ping_status":"open","template":"","meta":[],"product_cat":[15607],"product_tag":[],"class_list":{"0":"post-52237","1":"product","2":"type-product","3":"status-publish","4":"has-post-thumbnail","6":"product_cat-katzenkissen-katzenbetten-katzenkoerbe-betten-sofaskatzenwelt-katzenbetten-katzenkoerbe-hundebetten-hundekissenkatzenwelt","8":"first","9":"instock","10":"taxable","11":"shipping-taxable","12":"purchasable","13":"product-type-simple"},"_links":{"self":[{"href":"https:\/\/all-pets.de\/shop\/wp-json\/wp\/v2\/product\/52237","targetHints":{"allow":["GET"]}}],"collection":[{"href":"https:\/\/all-pets.de\/shop\/wp-json\/wp\/v2\/product"}],"about":[{"href":"https:\/\/all-pets.de\/shop\/wp-json\/wp\/v2\/types\/product"}],"replies":[{"embeddable":true,"href":"https:\/\/all-pets.de\/shop\/wp-json\/wp\/v2\/comments?post=52237"}],"wp:featuredmedia":[{"embeddable":true,"href":"https:\/\/all-pets.de\/shop\/wp-json\/wp\/v2\/media\/23520"}],"wp:attachment":[{"href":"https:\/\/all-pets.de\/shop\/wp-json\/wp\/v2\/media?parent=52237"}],"wp:term":[{"taxonomy":"product_cat","embeddable":true,"href":"https:\/\/all-pets.de\/shop\/wp-json\/wp\/v2\/product_cat?post=52237"},{"taxonomy":"product_tag","embeddable":true,"href":"https:\/\/all-pets.de\/shop\/wp-json\/wp\/v2\/product_tag?post=52237"}],"curies":[{"name":"wp","href":"https:\/\/api.w.org\/{rel}","templated":true}]}}