{"id":52287,"date":"2023-12-12T12:42:18","date_gmt":"2023-12-12T11:42:18","guid":{"rendered":"https:\/\/pet-shopping.de\/shop\/produkt\/karlie-hundeleine-stretch-schwarz\/"},"modified":"2023-12-12T12:42:19","modified_gmt":"2023-12-12T11:42:19","slug":"karlie-hundeleine-stretch-schwarz","status":"publish","type":"product","link":"https:\/\/all-pets.de\/shop\/produkt\/karlie-hundeleine-stretch-schwarz\/","title":{"rendered":"Karlie Hundeleine Stretch &#8211; Schwarz"},"content":{"rendered":"<p><span style=\"font-family: Verdana\">Die Leine mit integriertem Stretch-Element macht Spazierg\u00e4nge f\u00fcr Hund und Mensch entspannter. Egal ob bei einem pl\u00f6tzlichen Satz nach vorn oder einem abrupten Stopp, da die Leine nachgibt und Belastungen sanft abfedert, wird in diesen Situationen ein Rucken verhindert. Das schont sowohl den R\u00fccken und Hals des Hundes, als auch den Arm und die Schulter des Herrchens oder Frauchens. Der Hund bekommt stattdessen ein sanftes Signal langsamer zu werden oder weiter zu gehen.<\/p>\n<p><span style=\"font-family: Calibri\"><span style=\"font-family: Verdana\"><\/span><\/span><\/span><br \/><span style=\"font-family: Verdana\"><span style=\"font-family: Calibri\"><span style=\"font-family: Verdana\"><\/span><\/span><\/span><\/p>\n<p class=\"MsoNormal\" style=\"margin: 0cm 0cm 8pt\">L\u00e4nge: ca. 90 &#8211; 120 cm <\/p>\n<p class=\"MsoNormal\" style=\"margin: 0cm 0cm 8pt\">Breite: ca. 25 mm<\/p>\n<p class=\"MsoNormal\" style=\"margin: 0cm 0cm 8pt\">Farbe: schwarz<\/p><\/p>\n","protected":false},"excerpt":{"rendered":"<p>Die Leine mit integriertem Stretch-Element macht Spazierg\u00e4nge f\u00fcr Hund und Mensch entspannter. Egal ob bei einem pl\u00f6tzlichen Satz nach vorn oder einem abrupten Stopp, da die Leine nachgibt und Belastungen sanft abfedert, wird in diesen Situationen ein Rucken verhindert. Das schont sowohl den R\u00fccken und Hals des Hundes, als auch den Arm und die Schulter [&hellip;]<\/p>\n","protected":false},"featured_media":52286,"comment_status":"closed","ping_status":"open","template":"","meta":[],"product_cat":[14701],"product_tag":[],"class_list":{"0":"post-52287","1":"product","2":"type-product","3":"status-publish","4":"has-post-thumbnail","6":"product_cat-nylonleinen-leinen","8":"first","9":"instock","10":"taxable","11":"shipping-taxable","12":"purchasable","13":"product-type-simple"},"_links":{"self":[{"href":"https:\/\/all-pets.de\/shop\/wp-json\/wp\/v2\/product\/52287","targetHints":{"allow":["GET"]}}],"collection":[{"href":"https:\/\/all-pets.de\/shop\/wp-json\/wp\/v2\/product"}],"about":[{"href":"https:\/\/all-pets.de\/shop\/wp-json\/wp\/v2\/types\/product"}],"replies":[{"embeddable":true,"href":"https:\/\/all-pets.de\/shop\/wp-json\/wp\/v2\/comments?post=52287"}],"wp:featuredmedia":[{"embeddable":true,"href":"https:\/\/all-pets.de\/shop\/wp-json\/wp\/v2\/media\/52286"}],"wp:attachment":[{"href":"https:\/\/all-pets.de\/shop\/wp-json\/wp\/v2\/media?parent=52287"}],"wp:term":[{"taxonomy":"product_cat","embeddable":true,"href":"https:\/\/all-pets.de\/shop\/wp-json\/wp\/v2\/product_cat?post=52287"},{"taxonomy":"product_tag","embeddable":true,"href":"https:\/\/all-pets.de\/shop\/wp-json\/wp\/v2\/product_tag?post=52287"}],"curies":[{"name":"wp","href":"https:\/\/api.w.org\/{rel}","templated":true}]}}