{"id":52297,"date":"2023-12-12T12:42:20","date_gmt":"2023-12-12T11:42:20","guid":{"rendered":"https:\/\/pet-shopping.de\/shop\/produkt\/lebon-orthomatte-tama-schwarz-100-x-60-cm\/"},"modified":"2023-12-12T12:42:21","modified_gmt":"2023-12-12T11:42:21","slug":"lebon-orthomatte-tama-schwarz-100-x-60-cm","status":"publish","type":"product","link":"https:\/\/all-pets.de\/shop\/produkt\/lebon-orthomatte-tama-schwarz-100-x-60-cm\/","title":{"rendered":"Lebon Orthomatte Tama &#8211; Schwarz &#8211; 100 x 60 cm"},"content":{"rendered":"<p>Die robusten Orthomatten Tama sind flexibel einsetzbar, ob Zuhause, im Auto oder unterwegs. Der hochwertige Kunstlederbezug ist sehr strapazierf\u00e4hig und zeitlos. Der Boden ist mit einer Antirutschfunktion ausgestattet und strapazierf\u00e4hig. Die Reinigung ist m\u00f6glich durch feuchtes Abwischen. Die Orthomomatten sind stabil und formbest\u00e4ndig, erf\u00fcllen damit h\u00f6chste Anspr\u00fcche.<br \/>Diese orthop\u00e4dischen Matten haben die besondere Eigenschaft des Memory Effekt (Visco- bzw. Memory Foam). Durch den inneren Kern werden Gelenke, Knochen und insbesondere die Wirbels\u00e4ule Ihres Hundes geschont. Der hundertprozentige orthop\u00e4dische Liegekern passt sich dem K\u00f6rper des Hundes an und entlastet somit alle sehr beanspruchten Druckstellen. Nach kurzer Zeit nimmt das Material seine Ursprungsform wieder an. Pr\u00e4ventiv bei jungen oder bereits \u00e4lteren Hunden bietet die visco-elastische Auflage die perfekte Beschaffenheit, um die Gelenke zu schonen.<\/p>\n<ul>\n<li>Praktischer Tragegriff vorne<\/li>\n<li>Pflegeleichtes Kunstleder<\/li>\n<li>Material nimmt kaum Ger\u00fcche an<\/li>\n<li>Mit Rei\u00dfverschluss<\/li>\n<li>Ortho PLUS \u2013 Memory Foam<\/li>\n<li>ANTI-RUTSCH<\/li>\n<li>Material sehr robust<\/li>\n<li>Feucht Abwaschbar (Pflegeleicht)<\/li>\n<\/ul>\n<\/p>\n<p>Farbe: Schwarz (Kunstleder)<\/p>\n<p>Ma\u00dfe: ca. 100 x 60 x 8 cm<\/p>\n","protected":false},"excerpt":{"rendered":"<p>Die robusten Orthomatten Tama sind flexibel einsetzbar, ob Zuhause, im Auto oder unterwegs. Der hochwertige Kunstlederbezug ist sehr strapazierf\u00e4hig und zeitlos. Der Boden ist mit einer Antirutschfunktion ausgestattet und strapazierf\u00e4hig. Die Reinigung ist m\u00f6glich durch feuchtes Abwischen. Die Orthomomatten sind stabil und formbest\u00e4ndig, erf\u00fcllen damit h\u00f6chste Anspr\u00fcche.Diese orthop\u00e4dischen Matten haben die besondere Eigenschaft des Memory [&hellip;]<\/p>\n","protected":false},"featured_media":52296,"comment_status":"closed","ping_status":"open","template":"","meta":[],"product_cat":[15113],"product_tag":[],"class_list":{"0":"post-52297","1":"product","2":"type-product","3":"status-publish","4":"has-post-thumbnail","6":"product_cat-hundebetten-hundekissen-betten-koerbe","8":"first","9":"instock","10":"taxable","11":"shipping-taxable","12":"purchasable","13":"product-type-simple"},"_links":{"self":[{"href":"https:\/\/all-pets.de\/shop\/wp-json\/wp\/v2\/product\/52297","targetHints":{"allow":["GET"]}}],"collection":[{"href":"https:\/\/all-pets.de\/shop\/wp-json\/wp\/v2\/product"}],"about":[{"href":"https:\/\/all-pets.de\/shop\/wp-json\/wp\/v2\/types\/product"}],"replies":[{"embeddable":true,"href":"https:\/\/all-pets.de\/shop\/wp-json\/wp\/v2\/comments?post=52297"}],"wp:featuredmedia":[{"embeddable":true,"href":"https:\/\/all-pets.de\/shop\/wp-json\/wp\/v2\/media\/52296"}],"wp:attachment":[{"href":"https:\/\/all-pets.de\/shop\/wp-json\/wp\/v2\/media?parent=52297"}],"wp:term":[{"taxonomy":"product_cat","embeddable":true,"href":"https:\/\/all-pets.de\/shop\/wp-json\/wp\/v2\/product_cat?post=52297"},{"taxonomy":"product_tag","embeddable":true,"href":"https:\/\/all-pets.de\/shop\/wp-json\/wp\/v2\/product_tag?post=52297"}],"curies":[{"name":"wp","href":"https:\/\/api.w.org\/{rel}","templated":true}]}}