{"id":52386,"date":"2023-12-12T12:42:38","date_gmt":"2023-12-12T11:42:38","guid":{"rendered":"https:\/\/pet-shopping.de\/shop\/produkt\/karlie-flamingo-napf-oblik-lordly-80-ml-schwarz\/"},"modified":"2023-12-12T12:42:39","modified_gmt":"2023-12-12T11:42:39","slug":"karlie-flamingo-napf-oblik-lordly-80-ml-schwarz","status":"publish","type":"product","link":"https:\/\/all-pets.de\/shop\/produkt\/karlie-flamingo-napf-oblik-lordly-80-ml-schwarz\/","title":{"rendered":"Karlie Flamingo Napf Oblik Lordly &#8211; 80 ml &#8211; Schwarz"},"content":{"rendered":"<p>Der hochwertige und moderne Napf Oblik Lordly besticht nicht nur durch seine frischen Farben und sein tolles Design, sondern auch durch seine praktische Handhabung.<\/p>\n<p>Der Edelstahleinsatz des Napfes kann herausgenommen und so einfach bef\u00fcllt und gereinigt werden, per Hand oder auch in der Sp\u00fclmaschine.<\/p>\n<p>Der Napf hat ein Fassungsverm\u00f6gen von ca. 80 ml und einen Durchmesser von ca. 14 cm.<\/p>\n<p>Farbe: Schwarz<\/p>\n","protected":false},"excerpt":{"rendered":"<p>Der hochwertige und moderne Napf Oblik Lordly besticht nicht nur durch seine frischen Farben und sein tolles Design, sondern auch durch seine praktische Handhabung. Der Edelstahleinsatz des Napfes kann herausgenommen und so einfach bef\u00fcllt und gereinigt werden, per Hand oder auch in der Sp\u00fclmaschine. Der Napf hat ein Fassungsverm\u00f6gen von ca. 80 ml und einen [&hellip;]<\/p>\n","protected":false},"featured_media":24323,"comment_status":"closed","ping_status":"open","template":"","meta":[],"product_cat":[14136],"product_tag":[],"class_list":{"0":"post-52386","1":"product","2":"type-product","3":"status-publish","4":"has-post-thumbnail","6":"product_cat-futter-wassernaepfe-katzennaepfe-traenken-futter-wassernaepfekatzenwelt-hundenaepfe-traenken","8":"first","9":"instock","10":"taxable","11":"shipping-taxable","12":"purchasable","13":"product-type-simple"},"_links":{"self":[{"href":"https:\/\/all-pets.de\/shop\/wp-json\/wp\/v2\/product\/52386","targetHints":{"allow":["GET"]}}],"collection":[{"href":"https:\/\/all-pets.de\/shop\/wp-json\/wp\/v2\/product"}],"about":[{"href":"https:\/\/all-pets.de\/shop\/wp-json\/wp\/v2\/types\/product"}],"replies":[{"embeddable":true,"href":"https:\/\/all-pets.de\/shop\/wp-json\/wp\/v2\/comments?post=52386"}],"wp:featuredmedia":[{"embeddable":true,"href":"https:\/\/all-pets.de\/shop\/wp-json\/wp\/v2\/media\/24323"}],"wp:attachment":[{"href":"https:\/\/all-pets.de\/shop\/wp-json\/wp\/v2\/media?parent=52386"}],"wp:term":[{"taxonomy":"product_cat","embeddable":true,"href":"https:\/\/all-pets.de\/shop\/wp-json\/wp\/v2\/product_cat?post=52386"},{"taxonomy":"product_tag","embeddable":true,"href":"https:\/\/all-pets.de\/shop\/wp-json\/wp\/v2\/product_tag?post=52386"}],"curies":[{"name":"wp","href":"https:\/\/api.w.org\/{rel}","templated":true}]}}