{"id":52465,"date":"2023-12-12T12:42:54","date_gmt":"2023-12-12T11:42:54","guid":{"rendered":"https:\/\/pet-shopping.de\/shop\/produkt\/karlie-flamingo-dogx2go-halsband-gruen-l\/"},"modified":"2023-12-12T12:42:55","modified_gmt":"2023-12-12T11:42:55","slug":"karlie-flamingo-dogx2go-halsband-gruen-l","status":"publish","type":"product","link":"https:\/\/all-pets.de\/shop\/produkt\/karlie-flamingo-dogx2go-halsband-gruen-l\/","title":{"rendered":"Karlie Flamingo DogX2Go Halsband &#8211; Gr\u00fcn &#8211; L"},"content":{"rendered":"<p>Aus 100% Polyamid mit Metallbeschl\u00e4gen in \u201edeeply black Eloxal\u201c. Verschluss aus 100% reinem POM mit Sicherheitssperrfunktion. Mit innovativer Zugentlastung. <\/p>\n<p>Gr\u00f6\u00dfe L: 36 &#8211; 65 cm x 25 mm (LxB)<br \/> Farbe: Gr\u00fcn<\/p>\n","protected":false},"excerpt":{"rendered":"<p>Aus 100% Polyamid mit Metallbeschl\u00e4gen in \u201edeeply black Eloxal\u201c. Verschluss aus 100% reinem POM mit Sicherheitssperrfunktion. Mit innovativer Zugentlastung. Gr\u00f6\u00dfe L: 36 &#8211; 65 cm x 25 mm (LxB) Farbe: Gr\u00fcn<\/p>\n","protected":false},"featured_media":25051,"comment_status":"closed","ping_status":"open","template":"","meta":[],"product_cat":[14584],"product_tag":[],"class_list":{"0":"post-52465","1":"product","2":"type-product","3":"status-publish","4":"has-post-thumbnail","6":"product_cat-nylonhalsbaender","8":"first","9":"instock","10":"taxable","11":"shipping-taxable","12":"purchasable","13":"product-type-simple"},"_links":{"self":[{"href":"https:\/\/all-pets.de\/shop\/wp-json\/wp\/v2\/product\/52465","targetHints":{"allow":["GET"]}}],"collection":[{"href":"https:\/\/all-pets.de\/shop\/wp-json\/wp\/v2\/product"}],"about":[{"href":"https:\/\/all-pets.de\/shop\/wp-json\/wp\/v2\/types\/product"}],"replies":[{"embeddable":true,"href":"https:\/\/all-pets.de\/shop\/wp-json\/wp\/v2\/comments?post=52465"}],"wp:featuredmedia":[{"embeddable":true,"href":"https:\/\/all-pets.de\/shop\/wp-json\/wp\/v2\/media\/25051"}],"wp:attachment":[{"href":"https:\/\/all-pets.de\/shop\/wp-json\/wp\/v2\/media?parent=52465"}],"wp:term":[{"taxonomy":"product_cat","embeddable":true,"href":"https:\/\/all-pets.de\/shop\/wp-json\/wp\/v2\/product_cat?post=52465"},{"taxonomy":"product_tag","embeddable":true,"href":"https:\/\/all-pets.de\/shop\/wp-json\/wp\/v2\/product_tag?post=52465"}],"curies":[{"name":"wp","href":"https:\/\/api.w.org\/{rel}","templated":true}]}}