{"id":52598,"date":"2023-12-12T12:43:24","date_gmt":"2023-12-12T11:43:24","guid":{"rendered":"https:\/\/pet-shopping.de\/shop\/produkt\/karlie-halsband-peacock-gruen-schwarz-32-cm-12-mm\/"},"modified":"2023-12-12T12:43:24","modified_gmt":"2023-12-12T11:43:24","slug":"karlie-halsband-peacock-gruen-schwarz-32-cm-12-mm","status":"publish","type":"product","link":"https:\/\/all-pets.de\/shop\/produkt\/karlie-halsband-peacock-gruen-schwarz-32-cm-12-mm\/","title":{"rendered":"Karlie Halsband Peacock &#8211; gr\u00fcn\/schwarz &#8211; 32 cm \/ 12 mm"},"content":{"rendered":"<p>&#8211; Textilgewebe<br \/>&#8211; mit Nappaleder unterlegt<br \/>&#8211; geriegelt<br \/>&#8211; abgen\u00e4ht<br \/>&#8211; gebuggt<br \/>&#8211; verchromte Beschl\u00e4ge<br \/>&#8211; Gesamtl\u00e4nge: ca. 32 cm<br \/>&#8211; Breite: ca. 12 mm<\/p>\n","protected":false},"excerpt":{"rendered":"<p>&#8211; Textilgewebe&#8211; mit Nappaleder unterlegt&#8211; geriegelt&#8211; abgen\u00e4ht&#8211; gebuggt&#8211; verchromte Beschl\u00e4ge&#8211; Gesamtl\u00e4nge: ca. 32 cm&#8211; Breite: ca. 12 mm<\/p>\n","protected":false},"featured_media":52599,"comment_status":"closed","ping_status":"open","template":"","meta":[],"product_cat":[13940],"product_tag":[],"class_list":{"0":"post-52598","1":"product","2":"type-product","3":"status-publish","4":"has-post-thumbnail","6":"product_cat-weitere-halsbaender","8":"first","9":"instock","10":"taxable","11":"shipping-taxable","12":"purchasable","13":"product-type-simple"},"_links":{"self":[{"href":"https:\/\/all-pets.de\/shop\/wp-json\/wp\/v2\/product\/52598","targetHints":{"allow":["GET"]}}],"collection":[{"href":"https:\/\/all-pets.de\/shop\/wp-json\/wp\/v2\/product"}],"about":[{"href":"https:\/\/all-pets.de\/shop\/wp-json\/wp\/v2\/types\/product"}],"replies":[{"embeddable":true,"href":"https:\/\/all-pets.de\/shop\/wp-json\/wp\/v2\/comments?post=52598"}],"wp:featuredmedia":[{"embeddable":true,"href":"https:\/\/all-pets.de\/shop\/wp-json\/wp\/v2\/media\/52599"}],"wp:attachment":[{"href":"https:\/\/all-pets.de\/shop\/wp-json\/wp\/v2\/media?parent=52598"}],"wp:term":[{"taxonomy":"product_cat","embeddable":true,"href":"https:\/\/all-pets.de\/shop\/wp-json\/wp\/v2\/product_cat?post=52598"},{"taxonomy":"product_tag","embeddable":true,"href":"https:\/\/all-pets.de\/shop\/wp-json\/wp\/v2\/product_tag?post=52598"}],"curies":[{"name":"wp","href":"https:\/\/api.w.org\/{rel}","templated":true}]}}