{"id":52603,"date":"2023-12-12T12:43:24","date_gmt":"2023-12-12T11:43:24","guid":{"rendered":"https:\/\/pet-shopping.de\/shop\/produkt\/karlie-flamingo-professional-zupfbuerste-fuer-katzen-gross\/"},"modified":"2023-12-12T12:43:24","modified_gmt":"2023-12-12T11:43:24","slug":"karlie-flamingo-professional-zupfbuerste-fuer-katzen-gross","status":"publish","type":"product","link":"https:\/\/all-pets.de\/shop\/produkt\/karlie-flamingo-professional-zupfbuerste-fuer-katzen-gross\/","title":{"rendered":"Karlie Flamingo Professional Zupfb\u00fcrste f\u00fcr Katzen &#8211; Gro\u00df"},"content":{"rendered":"<p>Die Professional Zupfb\u00fcrste von Karlie Flamingo ist mit flexiblen Borsten und einem ergonomisch geformten Anti-Rutsch- Softgriff ausgestattet und ist somit das ideale Equipment, um bei Ihrer Katze f\u00fcr eine optimale Fellpflege zu sorgen.<\/p>\n<p>Die Zupfb\u00fcrste entfernt schonend Staub und Schmutz, sowie lose Haare und Unterwolle.<\/p>\n<p>Gr\u00f6\u00dfe: ca. 17,5 x 10 x 4 cm (LxBxH)<br \/> Gewicht: ca. 77 g<\/p>\n<p>Farbe: lila-schwarz<\/p>\n","protected":false},"excerpt":{"rendered":"<p>Die Professional Zupfb\u00fcrste von Karlie Flamingo ist mit flexiblen Borsten und einem ergonomisch geformten Anti-Rutsch- Softgriff ausgestattet und ist somit das ideale Equipment, um bei Ihrer Katze f\u00fcr eine optimale Fellpflege zu sorgen. Die Zupfb\u00fcrste entfernt schonend Staub und Schmutz, sowie lose Haare und Unterwolle. Gr\u00f6\u00dfe: ca. 17,5 x 10 x 4 cm (LxBxH) Gewicht: [&hellip;]<\/p>\n","protected":false},"featured_media":27511,"comment_status":"closed","ping_status":"open","template":"","meta":[],"product_cat":[14110],"product_tag":[],"class_list":{"0":"post-52603","1":"product","2":"type-product","3":"status-publish","4":"has-post-thumbnail","6":"product_cat-katzenbuersten-striegel-fellpflege-pflege-gesundheit-katzenwelt","8":"first","9":"instock","10":"taxable","11":"shipping-taxable","12":"purchasable","13":"product-type-simple"},"_links":{"self":[{"href":"https:\/\/all-pets.de\/shop\/wp-json\/wp\/v2\/product\/52603","targetHints":{"allow":["GET"]}}],"collection":[{"href":"https:\/\/all-pets.de\/shop\/wp-json\/wp\/v2\/product"}],"about":[{"href":"https:\/\/all-pets.de\/shop\/wp-json\/wp\/v2\/types\/product"}],"replies":[{"embeddable":true,"href":"https:\/\/all-pets.de\/shop\/wp-json\/wp\/v2\/comments?post=52603"}],"wp:featuredmedia":[{"embeddable":true,"href":"https:\/\/all-pets.de\/shop\/wp-json\/wp\/v2\/media\/27511"}],"wp:attachment":[{"href":"https:\/\/all-pets.de\/shop\/wp-json\/wp\/v2\/media?parent=52603"}],"wp:term":[{"taxonomy":"product_cat","embeddable":true,"href":"https:\/\/all-pets.de\/shop\/wp-json\/wp\/v2\/product_cat?post=52603"},{"taxonomy":"product_tag","embeddable":true,"href":"https:\/\/all-pets.de\/shop\/wp-json\/wp\/v2\/product_tag?post=52603"}],"curies":[{"name":"wp","href":"https:\/\/api.w.org\/{rel}","templated":true}]}}