{"id":52610,"date":"2023-12-12T12:43:26","date_gmt":"2023-12-12T11:43:26","guid":{"rendered":"https:\/\/pet-shopping.de\/shop\/produkt\/karlie-buffalo-ultra-fuehrleine-black-white-200-cm-20-mm\/"},"modified":"2023-12-12T12:43:26","modified_gmt":"2023-12-12T11:43:26","slug":"karlie-buffalo-ultra-fuehrleine-black-white-200-cm-20-mm","status":"publish","type":"product","link":"https:\/\/all-pets.de\/shop\/produkt\/karlie-buffalo-ultra-fuehrleine-black-white-200-cm-20-mm\/","title":{"rendered":"Karlie Buffalo Ultra F\u00fchrleine Black &#038; White &#8211; 200 cm \/ 20 mm"},"content":{"rendered":"<p>Die Buffalo Ultra Black &#038; White Halsb\u00e4nder und Leinen sind mit B\u00fcffelleder unterlegt, wasserabweisend und gen\u00e4ht. Die Karabinerhaken bestehen aus Aluminium.<\/p>\n<p><\/p>\n<p>L\u00e4nge: 200 cm<br \/>Breite: 20 mm<\/p>\n","protected":false},"excerpt":{"rendered":"<p>Die Buffalo Ultra Black &#038; White Halsb\u00e4nder und Leinen sind mit B\u00fcffelleder unterlegt, wasserabweisend und gen\u00e4ht. Die Karabinerhaken bestehen aus Aluminium. L\u00e4nge: 200 cmBreite: 20 mm<\/p>\n","protected":false},"featured_media":52608,"comment_status":"closed","ping_status":"open","template":"","meta":[],"product_cat":[13749],"product_tag":[],"class_list":{"0":"post-52610","1":"product","2":"type-product","3":"status-publish","4":"has-post-thumbnail","6":"product_cat-lederleinen","8":"first","9":"instock","10":"taxable","11":"shipping-taxable","12":"purchasable","13":"product-type-simple"},"_links":{"self":[{"href":"https:\/\/all-pets.de\/shop\/wp-json\/wp\/v2\/product\/52610","targetHints":{"allow":["GET"]}}],"collection":[{"href":"https:\/\/all-pets.de\/shop\/wp-json\/wp\/v2\/product"}],"about":[{"href":"https:\/\/all-pets.de\/shop\/wp-json\/wp\/v2\/types\/product"}],"replies":[{"embeddable":true,"href":"https:\/\/all-pets.de\/shop\/wp-json\/wp\/v2\/comments?post=52610"}],"wp:featuredmedia":[{"embeddable":true,"href":"https:\/\/all-pets.de\/shop\/wp-json\/wp\/v2\/media\/52608"}],"wp:attachment":[{"href":"https:\/\/all-pets.de\/shop\/wp-json\/wp\/v2\/media?parent=52610"}],"wp:term":[{"taxonomy":"product_cat","embeddable":true,"href":"https:\/\/all-pets.de\/shop\/wp-json\/wp\/v2\/product_cat?post=52610"},{"taxonomy":"product_tag","embeddable":true,"href":"https:\/\/all-pets.de\/shop\/wp-json\/wp\/v2\/product_tag?post=52610"}],"curies":[{"name":"wp","href":"https:\/\/api.w.org\/{rel}","templated":true}]}}