{"id":53254,"date":"2023-12-12T12:45:26","date_gmt":"2023-12-12T11:45:26","guid":{"rendered":"https:\/\/pet-shopping.de\/shop\/produkt\/wolfsblut-red-rock-125-kg\/"},"modified":"2023-12-12T12:45:27","modified_gmt":"2023-12-12T11:45:27","slug":"wolfsblut-red-rock-125-kg","status":"publish","type":"product","link":"https:\/\/all-pets.de\/shop\/produkt\/wolfsblut-red-rock-125-kg\/","title":{"rendered":"Wolfsblut Red Rock &#8211; 12,5 kg"},"content":{"rendered":"<p>Healthfood24 bietet mit Wolfsblut RED ROCK Trockenfutter ein Alleinfutter f\u00fcr Hunde aus dem Fleisch von frei lebenden K\u00e4ngurus. 50% K\u00e4ngurufleisch und eine durchdachte Kombination von Heilpflanzen aus Wald, Wiesen und Seen machen unser RED ROCK Trockenfutter einzigartig. Es ist besonders gesund und wirkt auf Ihren Hundefreund vitalisierend und sch\u00fctzend zugleich.<\/p>\n<p>RED ROCK Trockenfutter f\u00fcr Hunde eignet sich f\u00fcr alle Altersgruppen und unterst\u00fctzt eine<\/p>\n<p>&#8211; gesunde Ern\u00e4hrung, beinhaltet<br \/> &#8211; eine einzigartige Kombination von Heilpflanzen aus Wald, Wiese und Seen mit<br \/> &#8211; alle notwendigen N\u00e4hrstoffen, Vitaminen und Mineralien, ist<br \/> &#8211; verf\u00fchrerisch lecker, mit<br \/> &#8211; 50% Fleischanteil mit nat\u00fcrlichem Ursprung,<br \/> &#8211; leicht verdaulich und enth\u00e4lt<br \/> &#8211; kein Getreide, ist<br \/> &#8211; frei von Zucker, Soja, Bleichmitteln, Vitamin K3, Geruchs-, Farb- oder Geschmacksverst\u00e4rkern und k\u00fcnstlichen Konservierungsmitteln und wird<br \/> &#8211; f\u00fcr Allergiker empfohlen.<\/p>\n<p>Gesunde Ern\u00e4hrung<br \/> Das in unserem Trockenfutter RED ROCK verwendete Fleisch von frei lebenden K\u00e4ngurus besitzt Lebensmittelqualit\u00e4t, ist sehr mager und enth\u00e4lt einen gro\u00dfen Anteil mehrfach unges\u00e4ttigter Fetts\u00e4uren, die sich sehr positiv auf Haut und Fell auswirken und die Infektionsanf\u00e4lligkeit Ihres Sch\u00fctzlings verringern.<br \/> Eine einzigartige Kombination von Heilpflanzen aus Wald, Wiesen und Seen<br \/> Wir von Healthfood24 sehen die Nahrungsbed\u00fcrfnisse der Hunde von heute im Zusammenhang mit ihren Wolfsvorfahren. Bei diesen stand nicht nur Fleisch und Fisch auf dem Speisezettel. Wald und Steppe lieferten seit Urzeiten wertvolle gesunde Fr\u00fcchte, Kr\u00e4uter und Wurzeln, die schon immer zu den wichtigen Nahrungsquellen des Urahns unserer Hunde geh\u00f6rten. In RED ROCK Trockenfutter haben wir das urspr\u00fcngliche Ern\u00e4hrungsspektrum der Hundevorfahren mit den Bed\u00fcrfnissen der Hunde von heute vereint, indem wir die Vorteile des Fleisches durch eine einzigartige Kombination von Heilpflanzen aus Wald, Wiesen und Seen sowie anderer gesundheitsf\u00f6rdernder Zutaten verbunden haben.<\/p>\n<p>An dieser Stelle auch der Hinweis, dass die in unserem Trocken-Hundefutter (K\u00e4nguru) RED ROCK verwendeten Beeren und Heilpflanzen aus Wald, Wiesen und Seen in einer optimal verwertbaren Menge enthalten sind, die oft nur im Milligramm-Bereich liegen. Bei allen Naturkr\u00e4utern gilt die Regel: WENIGER WIRKT MEHR !<\/p>\n<p>Verf\u00fchrerisch lecker<br \/> K\u00e4ngurufleisch \u00e4hnelt geschmacklich dem von Wild. In Kombination mit K\u00fcrbis erh\u00e4lt das Fleisch einen verf\u00fchrerisch leckeren, leicht s\u00fc\u00dflichen Geschmack mit einer naturbelassenen Nuance.<\/p>\n<p>50% Fleischanteil mit nat\u00fcrlichem Ursprung<br \/> Das von uns im Trockenfutter RED ROCK verwendete K\u00e4ngurufleisch stammt aus Australien, wo j\u00e4hrlich eine bestimmte Anzahl von K\u00e4ngurus durch staatlich zugelassene J\u00e4ger erlegt werden. Das ist notwendig geworden, weil die Population der K\u00e4ngurus nach der Ausrottung ihrer nat\u00fcrlichen Feinde, wie dem Beutelwolf, stark zugenommen hat. In Australien gibt es etwa 35 Millionen K\u00e4ngurus. Die gesamte Fleischverarbeitung wird durch Australiens eigene strenge Hygieneverordnungen und von international anerkannten Kontrollsystemen \u00fcberwacht.<\/p>\n<p>Leicht verdaulich<br \/> RED ROCK Trockenfutter f\u00fcr Hunde ist sehr gut verdaulich, was sich entlastend auf den Kreislauf auswirkt. Daf\u00fcr sorgt auch unsere einzigartige Kombination aus K\u00e4ngurufleisch mit Heilpflanzen aus Wald, Wiesen und Seen.<\/p>\n<p>Kein Getreide<br \/> Wer uns kennt wei\u00df, dass die Wolfsblut-Hundefutter-Sorten getreidefrei sind. Hunde sind Fleischfresser, deshalb bauen die Hundefutter-Sorten von Wolfsblut auf tierischem Eiwei\u00df auf, ohne Getreidezusatz.<\/p>\n<p>Was unser Hundefutter nicht enth\u00e4lt<br \/> RED ROCK Trockenfutter beinhaltet nicht nur kein Getreide, es ist auch frei von Zucker, Soja, Bleichmitteln, Vitamin K3, Geruchs-, Farb- oder Geschmacksverst\u00e4rkern und k\u00fcnstlichen Konservierungsmitteln.<\/p>\n<p>Hundefutter K\u00e4nguru-Fleisch &#8211; f\u00fcr Allergiker empfohlen<br \/> Unser Wolfsblut-Trockenfutter ist gerade f\u00fcr sensible und allergiegef\u00e4hrdete Hunde geeignet. Nahrungsmittel, die den Speiseplan erweitern, k\u00f6nnen Futtermittelunvertr\u00e4glichkeiten entgegenwirken.<\/p>\n<p>Zusammensetzung:<br \/> K\u00e4ngurufleisch (min. 50,9 %), S\u00fc\u00dfkartoffel (min. 24 %), K\u00fcrbis (min. 8 %), Mineralien, Pferdefett, Erbsenprotein, Tomatenmark, Thymian, Majoran, Oregano, Petersilie, Salbei, Immutop\u00ae (Topinamburkonzentrat), Spinat, Vitamine, Karottenflocken, Brombeeren, Himbeeren, Heidelbeeren, Schwarze Johannisbeeren, Holunderbeeren, Aroniabeeren, Fenchel, Fingertang, Lappentang, Irish Moos, Darmtang, Meersalat, Leinsamen, rote Bete, gr\u00fcne Bohnen, Brennnessel, Wei\u00dfdorn , Ginseng, Pfefferminze, Ringelblumen, getrocknete Cranberry, L\u00f6wenzahn, Mannanoligosaccharide (Prebiotisch MOS), Fructooligosaccharide (Prebiotisch FOS), Yucca-Schidigera-Extrakt<\/p>\n<p>Zusatzstoffe: Nahrungszus\u00e4tze pro kg:<br \/> Vitamine: Vitamin A (als Retinylacetat) 22.746 IU, Vitamin D3 (als Cholecalciferol) 1.530 IU, Vitamin E (als Alpha Tocopherol Azetat) 745 IU, Spurenelemente: Kalziumjodat wasserfrei 1,64 mg, Selen (als Natriumselenit) 0,53 mg, Eisen (als Eisensulfat) 321,36 mg, Kupfer (als Kupfersulfat) 42,24 mg, Kupferchelat von Aminos\u00e4urehydrat 52,80 mg,<br \/> Zink (als Zinkchelat von Aminos\u00e4urehydrat) 355,73 mg, Mangan (als Mangansulfat) 116,95 mg, Zink (als Zinksulfat) 296,49 mg, (als Eisenchelat von Aminos\u00e4urehydrat) 21,33 mg, Eisen (als Eisenchelat von Aminos\u00e4urehydrat) 21,33 mg, Aminos\u00e4uren: DL-Methionin 2.211 mg, L-Carnithin 85 mg\/kg, Taurin 1.100 mg<\/p>\n<p>N\u00e4hrwertanalyse:<br \/> Rohprotein: 23 %<br \/> Rohfett: 9,5 %<br \/> Rohfaser: 4 %<br \/> Rohasche : 8,5 %<\/p>\n","protected":false},"excerpt":{"rendered":"<p>Healthfood24 bietet mit Wolfsblut RED ROCK Trockenfutter ein Alleinfutter f\u00fcr Hunde aus dem Fleisch von frei lebenden K\u00e4ngurus. 50% K\u00e4ngurufleisch und eine durchdachte Kombination von Heilpflanzen aus Wald, Wiesen und Seen machen unser RED ROCK Trockenfutter einzigartig. Es ist besonders gesund und wirkt auf Ihren Hundefreund vitalisierend und sch\u00fctzend zugleich. RED ROCK Trockenfutter f\u00fcr Hunde [&hellip;]<\/p>\n","protected":false},"featured_media":53255,"comment_status":"closed","ping_status":"open","template":"","meta":[],"product_cat":[15392],"product_tag":[],"class_list":{"0":"post-53254","1":"product","2":"type-product","3":"status-publish","4":"has-post-thumbnail","6":"product_cat-wolfsblut-getreidefrei-hundetrockenfutter-wolfsbluthundewelt-hundetrockenfutter","8":"first","9":"instock","10":"taxable","11":"shipping-taxable","12":"purchasable","13":"product-type-simple"},"_links":{"self":[{"href":"https:\/\/all-pets.de\/shop\/wp-json\/wp\/v2\/product\/53254","targetHints":{"allow":["GET"]}}],"collection":[{"href":"https:\/\/all-pets.de\/shop\/wp-json\/wp\/v2\/product"}],"about":[{"href":"https:\/\/all-pets.de\/shop\/wp-json\/wp\/v2\/types\/product"}],"replies":[{"embeddable":true,"href":"https:\/\/all-pets.de\/shop\/wp-json\/wp\/v2\/comments?post=53254"}],"wp:featuredmedia":[{"embeddable":true,"href":"https:\/\/all-pets.de\/shop\/wp-json\/wp\/v2\/media\/53255"}],"wp:attachment":[{"href":"https:\/\/all-pets.de\/shop\/wp-json\/wp\/v2\/media?parent=53254"}],"wp:term":[{"taxonomy":"product_cat","embeddable":true,"href":"https:\/\/all-pets.de\/shop\/wp-json\/wp\/v2\/product_cat?post=53254"},{"taxonomy":"product_tag","embeddable":true,"href":"https:\/\/all-pets.de\/shop\/wp-json\/wp\/v2\/product_tag?post=53254"}],"curies":[{"name":"wp","href":"https:\/\/api.w.org\/{rel}","templated":true}]}}