{"id":53426,"date":"2023-12-12T12:45:55","date_gmt":"2023-12-12T11:45:55","guid":{"rendered":"https:\/\/pet-shopping.de\/shop\/produkt\/wolfsblut-dark-forest-125-kg\/"},"modified":"2023-12-12T12:45:55","modified_gmt":"2023-12-12T11:45:55","slug":"wolfsblut-dark-forest-125-kg","status":"publish","type":"product","link":"https:\/\/all-pets.de\/shop\/produkt\/wolfsblut-dark-forest-125-kg\/","title":{"rendered":"Wolfsblut Dark Forest &#8211; 12,5 kg"},"content":{"rendered":"<p>DARK FOREST ist eine neue Futtermischung, die speziell das Segment LOW PROTEIN &#8211; LOW FAT perfekt abdeckt.<br \/> Diese neue Zusammensetzung von WOLFSBLUT wurde f\u00fcr Hunde entwickelt, die mit herk\u00f6mmlicher Nahrung Probleme haben.<br \/> Mit hochwertigem Protein, sowie optimal und leicht verwertbaren Kohlehydraten.<\/p>\n<p>&#8211; f\u00fcr Allergiker von Tier\u00e4rzten empfohlen<br \/> &#8211; niedrige Protein- und Fettwerte<br \/> &#8211; kr\u00e4ftigt Herz und Kreislauf<br \/> &#8211; st\u00e4rkt Abwehrkr\u00e4fte und Organfunktion<br \/> &#8211; ausgewogener Anteil an Omega 6 &#038; Omega 3 Fetts\u00e4uren<br \/> &#8211; ohne chem. Konservierungs-, Farb- und Geschmacksstoffe<br \/> &#8211; ohne Weizen , Mais und Soja<br \/> &#8211; ohne Vitamin K 3<br \/> &#8211; keine Bleichmittel<br \/> &#8211; mit zus\u00e4tzlichem Taurin<br \/> &#8211; FOS (Fructooligosaccharide) &#8211; f\u00f6rdern die Bildung einer gesunden Darmflora und verringern die Zahl der pathogenen Bakterien<br \/> &#8211; MOS (Mannanoligosaccharide) &#8211; binden pathogene Bakterien f\u00fcr eine sichere Ausscheidung mit dem Kot und verhindern somit eine Anheftung an die Darmwand<\/p>\n<p>Obwohl es nicht ganz einfach war, einen niedrigen Proteingehalt und eine haupts\u00e4chlich auf Fleisch basierende Nahrung zu kombinieren, ist uns dies mit Erfolg gelungen. Eine Vielzahl vierbeiniger Testfresser hat uns das best\u00e4tigen lassen.<br \/> Frisches Wildfleisch in Kombination mit getrocknetem Wildfleisch liefert auch hier tierisches Protein als Hauptbestandteil!<\/p>\n<p>In DARK FOREST setzten wir erstmals S\u00fc\u00dfkartoffeln ein. Die S\u00fc\u00dfkartoffel, urspr\u00fcnglich in den peruanischen Anden beheimatet, gilt als eine der \u00e4ltesten und n\u00e4hrstoffreichsten Nahrungsmittel. Mit der normalen Kartoffel hat sie nicht viel gemeinsam. Die amerikanische Gesundheitsbeh\u00f6rde hat sie erst k\u00fcrzlich zum ges\u00fcndesten Gem\u00fcse \u00fcberhaupt ernannt.<\/p>\n<p>Die Fakten: Protein 20 %, Fett 10 %, Rohfaser 4 %, Rohasche 9 %<\/p>\n<p>Nur Wild &#038; S\u00fc\u00dfkartoffel war uns aber nicht ausreichend und zu wenig ausgewogen. Unser Ziel war es, entscheidende Verbesserungen vorzunehmen. Dies ist uns gelungen und k\u00f6nnen Sie weiter unten in unseren Inhaltstoffen nachlesen.<\/p>\n<p>Billiges Raps\u00f6l, auch h\u00e4ufig in amerikanischen Futtersorten als Canola\u00f6l bezeichnet, haben wir als nicht artgerechte Fettquelle eliminiert. \u00d6le, wie auch immer gepresst oder gewonnen, sind zwar ein nat\u00fcrlicher Rohstoff, auf Grund der Konzentration und der Menge an \u00d6lfr\u00fcchten aus denen er entsteht, aus unsere Sicht f\u00fcr die Ern\u00e4hrung des Hundes jedoch nicht optimal.<\/p>\n<p>Wir nehmen Lammfett nat\u00fcrlich gewonnen und im Kreislauf der Nahrungskette des Wolfes enthalten, wie auch unsere mediterrane Kr\u00e4utermischung, verschiedene Waldfr\u00fcchte und andere Wildkr\u00e4uter , die ebenfalls auf dem Speisezettel des Vorfahren unserer Haushunde stehen<\/p>\n<p>Neueste wissenschaftliche Forschungen werden bei WOLFSBLUT ber\u00fccksichtigt!<\/p>\n<p>Amerikanische Studien zeigen die Notwendigkeit von Taurin f\u00fcr die Gesundheit der Herzkranzgef\u00e4\u00dfe, speziell bei gro\u00dfen und Riesenrassen. DARK FOREST enth\u00e4lt extra Taurin, zur Unterst\u00fctzung der Herzfunktion und Sehkraft. Neueste Forschungen zeigen die Notwendigkeit von Taurin f\u00fcr die Gesundheit der Herzkranzgef\u00e4\u00dfe, speziell bei gro\u00dfen und Riesenrassen.<\/p>\n<p>Lesen sie hier die Ergebnisse der Studien von Dr. Frascetti zur DCM und dem Einfluss von Taurin bei Herz-Kreislauferkrankungen. zum Artikel >>><\/p>\n<p>An dieser Stelle auch der Hinweis, dass Fr\u00fcchte und Kr\u00e4uter in allen WOLFSBUT Sorten auch in einer optimal verwertbaren Menge enthalten sind. Oftmals werden gerade hier Werte angegeben, die im Bereich Milligramm liegen. Das hei\u00dft pro Sack ein halber Fingerhut.<\/p>\n<p>B\u00e4renkraft mit Beerenkr\u00e4ften unter diesem Motto haben wir auch bei DARK FOREST unser Augenmerk auf diese wertvollen Waldfr\u00fcchte und dabei insbesondere auf die Aroniabeere, einer kleinen Beere mit gro\u00dfer Wirkung gelegt. Die Aroniabeere hat einen enormen Gehalt an sekund\u00e4ren Pflanzenstoffen. Sie ist reich Anpohlyphenolen. Hierbei werden vor allem den Antocyanen aufgrund ihres hohen antioxidativen Potenials und den guten Radikalenf\u00e4ngereigenschaften gesundheitsf\u00f6rdernde und pr\u00e4ventive Eigenschaften zugeschrieben.<\/p>\n<p>Inhalststoffe:<br \/> S\u00fc\u00dfkartoffel, frisches Wildfleisch, getrocknetes Wildfleisch, Kartoffeln, Lammfett, Leinsamen, Erbsen, mediterrane Kr\u00e4uter, Lammleber, Aronia, Holunderbeeren, schwarze Johannisbeeren, Heidelbeeren, Brombeeren, Brennnessel, Wei\u00dfdorn, Ginseng, Anissamen, Bockshornklee, L\u00f6wenzahn, Spirulina Taurin, Lysin, Mineralien und Vitamine (incl. DL Methinine, probiotische Stoffe Fructooligosacharide und Mannaoligosacharide), Yucca Schidigera Extrakt, L-Carnitin, Beta Karotin<\/p>\n","protected":false},"excerpt":{"rendered":"<p>DARK FOREST ist eine neue Futtermischung, die speziell das Segment LOW PROTEIN &#8211; LOW FAT perfekt abdeckt. Diese neue Zusammensetzung von WOLFSBLUT wurde f\u00fcr Hunde entwickelt, die mit herk\u00f6mmlicher Nahrung Probleme haben. Mit hochwertigem Protein, sowie optimal und leicht verwertbaren Kohlehydraten. &#8211; f\u00fcr Allergiker von Tier\u00e4rzten empfohlen &#8211; niedrige Protein- und Fettwerte &#8211; kr\u00e4ftigt Herz [&hellip;]<\/p>\n","protected":false},"featured_media":53427,"comment_status":"closed","ping_status":"open","template":"","meta":[],"product_cat":[15392],"product_tag":[],"class_list":{"0":"post-53426","1":"product","2":"type-product","3":"status-publish","4":"has-post-thumbnail","6":"product_cat-wolfsblut-getreidefrei-hundetrockenfutter-wolfsbluthundewelt-hundetrockenfutter","8":"first","9":"instock","10":"taxable","11":"shipping-taxable","12":"purchasable","13":"product-type-simple"},"_links":{"self":[{"href":"https:\/\/all-pets.de\/shop\/wp-json\/wp\/v2\/product\/53426","targetHints":{"allow":["GET"]}}],"collection":[{"href":"https:\/\/all-pets.de\/shop\/wp-json\/wp\/v2\/product"}],"about":[{"href":"https:\/\/all-pets.de\/shop\/wp-json\/wp\/v2\/types\/product"}],"replies":[{"embeddable":true,"href":"https:\/\/all-pets.de\/shop\/wp-json\/wp\/v2\/comments?post=53426"}],"wp:featuredmedia":[{"embeddable":true,"href":"https:\/\/all-pets.de\/shop\/wp-json\/wp\/v2\/media\/53427"}],"wp:attachment":[{"href":"https:\/\/all-pets.de\/shop\/wp-json\/wp\/v2\/media?parent=53426"}],"wp:term":[{"taxonomy":"product_cat","embeddable":true,"href":"https:\/\/all-pets.de\/shop\/wp-json\/wp\/v2\/product_cat?post=53426"},{"taxonomy":"product_tag","embeddable":true,"href":"https:\/\/all-pets.de\/shop\/wp-json\/wp\/v2\/product_tag?post=53426"}],"curies":[{"name":"wp","href":"https:\/\/api.w.org\/{rel}","templated":true}]}}