{"id":53569,"date":"2023-12-12T12:46:25","date_gmt":"2023-12-12T11:46:25","guid":{"rendered":"https:\/\/pet-shopping.de\/shop\/produkt\/karlie-asp-katzengeschirr-mit-leine-beige\/"},"modified":"2023-12-12T12:46:26","modified_gmt":"2023-12-12T11:46:26","slug":"karlie-asp-katzengeschirr-mit-leine-beige","status":"publish","type":"product","link":"https:\/\/all-pets.de\/shop\/produkt\/karlie-asp-katzengeschirr-mit-leine-beige\/","title":{"rendered":"Karlie ASP Katzengeschirr mit Leine &#8211; Beige"},"content":{"rendered":"<p>Katzengeschirr und Leine in vielen aktuellen Farben. Das Geschirr bietet Ihrer Katze einen angenehmen Tragekomfort. Es kann verstellt werden bis es bequem sitzt und nicht mehr verrutscht. Geschirr und Leine sind aus weichem Nylonmaterial, mit Klickverschl\u00fcssen und verchromten Beschl\u00e4gen. Die Leine hat eine L\u00e4nge von 110 cm. Die Breite des Nylons betr\u00e4gt 10 mm.<\/p>\n<p>Art Sportiv Plus ist eine Kollektion aus weichem, strapazierf\u00e4higem Nylonmaterial. Hochwertige Verarbeitung, stabile, verchromte Beschl\u00e4ge, hautsympathisches Nylon, verschwei\u00dfte Sicherheitsn\u00e4hte, extreme Rei\u00dffestigkeit und eine lange Lebensdauer zeichnen diese Produkte aus. <\/p>\n<p> Farbe: Beige<\/p>\n","protected":false},"excerpt":{"rendered":"<p>Katzengeschirr und Leine in vielen aktuellen Farben. Das Geschirr bietet Ihrer Katze einen angenehmen Tragekomfort. Es kann verstellt werden bis es bequem sitzt und nicht mehr verrutscht. Geschirr und Leine sind aus weichem Nylonmaterial, mit Klickverschl\u00fcssen und verchromten Beschl\u00e4gen. Die Leine hat eine L\u00e4nge von 110 cm. Die Breite des Nylons betr\u00e4gt 10 mm. Art [&hellip;]<\/p>\n","protected":false},"featured_media":31354,"comment_status":"closed","ping_status":"open","template":"","meta":[],"product_cat":[14234],"product_tag":[],"class_list":{"0":"post-53569","1":"product","2":"type-product","3":"status-publish","4":"has-post-thumbnail","6":"product_cat-geschirre","8":"first","9":"instock","10":"taxable","11":"shipping-taxable","12":"purchasable","13":"product-type-simple"},"_links":{"self":[{"href":"https:\/\/all-pets.de\/shop\/wp-json\/wp\/v2\/product\/53569","targetHints":{"allow":["GET"]}}],"collection":[{"href":"https:\/\/all-pets.de\/shop\/wp-json\/wp\/v2\/product"}],"about":[{"href":"https:\/\/all-pets.de\/shop\/wp-json\/wp\/v2\/types\/product"}],"replies":[{"embeddable":true,"href":"https:\/\/all-pets.de\/shop\/wp-json\/wp\/v2\/comments?post=53569"}],"wp:featuredmedia":[{"embeddable":true,"href":"https:\/\/all-pets.de\/shop\/wp-json\/wp\/v2\/media\/31354"}],"wp:attachment":[{"href":"https:\/\/all-pets.de\/shop\/wp-json\/wp\/v2\/media?parent=53569"}],"wp:term":[{"taxonomy":"product_cat","embeddable":true,"href":"https:\/\/all-pets.de\/shop\/wp-json\/wp\/v2\/product_cat?post=53569"},{"taxonomy":"product_tag","embeddable":true,"href":"https:\/\/all-pets.de\/shop\/wp-json\/wp\/v2\/product_tag?post=53569"}],"curies":[{"name":"wp","href":"https:\/\/api.w.org\/{rel}","templated":true}]}}