{"id":53594,"date":"2023-12-12T12:46:29","date_gmt":"2023-12-12T11:46:29","guid":{"rendered":"https:\/\/pet-shopping.de\/shop\/produkt\/bomber-xtreme-by-zeus-115-cm-mini\/"},"modified":"2023-12-12T12:46:30","modified_gmt":"2023-12-12T11:46:30","slug":"bomber-xtreme-by-zeus-115-cm-mini","status":"publish","type":"product","link":"https:\/\/all-pets.de\/shop\/produkt\/bomber-xtreme-by-zeus-115-cm-mini\/","title":{"rendered":"Bomber Xtreme by Zeus &#8211; 11,5 cm (Mini)"},"content":{"rendered":"<ul>\n<li>Optimal als Schleuder- oder als Zieh- und Zerrspielzeug<\/li>\n<li>Gr\u00f6\u00dfere Schleuder-Distanzen<\/li>\n<li>Widerstandsf\u00e4higer, 5 mm dicker Gummi<\/li>\n<li>Robuste Gummigriffe <\/li>\n<\/ul>\n<p>Mit seiner dicken Au\u00dfenschale aus Gummi und dem hochbelastbaren &#038; extrem widerstandsf\u00e4higen Innenfutter ist der Bomber Xtreme stichfest und \u00e4u\u00dferst robust. Bei der Entwicklung stand die Interaktion zwischen Hund und Mensch im Vordergrund, denn Zeus Hundespielzeuge sind keine Kauspielzeuge! <\/p>\n<p><span style=\"font-weight: bold\">Werfen, treten, ziehen, suchen oder apportieren <\/span>\u2013 in den verschiedenen Modellen ungeahnte M\u00f6glichkeiten.<\/p>\n<p>Durchmesser: ca. 11,5 cm<\/p>\n","protected":false},"excerpt":{"rendered":"<p>Optimal als Schleuder- oder als Zieh- und Zerrspielzeug Gr\u00f6\u00dfere Schleuder-Distanzen Widerstandsf\u00e4higer, 5 mm dicker Gummi Robuste Gummigriffe Mit seiner dicken Au\u00dfenschale aus Gummi und dem hochbelastbaren &#038; extrem widerstandsf\u00e4higen Innenfutter ist der Bomber Xtreme stichfest und \u00e4u\u00dferst robust. Bei der Entwicklung stand die Interaktion zwischen Hund und Mensch im Vordergrund, denn Zeus Hundespielzeuge sind keine [&hellip;]<\/p>\n","protected":false},"featured_media":31450,"comment_status":"closed","ping_status":"open","template":"","meta":[],"product_cat":[15696],"product_tag":[],"class_list":{"0":"post-53594","1":"product","2":"type-product","3":"status-publish","4":"has-post-thumbnail","6":"product_cat-hundewurfspielzeug-hundespielzeug-sport-funspielzeugehundewelt-hundespielzeug-sport-hundebaellehundewelt","8":"first","9":"instock","10":"taxable","11":"shipping-taxable","12":"purchasable","13":"product-type-simple"},"_links":{"self":[{"href":"https:\/\/all-pets.de\/shop\/wp-json\/wp\/v2\/product\/53594","targetHints":{"allow":["GET"]}}],"collection":[{"href":"https:\/\/all-pets.de\/shop\/wp-json\/wp\/v2\/product"}],"about":[{"href":"https:\/\/all-pets.de\/shop\/wp-json\/wp\/v2\/types\/product"}],"replies":[{"embeddable":true,"href":"https:\/\/all-pets.de\/shop\/wp-json\/wp\/v2\/comments?post=53594"}],"wp:featuredmedia":[{"embeddable":true,"href":"https:\/\/all-pets.de\/shop\/wp-json\/wp\/v2\/media\/31450"}],"wp:attachment":[{"href":"https:\/\/all-pets.de\/shop\/wp-json\/wp\/v2\/media?parent=53594"}],"wp:term":[{"taxonomy":"product_cat","embeddable":true,"href":"https:\/\/all-pets.de\/shop\/wp-json\/wp\/v2\/product_cat?post=53594"},{"taxonomy":"product_tag","embeddable":true,"href":"https:\/\/all-pets.de\/shop\/wp-json\/wp\/v2\/product_tag?post=53594"}],"curies":[{"name":"wp","href":"https:\/\/api.w.org\/{rel}","templated":true}]}}