{"id":53670,"date":"2023-12-12T12:46:46","date_gmt":"2023-12-12T11:46:46","guid":{"rendered":"https:\/\/pet-shopping.de\/shop\/produkt\/procyon-xxl-kauseil-ring\/"},"modified":"2023-12-12T12:46:46","modified_gmt":"2023-12-12T11:46:46","slug":"procyon-xxl-kauseil-ring","status":"publish","type":"product","link":"https:\/\/all-pets.de\/shop\/produkt\/procyon-xxl-kauseil-ring\/","title":{"rendered":"Procyon XXL-Kauseil &#8211; Ring"},"content":{"rendered":"<p>Das XXL-Kauseil ist ein vielseitig einsetzbares Spielzeug f\u00fcr Ihren Vierbeiner. Es eignet sich perfekt f\u00fcr Zerrspiele, zum Apportieren oder als Kauspielzeug mit dem praktischen Effekt, dass die Z\u00e4hne dabei gleich gereinigt werden.<\/p>\n<p>Das XXL-Kauseil ist ca. 5 cm dick und besteht aus reiner Baumwolle, die gedreht und geknotet ist. Knotendurchmesser ist ca. 14 cm.<\/p>\n<p>Ma\u00dfe: ca. 50 x 14 cm<\/p>\n","protected":false},"excerpt":{"rendered":"<p>Das XXL-Kauseil ist ein vielseitig einsetzbares Spielzeug f\u00fcr Ihren Vierbeiner. Es eignet sich perfekt f\u00fcr Zerrspiele, zum Apportieren oder als Kauspielzeug mit dem praktischen Effekt, dass die Z\u00e4hne dabei gleich gereinigt werden. Das XXL-Kauseil ist ca. 5 cm dick und besteht aus reiner Baumwolle, die gedreht und geknotet ist. Knotendurchmesser ist ca. 14 cm. Ma\u00dfe: [&hellip;]<\/p>\n","protected":false},"featured_media":31859,"comment_status":"closed","ping_status":"open","template":"","meta":[],"product_cat":[15702],"product_tag":[],"class_list":{"0":"post-53670","1":"product","2":"type-product","3":"status-publish","4":"has-post-thumbnail","6":"product_cat-apportieren-erziehung-baumwoll-spielzeughundewelt","8":"first","9":"instock","10":"taxable","11":"shipping-taxable","12":"purchasable","13":"product-type-simple"},"_links":{"self":[{"href":"https:\/\/all-pets.de\/shop\/wp-json\/wp\/v2\/product\/53670","targetHints":{"allow":["GET"]}}],"collection":[{"href":"https:\/\/all-pets.de\/shop\/wp-json\/wp\/v2\/product"}],"about":[{"href":"https:\/\/all-pets.de\/shop\/wp-json\/wp\/v2\/types\/product"}],"replies":[{"embeddable":true,"href":"https:\/\/all-pets.de\/shop\/wp-json\/wp\/v2\/comments?post=53670"}],"wp:featuredmedia":[{"embeddable":true,"href":"https:\/\/all-pets.de\/shop\/wp-json\/wp\/v2\/media\/31859"}],"wp:attachment":[{"href":"https:\/\/all-pets.de\/shop\/wp-json\/wp\/v2\/media?parent=53670"}],"wp:term":[{"taxonomy":"product_cat","embeddable":true,"href":"https:\/\/all-pets.de\/shop\/wp-json\/wp\/v2\/product_cat?post=53670"},{"taxonomy":"product_tag","embeddable":true,"href":"https:\/\/all-pets.de\/shop\/wp-json\/wp\/v2\/product_tag?post=53670"}],"curies":[{"name":"wp","href":"https:\/\/api.w.org\/{rel}","templated":true}]}}