{"id":53793,"date":"2023-12-12T12:47:10","date_gmt":"2023-12-12T11:47:10","guid":{"rendered":"https:\/\/pet-shopping.de\/shop\/produkt\/lebon-hundebett-carl-plus-100-x-75-cm\/"},"modified":"2023-12-12T12:47:11","modified_gmt":"2023-12-12T11:47:11","slug":"lebon-hundebett-carl-plus-100-x-75-cm","status":"publish","type":"product","link":"https:\/\/all-pets.de\/shop\/produkt\/lebon-hundebett-carl-plus-100-x-75-cm\/","title":{"rendered":"Lebon Hundebett Carl PLUS &#8211; 100 x 75 cm"},"content":{"rendered":"<p><span class=\"markedContent\" id=\"page2234R_mcid126\"><span style=\"left: calc(var(--scale-factor)*149.18px)  top: calc(var(--scale-factor)*72.76px)  font-size: calc(var(--scale-factor)*11.04px)  font-family: sans-serif  transform: scaleX(0.902135) \" role=\"presentation\" dir=\"ltr\">Dieses<\/span><span style=\"left: calc(var(--scale-factor)*174.64px)  top: calc(var(--scale-factor)*72.76px)  font-size: calc(var(--scale-factor)*11.04px)  font-family: sans-serif \" role=\"presentation\" dir=\"ltr\"> <\/span><span style=\"left: calc(var(--scale-factor)*177.02px)  top: calc(var(--scale-factor)*72.76px)  font-size: calc(var(--scale-factor)*11.04px)  font-family: sans-serif  transform: scaleX(0.935089) \" role=\"presentation\" dir=\"ltr\" class=\"\">orthop\u00e4dischen Hundebetten <span class=\"highlight appended\">CARL<\/span> PLUS<\/span><span style=\"left: calc(var(--scale-factor)*369.84px)  top: calc(var(--scale-factor)*72.76px)  font-size: calc(var(--scale-factor)*11.04px)  font-family: sans-serif \" role=\"presentation\" dir=\"ltr\"> <\/span><span style=\"left: calc(var(--scale-factor)*372.43px)  top: calc(var(--scale-factor)*72.76px)  font-size: calc(var(--scale-factor)*11.04px)  font-family: sans-serif  transform: scaleX(0.9413) \" role=\"presentation\" dir=\"ltr\">haben die besondere<\/span><\/span><span class=\"markedContent\" id=\"page2234R_mcid127\"><br role=\"presentation\"><span style=\"left: calc(var(--scale-factor)*168.98px)  top: calc(var(--scale-factor)*86.20px)  font-size: calc(var(--scale-factor)*11.04px)  font-family: sans-serif  transform: scaleX(0.929462) \" role=\"presentation\" dir=\"ltr\">Eigenschaft des<\/span><span style=\"left: calc(var(--scale-factor)*242.00px)  top: calc(var(--scale-factor)*86.20px)  font-size: calc(var(--scale-factor)*11.04px)  font-family: sans-serif \" role=\"presentation\" dir=\"ltr\"> <\/span><span style=\"left: calc(var(--scale-factor)*244.49px)  top: calc(var(--scale-factor)*86.20px)  font-size: calc(var(--scale-factor)*11.04px)  font-family: sans-serif  transform: scaleX(1.00477) \" role=\"presentation\" dir=\"ltr\">Memory Effekt<\/span><span style=\"left: calc(var(--scale-factor)*315.81px)  top: calc(var(--scale-factor)*86.20px)  font-size: calc(var(--scale-factor)*11.04px)  font-family: sans-serif \" role=\"presentation\" dir=\"ltr\"> <\/span><span style=\"left: calc(var(--scale-factor)*320.59px)  top: calc(var(--scale-factor)*86.20px)  font-size: calc(var(--scale-factor)*11.04px)  font-family: sans-serif  transform: scaleX(0.923201) \" role=\"presentation\" dir=\"ltr\">(Visco<\/span><span style=\"left: calc(var(--scale-factor)*348.67px)  top: calc(var(--scale-factor)*86.20px)  font-size: calc(var(--scale-factor)*11.04px)  font-family: sans-serif \" role=\"presentation\" dir=\"ltr\">&#8211;<\/span><span style=\"left: calc(var(--scale-factor)*351.45px)  top: calc(var(--scale-factor)*86.20px)  font-size: calc(var(--scale-factor)*11.04px)  font-family: sans-serif \" role=\"presentation\" dir=\"ltr\"> <\/span><span style=\"left: calc(var(--scale-factor)*353.83px)  top: calc(var(--scale-factor)*86.20px)  font-size: calc(var(--scale-factor)*11.04px)  font-family: sans-serif  transform: scaleX(0.959199) \" role=\"presentation\" dir=\"ltr\">bzw. Memory Foam).<\/span><\/span><span class=\"markedContent\" id=\"page2234R_mcid128\"><br role=\"presentation\"><span style=\"left: calc(var(--scale-factor)*50.64px)  top: calc(var(--scale-factor)*99.64px)  font-size: calc(var(--scale-factor)*11.04px)  font-family: sans-serif  transform: scaleX(0.94077) \" role=\"presentation\" dir=\"ltr\">Der orthop\u00e4dische Liegekern passt sich dem K\u00f6rper des Hundes an und entlastet somit<\/span><span style=\"left: calc(var(--scale-factor)*453.09px)  top: calc(var(--scale-factor)*99.64px)  font-size: calc(var(--scale-factor)*11.04px)  font-family: sans-serif \" role=\"presentation\" dir=\"ltr\"> <\/span><span style=\"left: calc(var(--scale-factor)*455.74px)  top: calc(var(--scale-factor)*99.64px)  font-size: calc(var(--scale-factor)*11.04px)  font-family: sans-serif  transform: scaleX(0.956175) \" role=\"presentation\" dir=\"ltr\">alle sehr beanspruchten<\/span><br role=\"presentation\"><span style=\"left: calc(var(--scale-factor)*38.28px)  top: calc(var(--scale-factor)*113.08px)  font-size: calc(var(--scale-factor)*11.04px)  font-family: sans-serif  transform: scaleX(0.97895) \" role=\"presentation\" dir=\"ltr\">Druckstellen<\/span><span style=\"left: calc(var(--scale-factor)*97.82px)  top: calc(var(--scale-factor)*113.08px)  font-size: calc(var(--scale-factor)*11.04px)  font-family: sans-serif  transform: scaleX(0.94498) \" role=\"presentation\" dir=\"ltr\">. Nach kurzer Zeit nimmt das Material seine Ursprungsform wieder an.<\/span><span style=\"left: calc(var(--scale-factor)*421.98px)  top: calc(var(--scale-factor)*113.08px)  font-size: calc(var(--scale-factor)*11.04px)  font-family: sans-serif \" role=\"presentation\" dir=\"ltr\"> <\/span><span style=\"left: calc(var(--scale-factor)*424.51px)  top: calc(var(--scale-factor)*113.08px)  font-size: calc(var(--scale-factor)*11.04px)  font-family: sans-serif  transform: scaleX(0.968719) \" role=\"presentation\" dir=\"ltr\">Pr\u00e4ventiv bei jungen oder bereits<\/span><br role=\"presentation\"><span style=\"left: calc(var(--scale-factor)*37.44px)  top: calc(var(--scale-factor)*126.52px)  font-size: calc(var(--scale-factor)*11.04px)  font-family: sans-serif  transform: scaleX(0.968303) \" role=\"presentation\" dir=\"ltr\">\u00e4lteren Hunden<\/span><span style=\"left: calc(var(--scale-factor)*110.55px)  top: calc(var(--scale-factor)*126.52px)  font-size: calc(var(--scale-factor)*11.04px)  font-family: sans-serif \" role=\"presentation\" dir=\"ltr\"> <\/span><span style=\"left: calc(var(--scale-factor)*113.06px)  top: calc(var(--scale-factor)*126.52px)  font-size: calc(var(--scale-factor)*11.04px)  font-family: sans-serif  transform: scaleX(0.960093) \" role=\"presentation\" dir=\"ltr\">bietet die zus\u00e4tzl<\/span><span style=\"left: calc(var(--scale-factor)*192.05px)  top: calc(var(--scale-factor)*126.52px)  font-size: calc(var(--scale-factor)*11.04px)  font-family: sans-serif  transform: scaleX(0.936628) \" role=\"presentation\" dir=\"ltr\">iche<\/span><span style=\"left: calc(var(--scale-factor)*211.02px)  top: calc(var(--scale-factor)*126.52px)  font-size: calc(var(--scale-factor)*11.04px)  font-family: sans-serif \" role=\"presentation\" dir=\"ltr\"> <\/span><span style=\"left: calc(var(--scale-factor)*213.29px)  top: calc(var(--scale-factor)*126.52px)  font-size: calc(var(--scale-factor)*11.04px)  font-family: sans-serif  transform: scaleX(0.928036) \" role=\"presentation\" dir=\"ltr\">Visco<\/span><span style=\"left: calc(var(--scale-factor)*238.13px)  top: calc(var(--scale-factor)*126.52px)  font-size: calc(var(--scale-factor)*11.04px)  font-family: sans-serif \" role=\"presentation\" dir=\"ltr\">&#8211;<\/span><span style=\"left: calc(var(--scale-factor)*240.89px)  top: calc(var(--scale-factor)*126.52px)  font-size: calc(var(--scale-factor)*11.04px)  font-family: sans-serif  transform: scaleX(0.954664) \" role=\"presentation\" dir=\"ltr\">elastische Auflage<\/span><span style=\"left: calc(var(--scale-factor)*326.43px)  top: calc(var(--scale-factor)*126.52px)  font-size: calc(var(--scale-factor)*11.04px)  font-family: sans-serif \" role=\"presentation\" dir=\"ltr\"> <\/span><span style=\"left: calc(var(--scale-factor)*328.87px)  top: calc(var(--scale-factor)*126.52px)  font-size: calc(var(--scale-factor)*11.04px)  font-family: sans-serif  transform: scaleX(0.954297) \" role=\"presentation\" dir=\"ltr\">die perfekte Beschaffenheit, f\u00fcr einen erholsamen und<\/span><\/span><span class=\"markedContent\" id=\"page2234R_mcid129\"><br role=\"presentation\"><span style=\"left: calc(var(--scale-factor)*270.05px)  top: calc(var(--scale-factor)*139.96px)  font-size: calc(var(--scale-factor)*11.04px)  font-family: sans-serif  transform: scaleX(0.928152) \" role=\"presentation\" dir=\"ltr\">gesunden Schlaf.<\/span><\/span><\/p>\n<ul>\n<li>Extra dicke Liegefl\u00e4che aus Visco-elastischer Auflage &#038; st\u00fctzendem Komfortschaum (Zusammen=7cm)<\/li>\n<li>Entlastet Gelenke, Wirbels\u00e4ule, Muskeln, B\u00e4nder und Sehnen \u2013 Punktgenaue Druckentlastung<\/li>\n<li>Optimaler Liegekomfort f\u00fcr alle Hunde<\/li>\n<li>Inklusive Kuscheliger Decke mit schicker Druckknopf-Befestigung auf der Liegefl\u00e4che (Kein verrutschen)<\/li>\n<li>Kuscheldecke abnehmbar und flexibel einsetzbar<\/li>\n<li>Einfache und regelm\u00e4\u00dfige W\u00e4sche durch Abnahme m\u00f6glich<\/li>\n<li>Liegefl\u00e4che l\u00e4sst sich durch die Kuscheldecke immer anpassen f\u00fcr warme und kalte Jahreszeiten<\/li>\n<li>Sehr hochwertiger, pflegeleichter und robuster Webstoff<\/li>\n<li>Der extra hohe Rand sorgt f\u00fcr Geborgenheit und Sicherheit<\/li>\n<li>Einfacher und schicker Einstieg<\/li>\n<li>Stylischer und stabiler Ring am oberen Rand zum einfachen 1-Finger anheben oder verschieben des Bett<\/li>\n<li>Bezug durch einen Rei\u00dfverschluss abziehbar \u2013 Bezug &#038; Decke bis 40 Grad Waschbar<\/li>\n<\/ul>\n<p>Ma\u00dfe:<\/p>\n<p>Au\u00dfenma\u00dfe (BxTxH): ca. <span class=\"markedContent\" id=\"page2558R_mcid56\"><span style=\"left: calc(var(--scale-factor)*326.23px)  top: calc(var(--scale-factor)*295.75px)  font-size: calc(var(--scale-factor)*8.04px)  font-family: sans-serif  transform: scaleX(1.02574) \" role=\"presentation\" dir=\"ltr\">100 x 75 <\/span><span style=\"left: calc(var(--scale-factor)*352.15px)  top: calc(var(--scale-factor)*295.75px)  font-size: calc(var(--scale-factor)*8.04px)  font-family: sans-serif  transform: scaleX(1.005) \" role=\"presentation\" dir=\"ltr\">x 25<\/span><span style=\"left: calc(var(--scale-factor)*364.81px)  top: calc(var(--scale-factor)*295.75px)  font-size: calc(var(--scale-factor)*8.04px)  font-family: sans-serif \" role=\"presentation\" dir=\"ltr\"> <\/span><span style=\"left: calc(var(--scale-factor)*367.27px)  top: calc(var(--scale-factor)*295.75px)  font-size: calc(var(--scale-factor)*8.04px)  font-family: sans-serif  transform: scaleX(0.969781) \" role=\"presentation\" dir=\"ltr\">cm<\/span><\/span><\/p>\n<p>Innenma\u00dfe (BxT): ca. <span class=\"markedContent\" id=\"page2558R_mcid56\"><span style=\"left: calc(var(--scale-factor)*367.27px)  top: calc(var(--scale-factor)*295.75px)  font-size: calc(var(--scale-factor)*8.04px)  font-family: sans-serif  transform: scaleX(0.969781) \" role=\"presentation\" dir=\"ltr\"><\/span><span style=\"left: calc(var(--scale-factor)*377.74px)  top: calc(var(--scale-factor)*295.75px)  font-size: calc(var(--scale-factor)*8.04px)  font-family: sans-serif \" role=\"presentation\" dir=\"ltr\"> <\/span><span style=\"left: calc(var(--scale-factor)*380.23px)  top: calc(var(--scale-factor)*295.75px)  font-size: calc(var(--scale-factor)*8.04px)  font-family: sans-serif  transform: scaleX(1.02438) \" role=\"presentation\" dir=\"ltr\">70 x 45 cm<\/span><\/span><\/p>\n<p><\/p><\/p>\n","protected":false},"excerpt":{"rendered":"<p>Dieses orthop\u00e4dischen Hundebetten CARL PLUS haben die besondereEigenschaft des Memory Effekt (Visco&#8211; bzw. Memory Foam).Der orthop\u00e4dische Liegekern passt sich dem K\u00f6rper des Hundes an und entlastet somit alle sehr beanspruchtenDruckstellen. Nach kurzer Zeit nimmt das Material seine Ursprungsform wieder an. Pr\u00e4ventiv bei jungen oder bereits\u00e4lteren Hunden bietet die zus\u00e4tzliche Visco&#8211;elastische Auflage die perfekte Beschaffenheit, f\u00fcr [&hellip;]<\/p>\n","protected":false},"featured_media":53790,"comment_status":"closed","ping_status":"open","template":"","meta":[],"product_cat":[15113],"product_tag":[],"class_list":{"0":"post-53793","1":"product","2":"type-product","3":"status-publish","4":"has-post-thumbnail","6":"product_cat-hundebetten-hundekissen-betten-koerbe","8":"first","9":"instock","10":"taxable","11":"shipping-taxable","12":"purchasable","13":"product-type-simple"},"_links":{"self":[{"href":"https:\/\/all-pets.de\/shop\/wp-json\/wp\/v2\/product\/53793","targetHints":{"allow":["GET"]}}],"collection":[{"href":"https:\/\/all-pets.de\/shop\/wp-json\/wp\/v2\/product"}],"about":[{"href":"https:\/\/all-pets.de\/shop\/wp-json\/wp\/v2\/types\/product"}],"replies":[{"embeddable":true,"href":"https:\/\/all-pets.de\/shop\/wp-json\/wp\/v2\/comments?post=53793"}],"wp:featuredmedia":[{"embeddable":true,"href":"https:\/\/all-pets.de\/shop\/wp-json\/wp\/v2\/media\/53790"}],"wp:attachment":[{"href":"https:\/\/all-pets.de\/shop\/wp-json\/wp\/v2\/media?parent=53793"}],"wp:term":[{"taxonomy":"product_cat","embeddable":true,"href":"https:\/\/all-pets.de\/shop\/wp-json\/wp\/v2\/product_cat?post=53793"},{"taxonomy":"product_tag","embeddable":true,"href":"https:\/\/all-pets.de\/shop\/wp-json\/wp\/v2\/product_tag?post=53793"}],"curies":[{"name":"wp","href":"https:\/\/api.w.org\/{rel}","templated":true}]}}