{"id":53820,"date":"2023-12-12T12:47:15","date_gmt":"2023-12-12T11:47:15","guid":{"rendered":"https:\/\/pet-shopping.de\/shop\/produkt\/lebon-hundekissen-ponto-grau-105-x-80-cm\/"},"modified":"2023-12-12T12:47:16","modified_gmt":"2023-12-12T11:47:16","slug":"lebon-hundekissen-ponto-grau-105-x-80-cm","status":"publish","type":"product","link":"https:\/\/all-pets.de\/shop\/produkt\/lebon-hundekissen-ponto-grau-105-x-80-cm\/","title":{"rendered":"Lebon Hundekissen Ponto &#8211; grau &#8211; 105 x 80 cm"},"content":{"rendered":"<p>Die robusten Hundekissen Ponto bieten Ihrem Liebling einen schonenden und gem\u00fctlichen Liegeplatz.<\/p>\n<p>In die Kissen k\u00f6nnen sich die Vierbeiner gem\u00fctlich einrollen und den Kopf leicht erh\u00f6ht ablegen, somit ist f\u00fcr eine komfortable Schlafqualit\u00e4t und das Wohlbefinden des Hundes optimal gesorgt.<\/p>\n<p>Der Bezug ist durch einen Rei\u00dfverschluss abnehmbar und bei 40 Grad waschbar. Der weiche Schaumstoff sch\u00fctzt vor Bodenk\u00e4lte und schont die Gelenke bei harten B\u00f6den.<\/p>\n<p>Der hochwertige Kodurabezug ist wasserfest und sehr strapazierf\u00e4hig und damit auch f\u00fcr den Au\u00dfenbereich geeignet. Die Hundekissen sind stabil und formbest\u00e4ndig.<\/p>\n<p>Farbe: Grau<\/p>\n<p>Gr\u00f6\u00dfe: ca. 105 x 80cm<\/p>\n<p><\/p><\/p>\n","protected":false},"excerpt":{"rendered":"<p>Die robusten Hundekissen Ponto bieten Ihrem Liebling einen schonenden und gem\u00fctlichen Liegeplatz. In die Kissen k\u00f6nnen sich die Vierbeiner gem\u00fctlich einrollen und den Kopf leicht erh\u00f6ht ablegen, somit ist f\u00fcr eine komfortable Schlafqualit\u00e4t und das Wohlbefinden des Hundes optimal gesorgt. Der Bezug ist durch einen Rei\u00dfverschluss abnehmbar und bei 40 Grad waschbar. Der weiche Schaumstoff [&hellip;]<\/p>\n","protected":false},"featured_media":53817,"comment_status":"closed","ping_status":"open","template":"","meta":[],"product_cat":[15113],"product_tag":[],"class_list":{"0":"post-53820","1":"product","2":"type-product","3":"status-publish","4":"has-post-thumbnail","6":"product_cat-hundebetten-hundekissen-betten-koerbe","8":"first","9":"instock","10":"taxable","11":"shipping-taxable","12":"purchasable","13":"product-type-simple"},"_links":{"self":[{"href":"https:\/\/all-pets.de\/shop\/wp-json\/wp\/v2\/product\/53820","targetHints":{"allow":["GET"]}}],"collection":[{"href":"https:\/\/all-pets.de\/shop\/wp-json\/wp\/v2\/product"}],"about":[{"href":"https:\/\/all-pets.de\/shop\/wp-json\/wp\/v2\/types\/product"}],"replies":[{"embeddable":true,"href":"https:\/\/all-pets.de\/shop\/wp-json\/wp\/v2\/comments?post=53820"}],"wp:featuredmedia":[{"embeddable":true,"href":"https:\/\/all-pets.de\/shop\/wp-json\/wp\/v2\/media\/53817"}],"wp:attachment":[{"href":"https:\/\/all-pets.de\/shop\/wp-json\/wp\/v2\/media?parent=53820"}],"wp:term":[{"taxonomy":"product_cat","embeddable":true,"href":"https:\/\/all-pets.de\/shop\/wp-json\/wp\/v2\/product_cat?post=53820"},{"taxonomy":"product_tag","embeddable":true,"href":"https:\/\/all-pets.de\/shop\/wp-json\/wp\/v2\/product_tag?post=53820"}],"curies":[{"name":"wp","href":"https:\/\/api.w.org\/{rel}","templated":true}]}}