{"id":53877,"date":"2023-12-12T12:47:26","date_gmt":"2023-12-12T11:47:26","guid":{"rendered":"https:\/\/pet-shopping.de\/shop\/produkt\/karlie-tragetasche-shopper-de-luxe-groesse-s-schwarz\/"},"modified":"2023-12-12T12:47:26","modified_gmt":"2023-12-12T11:47:26","slug":"karlie-tragetasche-shopper-de-luxe-groesse-s-schwarz","status":"publish","type":"product","link":"https:\/\/all-pets.de\/shop\/produkt\/karlie-tragetasche-shopper-de-luxe-groesse-s-schwarz\/","title":{"rendered":"Karlie Tragetasche Shopper De Luxe &#8211; Gr\u00f6\u00dfe S &#8211; Schwarz"},"content":{"rendered":"<p>Der exklusive Begleiter f\u00fcr Ihren Liebling. Perfekt auch f\u00fcr Zuhause als Liegek\u00f6rbchen. Elegant und von h\u00f6chster Qualit\u00e4t. Stabil und sicher. Praktische Rei\u00dfverschl\u00fcsse verwandeln den Shopper in ein kuscheliges Bettchen mit teddyweichem Pl\u00fcsch. Mit praktischer Sommer- und Winterseite. Mit Sicherheitsnetz, 2 Utensilientaschen und Halsbandarretierung. Das Kissen ist herausnehmbar und waschbar bei 30 \u00b0C.<\/p>\n<p>Gesamtma\u00dfe: ca. 40 x 33 x 30 cm (BxTxH)<br \/> Ma\u00dfe Liegefl\u00e4che: ca. 30 x 22 cm<br \/> Gewicht: ca. 1,32 kg<br \/> Farbe: Schwarz<\/p>\n","protected":false},"excerpt":{"rendered":"<p>Der exklusive Begleiter f\u00fcr Ihren Liebling. Perfekt auch f\u00fcr Zuhause als Liegek\u00f6rbchen. Elegant und von h\u00f6chster Qualit\u00e4t. Stabil und sicher. Praktische Rei\u00dfverschl\u00fcsse verwandeln den Shopper in ein kuscheliges Bettchen mit teddyweichem Pl\u00fcsch. Mit praktischer Sommer- und Winterseite. Mit Sicherheitsnetz, 2 Utensilientaschen und Halsbandarretierung. Das Kissen ist herausnehmbar und waschbar bei 30 \u00b0C. Gesamtma\u00dfe: ca. 40 [&hellip;]<\/p>\n","protected":false},"featured_media":32984,"comment_status":"closed","ping_status":"open","template":"","meta":[],"product_cat":[15718],"product_tag":[],"class_list":{"0":"post-53877","1":"product","2":"type-product","3":"status-publish","4":"has-post-thumbnail","6":"product_cat-katzentragetaschen-katzentransport-reise-hundetaschenkatzenwelt-reise-transport-transportboxenhundewelt","8":"first","9":"instock","10":"taxable","11":"shipping-taxable","12":"purchasable","13":"product-type-simple"},"_links":{"self":[{"href":"https:\/\/all-pets.de\/shop\/wp-json\/wp\/v2\/product\/53877","targetHints":{"allow":["GET"]}}],"collection":[{"href":"https:\/\/all-pets.de\/shop\/wp-json\/wp\/v2\/product"}],"about":[{"href":"https:\/\/all-pets.de\/shop\/wp-json\/wp\/v2\/types\/product"}],"replies":[{"embeddable":true,"href":"https:\/\/all-pets.de\/shop\/wp-json\/wp\/v2\/comments?post=53877"}],"wp:featuredmedia":[{"embeddable":true,"href":"https:\/\/all-pets.de\/shop\/wp-json\/wp\/v2\/media\/32984"}],"wp:attachment":[{"href":"https:\/\/all-pets.de\/shop\/wp-json\/wp\/v2\/media?parent=53877"}],"wp:term":[{"taxonomy":"product_cat","embeddable":true,"href":"https:\/\/all-pets.de\/shop\/wp-json\/wp\/v2\/product_cat?post=53877"},{"taxonomy":"product_tag","embeddable":true,"href":"https:\/\/all-pets.de\/shop\/wp-json\/wp\/v2\/product_tag?post=53877"}],"curies":[{"name":"wp","href":"https:\/\/api.w.org\/{rel}","templated":true}]}}