{"id":53881,"date":"2023-12-12T12:47:26","date_gmt":"2023-12-12T11:47:26","guid":{"rendered":"https:\/\/pet-shopping.de\/shop\/produkt\/karlie-buffalo-weidmannsheil-leine-braun-gruen-14-mm-110-cm\/"},"modified":"2023-12-12T12:47:27","modified_gmt":"2023-12-12T11:47:27","slug":"karlie-buffalo-weidmannsheil-leine-braun-gruen-14-mm-110-cm","status":"publish","type":"product","link":"https:\/\/all-pets.de\/shop\/produkt\/karlie-buffalo-weidmannsheil-leine-braun-gruen-14-mm-110-cm\/","title":{"rendered":"Karlie Buffalo Weidmannsheil Leine &#8211; Braun\/Gr\u00fcn &#8211; 14 mm \/ 110 cm"},"content":{"rendered":"<div>Horrido! Diese F\u00fchrleine aus dem Programm Waidmanns Heil ist eine doppelt gebuggte Leine aus B\u00fcffelleder in der Farbkombination gr\u00fcn\/braun. Farblich passend ist sie in Handarbeit abgen\u00e4ht. Eine Nyloneinlage sorgt f\u00fcr Stabilit\u00e4t und Rei\u00dffestigkeit. Durch das super weiche B\u00fcffelleder ist die Leine sehr angenehm zu halten. Versehen ist sie mit stabilen verchromten Beschl\u00e4gen. Made in Germany. <\/div>\n<div>\u00a0<\/div>\n<div>L\u00e4nge: ca. 110 cm<br \/>Breite: ca. 14 mm<\/div><\/p>\n","protected":false},"excerpt":{"rendered":"<p>Horrido! Diese F\u00fchrleine aus dem Programm Waidmanns Heil ist eine doppelt gebuggte Leine aus B\u00fcffelleder in der Farbkombination gr\u00fcn\/braun. Farblich passend ist sie in Handarbeit abgen\u00e4ht. Eine Nyloneinlage sorgt f\u00fcr Stabilit\u00e4t und Rei\u00dffestigkeit. Durch das super weiche B\u00fcffelleder ist die Leine sehr angenehm zu halten. Versehen ist sie mit stabilen verchromten Beschl\u00e4gen. Made in Germany. [&hellip;]<\/p>\n","protected":false},"featured_media":53882,"comment_status":"closed","ping_status":"open","template":"","meta":[],"product_cat":[13749],"product_tag":[],"class_list":{"0":"post-53881","1":"product","2":"type-product","3":"status-publish","4":"has-post-thumbnail","6":"product_cat-lederleinen","8":"first","9":"instock","10":"taxable","11":"shipping-taxable","12":"purchasable","13":"product-type-simple"},"_links":{"self":[{"href":"https:\/\/all-pets.de\/shop\/wp-json\/wp\/v2\/product\/53881","targetHints":{"allow":["GET"]}}],"collection":[{"href":"https:\/\/all-pets.de\/shop\/wp-json\/wp\/v2\/product"}],"about":[{"href":"https:\/\/all-pets.de\/shop\/wp-json\/wp\/v2\/types\/product"}],"replies":[{"embeddable":true,"href":"https:\/\/all-pets.de\/shop\/wp-json\/wp\/v2\/comments?post=53881"}],"wp:featuredmedia":[{"embeddable":true,"href":"https:\/\/all-pets.de\/shop\/wp-json\/wp\/v2\/media\/53882"}],"wp:attachment":[{"href":"https:\/\/all-pets.de\/shop\/wp-json\/wp\/v2\/media?parent=53881"}],"wp:term":[{"taxonomy":"product_cat","embeddable":true,"href":"https:\/\/all-pets.de\/shop\/wp-json\/wp\/v2\/product_cat?post=53881"},{"taxonomy":"product_tag","embeddable":true,"href":"https:\/\/all-pets.de\/shop\/wp-json\/wp\/v2\/product_tag?post=53881"}],"curies":[{"name":"wp","href":"https:\/\/api.w.org\/{rel}","templated":true}]}}