{"id":53928,"date":"2023-12-12T12:47:32","date_gmt":"2023-12-12T11:47:32","guid":{"rendered":"https:\/\/pet-shopping.de\/shop\/produkt\/karlie-nordic-leine-aus-hirschleder-hellbraun-18-mm-100-cm\/"},"modified":"2023-12-12T12:47:33","modified_gmt":"2023-12-12T11:47:33","slug":"karlie-nordic-leine-aus-hirschleder-hellbraun-18-mm-100-cm","status":"publish","type":"product","link":"https:\/\/all-pets.de\/shop\/produkt\/karlie-nordic-leine-aus-hirschleder-hellbraun-18-mm-100-cm\/","title":{"rendered":"Karlie Nordic Leine aus Hirschleder &#8211; Hellbraun &#8211; 18 mm \/ 100 cm"},"content":{"rendered":"<p>Die Nordic Leinen bestehen aus hochwertigem gen\u00e4htem Hirschleder. Sie sind super soft und atmungsaktiv und mit verchromten Beschl\u00e4gen best\u00fcckt.<\/p>\n<p>Farbe: hellbraun<br \/> L\u00e4nge: ca. 100 cm<br \/> Breite: ca. 18 mm<\/p>\n","protected":false},"excerpt":{"rendered":"<p>Die Nordic Leinen bestehen aus hochwertigem gen\u00e4htem Hirschleder. Sie sind super soft und atmungsaktiv und mit verchromten Beschl\u00e4gen best\u00fcckt. Farbe: hellbraun L\u00e4nge: ca. 100 cm Breite: ca. 18 mm<\/p>\n","protected":false},"featured_media":33027,"comment_status":"closed","ping_status":"open","template":"","meta":[],"product_cat":[13749],"product_tag":[],"class_list":{"0":"post-53928","1":"product","2":"type-product","3":"status-publish","4":"has-post-thumbnail","6":"product_cat-lederleinen","8":"first","9":"instock","10":"taxable","11":"shipping-taxable","12":"purchasable","13":"product-type-simple"},"_links":{"self":[{"href":"https:\/\/all-pets.de\/shop\/wp-json\/wp\/v2\/product\/53928","targetHints":{"allow":["GET"]}}],"collection":[{"href":"https:\/\/all-pets.de\/shop\/wp-json\/wp\/v2\/product"}],"about":[{"href":"https:\/\/all-pets.de\/shop\/wp-json\/wp\/v2\/types\/product"}],"replies":[{"embeddable":true,"href":"https:\/\/all-pets.de\/shop\/wp-json\/wp\/v2\/comments?post=53928"}],"wp:featuredmedia":[{"embeddable":true,"href":"https:\/\/all-pets.de\/shop\/wp-json\/wp\/v2\/media\/33027"}],"wp:attachment":[{"href":"https:\/\/all-pets.de\/shop\/wp-json\/wp\/v2\/media?parent=53928"}],"wp:term":[{"taxonomy":"product_cat","embeddable":true,"href":"https:\/\/all-pets.de\/shop\/wp-json\/wp\/v2\/product_cat?post=53928"},{"taxonomy":"product_tag","embeddable":true,"href":"https:\/\/all-pets.de\/shop\/wp-json\/wp\/v2\/product_tag?post=53928"}],"curies":[{"name":"wp","href":"https:\/\/api.w.org\/{rel}","templated":true}]}}