{"id":53937,"date":"2023-12-12T12:47:34","date_gmt":"2023-12-12T11:47:34","guid":{"rendered":"https:\/\/pet-shopping.de\/shop\/produkt\/karlie-nordic-strass-halsband-biscuit-hellbeige-40-mm-65-cm\/"},"modified":"2023-12-12T12:47:35","modified_gmt":"2023-12-12T11:47:35","slug":"karlie-nordic-strass-halsband-biscuit-hellbeige-40-mm-65-cm","status":"publish","type":"product","link":"https:\/\/all-pets.de\/shop\/produkt\/karlie-nordic-strass-halsband-biscuit-hellbeige-40-mm-65-cm\/","title":{"rendered":"Karlie Nordic Strass Halsband &#8211; Biscuit (Hellbeige) &#8211; 40 mm \/ 65 cm"},"content":{"rendered":"<ul>\n<li>Einfach Elegant!<\/li>\n<li>Ein super softes, elegantes Halsband aus Hirschleder verzieht mit sch\u00f6nen Strasssteinen.<\/li>\n<li>Es sitzt bequem und bietet Ihrem Hund einen hohen Tragekomfort.<\/li>\n<li>Das atmungsaktive, sehr weiche Leder ist dennoch robust und langlebig.<\/li>\n<li>Das doppelt gebuggte Halsband ist farblich passend abgen\u00e4ht und mit verchromten Beschl\u00e4gen versehen.<\/li>\n<li>Made in Germany.<\/li>\n<li>Farbe: biscuit (hellbeige)<\/li>\n<li>Gesamtl\u00e4nge: ca. 65 cm<\/li>\n<li>Breite: ca. 40 mm<\/li>\n<\/ul>\n<p>Zu diesem Halsband gibt es selbstverst\u00e4ndlich auch passende Leinen aus der Nordic-Serie. Nordic Halsb\u00e4nder und Leinen sind besonders weich, warm und widerstandsf\u00e4hig. Das superweiche Hirschleder sorgt f\u00fcr h\u00f6chste Trageeigenschaften und ist f\u00fcr den Halter sehr angenehm in der Handhabung. Man kann die Artikel gut miteinander kombinieren, sie wirken sehr elegant. Dank seiner Strapazierf\u00e4higkeit haben Produkte aus dieser Serie eine lange Lebensdauer. Diese hochwertigen, farblich passend vern\u00e4hten, superweichen und atmungsaktiven Halsb\u00e4nder und Leinen gibt es mit verchromten Beschl\u00e4gen. Das wenig vorkommende Hirschleder ist eines der weichsten und geschmeidigsten Leder der Welt. F\u00fcr Nordic werden H\u00e4ute von Zuchttieren verwendet. Diese H\u00e4ute sind gr\u00f6\u00dfer und haben weniger Fehler als H\u00e4ute von Wildtieren. F\u00fcr die Verarbeitung wird jede Haut in Handarbeit sorgf\u00e4ltigst \u00fcberpr\u00fcft und ausgew\u00e4hlt. <\/p>\n","protected":false},"excerpt":{"rendered":"<p>Einfach Elegant! Ein super softes, elegantes Halsband aus Hirschleder verzieht mit sch\u00f6nen Strasssteinen. Es sitzt bequem und bietet Ihrem Hund einen hohen Tragekomfort. Das atmungsaktive, sehr weiche Leder ist dennoch robust und langlebig. Das doppelt gebuggte Halsband ist farblich passend abgen\u00e4ht und mit verchromten Beschl\u00e4gen versehen. Made in Germany. Farbe: biscuit (hellbeige) Gesamtl\u00e4nge: ca. 65 [&hellip;]<\/p>\n","protected":false},"featured_media":53938,"comment_status":"closed","ping_status":"open","template":"","meta":[],"product_cat":[13749],"product_tag":[],"class_list":{"0":"post-53937","1":"product","2":"type-product","3":"status-publish","4":"has-post-thumbnail","6":"product_cat-lederleinen","8":"first","9":"instock","10":"taxable","11":"shipping-taxable","12":"purchasable","13":"product-type-simple"},"_links":{"self":[{"href":"https:\/\/all-pets.de\/shop\/wp-json\/wp\/v2\/product\/53937","targetHints":{"allow":["GET"]}}],"collection":[{"href":"https:\/\/all-pets.de\/shop\/wp-json\/wp\/v2\/product"}],"about":[{"href":"https:\/\/all-pets.de\/shop\/wp-json\/wp\/v2\/types\/product"}],"replies":[{"embeddable":true,"href":"https:\/\/all-pets.de\/shop\/wp-json\/wp\/v2\/comments?post=53937"}],"wp:featuredmedia":[{"embeddable":true,"href":"https:\/\/all-pets.de\/shop\/wp-json\/wp\/v2\/media\/53938"}],"wp:attachment":[{"href":"https:\/\/all-pets.de\/shop\/wp-json\/wp\/v2\/media?parent=53937"}],"wp:term":[{"taxonomy":"product_cat","embeddable":true,"href":"https:\/\/all-pets.de\/shop\/wp-json\/wp\/v2\/product_cat?post=53937"},{"taxonomy":"product_tag","embeddable":true,"href":"https:\/\/all-pets.de\/shop\/wp-json\/wp\/v2\/product_tag?post=53937"}],"curies":[{"name":"wp","href":"https:\/\/api.w.org\/{rel}","templated":true}]}}