{"id":53982,"date":"2023-12-12T12:47:53","date_gmt":"2023-12-12T11:47:53","guid":{"rendered":"https:\/\/pet-shopping.de\/shop\/produkt\/trixie-futterhaus-mit-staender-rot-weiss\/"},"modified":"2023-12-12T12:47:54","modified_gmt":"2023-12-12T11:47:54","slug":"trixie-futterhaus-mit-staender-rot-weiss","status":"publish","type":"product","link":"https:\/\/all-pets.de\/shop\/produkt\/trixie-futterhaus-mit-staender-rot-weiss\/","title":{"rendered":"Trixie Futterhaus mit St\u00e4nder &#8211; rot-wei\u00df"},"content":{"rendered":"<ul>\n<li>aus lasiertem Kiefernholz<\/li>\n<li>mit gro\u00dffl\u00e4chigem Dach\u00fcberstand<\/li>\n<li>mit besandeter Dachpappe<\/li>\n<li>mit gro\u00dfer Landefl\u00e4che<\/li>\n<\/ul>\n<p>Gr\u00f6\u00dfe H\u00e4uschen: 46 \u00d7 22 \u00d7 44 cm<br \/> H\u00f6he: 1,15 m <\/p>\n<p>Farbe: rot-wei\u00df <\/p>\n","protected":false},"excerpt":{"rendered":"<p>aus lasiertem Kiefernholz mit gro\u00dffl\u00e4chigem Dach\u00fcberstand mit besandeter Dachpappe mit gro\u00dfer Landefl\u00e4che Gr\u00f6\u00dfe H\u00e4uschen: 46 \u00d7 22 \u00d7 44 cm H\u00f6he: 1,15 m Farbe: rot-wei\u00df<\/p>\n","protected":false},"featured_media":33257,"comment_status":"closed","ping_status":"open","template":"","meta":[],"product_cat":[13813],"product_tag":[],"class_list":{"0":"post-53982","1":"product","2":"type-product","3":"status-publish","4":"has-post-thumbnail","6":"product_cat-futterhaeuser-nistkaesten","8":"first","9":"instock","10":"taxable","11":"shipping-taxable","12":"purchasable","13":"product-type-simple"},"_links":{"self":[{"href":"https:\/\/all-pets.de\/shop\/wp-json\/wp\/v2\/product\/53982","targetHints":{"allow":["GET"]}}],"collection":[{"href":"https:\/\/all-pets.de\/shop\/wp-json\/wp\/v2\/product"}],"about":[{"href":"https:\/\/all-pets.de\/shop\/wp-json\/wp\/v2\/types\/product"}],"replies":[{"embeddable":true,"href":"https:\/\/all-pets.de\/shop\/wp-json\/wp\/v2\/comments?post=53982"}],"wp:featuredmedia":[{"embeddable":true,"href":"https:\/\/all-pets.de\/shop\/wp-json\/wp\/v2\/media\/33257"}],"wp:attachment":[{"href":"https:\/\/all-pets.de\/shop\/wp-json\/wp\/v2\/media?parent=53982"}],"wp:term":[{"taxonomy":"product_cat","embeddable":true,"href":"https:\/\/all-pets.de\/shop\/wp-json\/wp\/v2\/product_cat?post=53982"},{"taxonomy":"product_tag","embeddable":true,"href":"https:\/\/all-pets.de\/shop\/wp-json\/wp\/v2\/product_tag?post=53982"}],"curies":[{"name":"wp","href":"https:\/\/api.w.org\/{rel}","templated":true}]}}