{"id":54042,"date":"2023-12-12T12:48:03","date_gmt":"2023-12-12T11:48:03","guid":{"rendered":"https:\/\/pet-shopping.de\/shop\/produkt\/karlie-flamingo-plueschtier-mit-integrierter-kordel-40-cm-fuchs\/"},"modified":"2023-12-12T12:48:06","modified_gmt":"2023-12-12T11:48:06","slug":"karlie-flamingo-plueschtier-mit-integrierter-kordel-40-cm-fuchs","status":"publish","type":"product","link":"https:\/\/all-pets.de\/shop\/produkt\/karlie-flamingo-plueschtier-mit-integrierter-kordel-40-cm-fuchs\/","title":{"rendered":"Karlie Flamingo Pl\u00fcschtier mit integrierter Kordel &#8211; 40 cm &#8211; Fuchs"},"content":{"rendered":"<p>Die niedlichen Pl\u00fcschspielzeuge mit integrierter Kordel sind mit einem Squeaker ausgestattet und bringen viel Spielspa\u00df mit!<\/p>\n<p>Die Tiere sind bei 30\u00b0C waschbar. <\/p>\n<p>Ma\u00dfe: ca. 40 x 10 x 8 cm (LxBxH)<br \/> Variante: Fuchs<\/p>\n","protected":false},"excerpt":{"rendered":"<p>Die niedlichen Pl\u00fcschspielzeuge mit integrierter Kordel sind mit einem Squeaker ausgestattet und bringen viel Spielspa\u00df mit! Die Tiere sind bei 30\u00b0C waschbar. Ma\u00dfe: ca. 40 x 10 x 8 cm (LxBxH) Variante: Fuchs<\/p>\n","protected":false},"featured_media":33490,"comment_status":"closed","ping_status":"open","template":"","meta":[],"product_cat":[14206],"product_tag":[],"class_list":{"0":"post-54042","1":"product","2":"type-product","3":"status-publish","4":"has-post-thumbnail","6":"product_cat-squeeker-hundespielzeug-sport-plueschspielzeughundewelt","8":"first","9":"instock","10":"taxable","11":"shipping-taxable","12":"purchasable","13":"product-type-simple"},"_links":{"self":[{"href":"https:\/\/all-pets.de\/shop\/wp-json\/wp\/v2\/product\/54042","targetHints":{"allow":["GET"]}}],"collection":[{"href":"https:\/\/all-pets.de\/shop\/wp-json\/wp\/v2\/product"}],"about":[{"href":"https:\/\/all-pets.de\/shop\/wp-json\/wp\/v2\/types\/product"}],"replies":[{"embeddable":true,"href":"https:\/\/all-pets.de\/shop\/wp-json\/wp\/v2\/comments?post=54042"}],"wp:featuredmedia":[{"embeddable":true,"href":"https:\/\/all-pets.de\/shop\/wp-json\/wp\/v2\/media\/33490"}],"wp:attachment":[{"href":"https:\/\/all-pets.de\/shop\/wp-json\/wp\/v2\/media?parent=54042"}],"wp:term":[{"taxonomy":"product_cat","embeddable":true,"href":"https:\/\/all-pets.de\/shop\/wp-json\/wp\/v2\/product_cat?post=54042"},{"taxonomy":"product_tag","embeddable":true,"href":"https:\/\/all-pets.de\/shop\/wp-json\/wp\/v2\/product_tag?post=54042"}],"curies":[{"name":"wp","href":"https:\/\/api.w.org\/{rel}","templated":true}]}}