{"id":54099,"date":"2023-12-12T12:48:18","date_gmt":"2023-12-12T11:48:18","guid":{"rendered":"https:\/\/pet-shopping.de\/shop\/produkt\/trixie-weidenkorb-mit-liegedach-und-kissen-grau\/"},"modified":"2023-12-12T12:48:18","modified_gmt":"2023-12-12T11:48:18","slug":"trixie-weidenkorb-mit-liegedach-und-kissen-grau","status":"publish","type":"product","link":"https:\/\/all-pets.de\/shop\/produkt\/trixie-weidenkorb-mit-liegedach-und-kissen-grau\/","title":{"rendered":"Trixie Weidenkorb mit Liegedach und Kissen &#8211; Grau"},"content":{"rendered":"<div class=\"itemDescriptions\">\n<ul>\n<li>mit 2 Liegepl\u00e4tzen<\/li>\n<li>herausnehmbare Kissen mit Softpl\u00fcsch-\/Baumwoll-Bezug, wei\u00df<\/li>\n<li>Kissen: Handw\u00e4sche<\/li>\n<\/ul>\n<p>Ma\u00dfe: 54 \u00d7 43 \u00d7 37 cm<br \/> Farbe: grau<\/p>\n<\/div>\n","protected":false},"excerpt":{"rendered":"<p>mit 2 Liegepl\u00e4tzen herausnehmbare Kissen mit Softpl\u00fcsch-\/Baumwoll-Bezug, wei\u00df Kissen: Handw\u00e4sche Ma\u00dfe: 54 \u00d7 43 \u00d7 37 cm Farbe: grau<\/p>\n","protected":false},"featured_media":33735,"comment_status":"closed","ping_status":"open","template":"","meta":[],"product_cat":[14063],"product_tag":[],"class_list":{"0":"post-54099","1":"product","2":"type-product","3":"status-publish","4":"has-post-thumbnail","6":"product_cat-haeuser-hoehlen-katzenbetten-katzenkoerbe-betten-sofaskatzenwelt","8":"first","9":"instock","10":"taxable","11":"shipping-taxable","12":"purchasable","13":"product-type-simple"},"_links":{"self":[{"href":"https:\/\/all-pets.de\/shop\/wp-json\/wp\/v2\/product\/54099","targetHints":{"allow":["GET"]}}],"collection":[{"href":"https:\/\/all-pets.de\/shop\/wp-json\/wp\/v2\/product"}],"about":[{"href":"https:\/\/all-pets.de\/shop\/wp-json\/wp\/v2\/types\/product"}],"replies":[{"embeddable":true,"href":"https:\/\/all-pets.de\/shop\/wp-json\/wp\/v2\/comments?post=54099"}],"wp:featuredmedia":[{"embeddable":true,"href":"https:\/\/all-pets.de\/shop\/wp-json\/wp\/v2\/media\/33735"}],"wp:attachment":[{"href":"https:\/\/all-pets.de\/shop\/wp-json\/wp\/v2\/media?parent=54099"}],"wp:term":[{"taxonomy":"product_cat","embeddable":true,"href":"https:\/\/all-pets.de\/shop\/wp-json\/wp\/v2\/product_cat?post=54099"},{"taxonomy":"product_tag","embeddable":true,"href":"https:\/\/all-pets.de\/shop\/wp-json\/wp\/v2\/product_tag?post=54099"}],"curies":[{"name":"wp","href":"https:\/\/api.w.org\/{rel}","templated":true}]}}