{"id":54262,"date":"2023-12-12T12:48:54","date_gmt":"2023-12-12T11:48:54","guid":{"rendered":"https:\/\/pet-shopping.de\/shop\/produkt\/brit-care-cat-grain-free-adult-activity-support-400g\/"},"modified":"2023-12-12T12:48:55","modified_gmt":"2023-12-12T11:48:55","slug":"brit-care-cat-grain-free-adult-activity-support-400g","status":"publish","type":"product","link":"https:\/\/all-pets.de\/shop\/produkt\/brit-care-cat-grain-free-adult-activity-support-400g\/","title":{"rendered":"Brit Care Cat Grain-Free &#8211; Adult &#8211; Activity Support &#8211; 400g"},"content":{"rendered":"<\/p>\n<p>Alleinfuttermittel f\u00fcr erwachsene Katzen.<\/p>\n<p>Super Premium Trockennahrung f\u00fcr robuste Freig\u00e4nger und freilaufende Katzen ab 12 Monate. Hypoallergene und getreidefreie Rezeptur. Reich an frischem H\u00fchnerfleisch, leckerem Putenfleisch &#038; OMEGA Fetts\u00e4uren. Erh\u00f6hter Energiegehalt, besonders geeignet f\u00fcr sehr aktive Katzen.<\/p>\n<p>Starke Muskeln &#038; Skelett<br \/>Die Kombination aus frischem H\u00fchnerfleisch und leckerem Putenfleisch verleihen dem Futter einen besonderen Geschmack und Aroma. Hochwertige Proteine kr\u00e4ftigen die Muskulatur und liefern die Energie f\u00fcr das aktive Leben im Au\u00dfenbereich. Chondroitin st\u00e4rkt gesunde Z\u00e4hne, Gelenke und Knochen \u2013 f\u00fcr das t\u00e4gliche Jagen und Spielen. Obst, Kr\u00e4uter und Beeren sind reich an Vitaminen und Flavonoiden und f\u00f6rdern ein langes und gesundes Leben.<\/p>\n<p>Gesunde Harnwege &#038; Gewichtsregulierung<br \/>Sanddorn unterst\u00fctzt die Gesundheit von Nieren und Harnwegen. L\u00f6sliche und nicht l\u00f6sliche Ballaststoffe unterst\u00fctzen auf nat\u00fcrlich Weise dabei, das Idealgewicht zu halten.<\/p>\n<p>Gesunde Darmflora &#038; starkes Immunsystem<br \/>Probiotika und Pr\u00e4biotika f\u00f6rdern eine gesunde Darmflora und unterst\u00fctzen das Immunsystem. Taurin unterst\u00fctzt die Sehkraft und st\u00e4rkt die Herz- und Gehirnfunktion.<\/p>\n<p>Getreidefrei &#8211; KEINE Farbstoffe &#8211; KEINE Konservierungsstoffe &#8211; KEINE GMO &#8211; KEIN Soja.<\/p>\n<p>Zusammensetzung<br \/>getrocknetes Truthahnfleisch (28%), frisches H\u00fchnerfleisch (26%), gelbe Erbsen (16%), Gefl\u00fcgelfett (mit Tocopherolen konserviert, 13%), Kichererbsen (6%), Lachs\u00f6l (2%), H\u00fchnerleber, hydrolysiert (2%), Bierhefe (2%), getrocknete \u00c4pfel (2%), Leinsamen (1,5%), getrocknete Kamille (0.5%), Mineralstoffe, getrockneter Sanddorn (0,3%), getrocknete Preiselbeeren (0,2%), Glucosamin (0,025%), Chondroitinsulfat (0,018%), Fructo-Oligosaccharide (0,015%), Mannan-Oligosaccharide (0,015%), Mojave-Yucca (0,008%), Lactobacillus acidophilus HA &#8211; 122 inaktiviert (15&#215;109 Zellen\/kg).<\/p>\n<p>Analytische Bestandteile<br \/>Rohprotein 34,0 %, Rohfett 18,0 %, Rohfaser 1,0 %, Rohasche 7,2 %, Feuchtigkeit 10,0 %, Omega-3 0,3 %, Omega-6 2,0 %, Kalzium 1,2 %, Phosphor 0,9 %, Natrium 0,4 %, Magnesium 0,08 %.<\/p>\n<p>Ern\u00e4hrungsphysiologische Zusatzstoffe pro 1 KG<br \/>Vitamin A (3a672a) 20 000 I.E., Vitamin D3 (E671) 800 I.E., Vitamin E (3a700) 600 mg, Vitamin C (3a312) 300 mg, Taurin (3a370) 2 500 mg, L-Carnitin (3a910) 100 mg, Cholinchlorid (3a890) 2 500 mg, Biotin (3a880) 2 mg, Vitamin B1 (3a821) 10 mg, Vitamin B2 12 mg, Niacinamid (3a315) 50 mg, Calcium-D-Pantothenat (3a841) 40 mg, Vitamin B6 (3a831) 10 mg, Fols\u00e4ure (3a316) 2 mg, Vitamin B12 0.04 mg, Zink (3b606) 120 mg, Eisen (3b106) 45 mg, Mangan (3b504) 55 mg, Kaliumjodid (3b201) 4 mg, Kupfer (3b406) 10 mg, Selen (3b8.10) 0,2 mg, L-Methionin (3c305) 2 000 mg.<\/p>\n<p>Umsetzbare Energie<br \/>4.000 kcal\/kg.<\/p>\n<p>Gewicht der Katze (kg) \/ Menge (g\/Tag) <\/p>\n<p>2\u20133 \/ 40\u201345<br \/>3\u20135 \/ 45\u201365<br \/>5\u20137 \/ 65\u201380<br \/>7\u20139 \/ 80\u201395<\/p>\n","protected":false},"excerpt":{"rendered":"<p>Alleinfuttermittel f\u00fcr erwachsene Katzen. Super Premium Trockennahrung f\u00fcr robuste Freig\u00e4nger und freilaufende Katzen ab 12 Monate. Hypoallergene und getreidefreie Rezeptur. Reich an frischem H\u00fchnerfleisch, leckerem Putenfleisch &#038; OMEGA Fetts\u00e4uren. Erh\u00f6hter Energiegehalt, besonders geeignet f\u00fcr sehr aktive Katzen. Starke Muskeln &#038; SkelettDie Kombination aus frischem H\u00fchnerfleisch und leckerem Putenfleisch verleihen dem Futter einen besonderen Geschmack und [&hellip;]<\/p>\n","protected":false},"featured_media":54263,"comment_status":"closed","ping_status":"open","template":"","meta":[],"product_cat":[15511],"product_tag":[],"class_list":{"0":"post-54262","1":"product","2":"type-product","3":"status-publish","4":"has-post-thumbnail","6":"product_cat-brit-care-cat-katzen-trockenfutter","8":"first","9":"instock","10":"taxable","11":"shipping-taxable","12":"purchasable","13":"product-type-simple"},"_links":{"self":[{"href":"https:\/\/all-pets.de\/shop\/wp-json\/wp\/v2\/product\/54262","targetHints":{"allow":["GET"]}}],"collection":[{"href":"https:\/\/all-pets.de\/shop\/wp-json\/wp\/v2\/product"}],"about":[{"href":"https:\/\/all-pets.de\/shop\/wp-json\/wp\/v2\/types\/product"}],"replies":[{"embeddable":true,"href":"https:\/\/all-pets.de\/shop\/wp-json\/wp\/v2\/comments?post=54262"}],"wp:featuredmedia":[{"embeddable":true,"href":"https:\/\/all-pets.de\/shop\/wp-json\/wp\/v2\/media\/54263"}],"wp:attachment":[{"href":"https:\/\/all-pets.de\/shop\/wp-json\/wp\/v2\/media?parent=54262"}],"wp:term":[{"taxonomy":"product_cat","embeddable":true,"href":"https:\/\/all-pets.de\/shop\/wp-json\/wp\/v2\/product_cat?post=54262"},{"taxonomy":"product_tag","embeddable":true,"href":"https:\/\/all-pets.de\/shop\/wp-json\/wp\/v2\/product_tag?post=54262"}],"curies":[{"name":"wp","href":"https:\/\/api.w.org\/{rel}","templated":true}]}}