{"id":54351,"date":"2023-12-12T12:49:12","date_gmt":"2023-12-12T11:49:12","guid":{"rendered":"https:\/\/pet-shopping.de\/shop\/produkt\/trixie-bett-kaline-rund-50-cm\/"},"modified":"2023-12-12T12:49:12","modified_gmt":"2023-12-12T11:49:12","slug":"trixie-bett-kaline-rund-50-cm","status":"publish","type":"product","link":"https:\/\/all-pets.de\/shop\/produkt\/trixie-bett-kaline-rund-50-cm\/","title":{"rendered":"Trixie Bett Kaline &#8211; rund &#8211; 50 cm"},"content":{"rendered":"<ul>\n<li>Struktur-Softpl\u00fcsch<\/li>\n<li>Polyester-Bezug (bei 30\u00b0C waschbar)<\/li>\n<li>Polyestervlies-F\u00fcllung<\/li>\n<li>mit Wendekissen<\/li>\n<li>Bez\u00fcge abnehmbar<\/li>\n<li>rutschfester Boden<\/li>\n<li>Inlett: Handw\u00e4sche<\/li>\n<li>Farbe: grau\/creme<\/li>\n<li>Durchmesser: ca. 50 cm<\/li>\n<\/ul>\n","protected":false},"excerpt":{"rendered":"<p>Struktur-Softpl\u00fcsch Polyester-Bezug (bei 30\u00b0C waschbar) Polyestervlies-F\u00fcllung mit Wendekissen Bez\u00fcge abnehmbar rutschfester Boden Inlett: Handw\u00e4sche Farbe: grau\/creme Durchmesser: ca. 50 cm<\/p>\n","protected":false},"featured_media":54352,"comment_status":"closed","ping_status":"open","template":"","meta":[],"product_cat":[14636],"product_tag":[],"class_list":{"0":"post-54351","1":"product","2":"type-product","3":"status-publish","4":"has-post-thumbnail","6":"product_cat-betten-sofas-katzenbetten-katzenkoerbe-hundebetten-hundekissenkatzenwelt","8":"first","9":"instock","10":"taxable","11":"shipping-taxable","12":"purchasable","13":"product-type-simple"},"_links":{"self":[{"href":"https:\/\/all-pets.de\/shop\/wp-json\/wp\/v2\/product\/54351","targetHints":{"allow":["GET"]}}],"collection":[{"href":"https:\/\/all-pets.de\/shop\/wp-json\/wp\/v2\/product"}],"about":[{"href":"https:\/\/all-pets.de\/shop\/wp-json\/wp\/v2\/types\/product"}],"replies":[{"embeddable":true,"href":"https:\/\/all-pets.de\/shop\/wp-json\/wp\/v2\/comments?post=54351"}],"wp:featuredmedia":[{"embeddable":true,"href":"https:\/\/all-pets.de\/shop\/wp-json\/wp\/v2\/media\/54352"}],"wp:attachment":[{"href":"https:\/\/all-pets.de\/shop\/wp-json\/wp\/v2\/media?parent=54351"}],"wp:term":[{"taxonomy":"product_cat","embeddable":true,"href":"https:\/\/all-pets.de\/shop\/wp-json\/wp\/v2\/product_cat?post=54351"},{"taxonomy":"product_tag","embeddable":true,"href":"https:\/\/all-pets.de\/shop\/wp-json\/wp\/v2\/product_tag?post=54351"}],"curies":[{"name":"wp","href":"https:\/\/api.w.org\/{rel}","templated":true}]}}