{"id":54394,"date":"2023-12-12T12:49:18","date_gmt":"2023-12-12T11:49:18","guid":{"rendered":"https:\/\/pet-shopping.de\/shop\/produkt\/karlie-flamingo-kuehlspielzeug-knochen-frisco-18-cm\/"},"modified":"2023-12-12T12:49:21","modified_gmt":"2023-12-12T11:49:21","slug":"karlie-flamingo-kuehlspielzeug-knochen-frisco-18-cm","status":"publish","type":"product","link":"https:\/\/all-pets.de\/shop\/produkt\/karlie-flamingo-kuehlspielzeug-knochen-frisco-18-cm\/","title":{"rendered":"Karlie Flamingo K\u00fchlspielzeug Knochen Frisco &#8211; 18 cm"},"content":{"rendered":"<p>Eine tolle Abk\u00fchlung an hei\u00dfen Sommertagen bieten Sie Ihrem Vierbeiner mit dem Knochen Frisco von Karlie Flamingo.<\/p>\n<p>F\u00fcllen Sie einfach Wasser in das Spielzeug und frieren es ein. Sobald das Wasser gefroren ist, kann Ihr Liebling durch Kauen auf dem Spielzeug eine angenehme Erfrischung genie\u00dfen.<\/p>\n<p>Gr\u00f6\u00dfe: ca. 18 cm<br \/> Farbe: Blau<\/p>\n","protected":false},"excerpt":{"rendered":"<p>Eine tolle Abk\u00fchlung an hei\u00dfen Sommertagen bieten Sie Ihrem Vierbeiner mit dem Knochen Frisco von Karlie Flamingo. F\u00fcllen Sie einfach Wasser in das Spielzeug und frieren es ein. Sobald das Wasser gefroren ist, kann Ihr Liebling durch Kauen auf dem Spielzeug eine angenehme Erfrischung genie\u00dfen. Gr\u00f6\u00dfe: ca. 18 cm Farbe: Blau<\/p>\n","protected":false},"featured_media":35434,"comment_status":"closed","ping_status":"open","template":"","meta":[],"product_cat":[14398],"product_tag":[],"class_list":{"0":"post-54394","1":"product","2":"type-product","3":"status-publish","4":"has-post-thumbnail","6":"product_cat-aqua-spielzeug-hundespielzeug-sport-weitere-spielzeugehundewelt","8":"first","9":"instock","10":"taxable","11":"shipping-taxable","12":"purchasable","13":"product-type-simple"},"_links":{"self":[{"href":"https:\/\/all-pets.de\/shop\/wp-json\/wp\/v2\/product\/54394","targetHints":{"allow":["GET"]}}],"collection":[{"href":"https:\/\/all-pets.de\/shop\/wp-json\/wp\/v2\/product"}],"about":[{"href":"https:\/\/all-pets.de\/shop\/wp-json\/wp\/v2\/types\/product"}],"replies":[{"embeddable":true,"href":"https:\/\/all-pets.de\/shop\/wp-json\/wp\/v2\/comments?post=54394"}],"wp:featuredmedia":[{"embeddable":true,"href":"https:\/\/all-pets.de\/shop\/wp-json\/wp\/v2\/media\/35434"}],"wp:attachment":[{"href":"https:\/\/all-pets.de\/shop\/wp-json\/wp\/v2\/media?parent=54394"}],"wp:term":[{"taxonomy":"product_cat","embeddable":true,"href":"https:\/\/all-pets.de\/shop\/wp-json\/wp\/v2\/product_cat?post=54394"},{"taxonomy":"product_tag","embeddable":true,"href":"https:\/\/all-pets.de\/shop\/wp-json\/wp\/v2\/product_tag?post=54394"}],"curies":[{"name":"wp","href":"https:\/\/api.w.org\/{rel}","templated":true}]}}